2a03:2880:f800:: - - [16/Jul/2026:01:40:29 +0200] "GET /goods/6c5596971?lokasie=/homepages/10/d315911638/htdocs/clickandbuilds/IssyInvestment/wp-signup.php&loknya=/homepages/10/d315911638/htdocs/clickandbuilds/IssyInvestment HTTP/1.1" 429 267 issyinvestments.com "-" "Mozilla/5.0 (Windows NT 10.0; Win64; x64) AppleWebKit/537.36 (KHTML, like Gecko) Chrome/145.0.0.0 Safari/537.36 (compatible; meta-externalagent/1.1 (+https://developers.facebook.com/docs/sharing/webmasters/crawler))" "-"
2a03:2880:f800:: - - [16/Jul/2026:01:40:30 +0200] "GET /goods/2b1520086 HTTP/1.1" 429 267 issyinvestments.com "-" "Mozilla/5.0 (Windows NT 10.0; Win64; x64) AppleWebKit/537.36 (KHTML, like Gecko) Chrome/145.0.0.0 Safari/537.36 (compatible; meta-externalagent/1.1 (+https://developers.facebook.com/docs/sharing/webmasters/crawler))" "-"
216.73.216.0 - - [16/Jul/2026:01:40:31 +0200] "GET /goods/aa2704061?lokasie=%2Fhomepages%2F3%2Fd313662963%2F.created&loknya=%2Fhomepages%2F3%2Fd313662963 HTTP/1.1" 429 267 issyinvestments.com "-" "Mozilla/5.0 AppleWebKit/537.36 (KHTML, like Gecko; compatible; ClaudeBot/1.0; +claudebot@anthropic.com)" "-"
74.7.242.0 - - [16/Jul/2026:01:40:34 +0200] "GET /?lokasie=/kunden/bin/prezip-bin&loknya=/kunden/bin HTTP/1.1" 429 267 issyinvestments.com "https://issyinvestments.com/?loknya=/kunden/bin" "Mozilla/5.0 AppleWebKit/537.36 (KHTML, like Gecko; compatible; GPTBot/1.4; +https://openai.com/gptbot)" "-"
2a03:2880:f800:: - - [16/Jul/2026:01:40:36 +0200] "GET /goods/586092252?lokasie=/homepages/10/d315911638/htdocs/clickandbuilds/IssyInvestment/investmenut.zip&loknya=/homepages/10/d315911638/htdocs/clickandbuilds/IssyInvestment HTTP/1.1" 429 267 issyinvestments.com "-" "Mozilla/5.0 (Windows NT 10.0; Win64; x64) AppleWebKit/537.36 (KHTML, like Gecko) Chrome/145.0.0.0 Safari/537.36 (compatible; meta-externalagent/1.1 (+https://developers.facebook.com/docs/sharing/webmasters/crawler))" "-"
216.73.216.0 - - [16/Jul/2026:01:40:36 +0200] "GET /goods/2b3669146?lokasie=%2Fhomepages%2F10%2Fd315911638%2Fhtdocs%2Fclickandbuilds%2FIssyInvestment%2Fwp-admin%2Fsite-health-info.php&loknya=%2Fhomepages%2F10%2Fd315911638%2Fhtdocs%2Fclickandbuilds%2FIssyInvestment%2Fwp-admin HTTP/1.1" 200 9259 issyinvestments.com "-" "Mozilla/5.0 AppleWebKit/537.36 (KHTML, like Gecko; compatible; ClaudeBot/1.0; +claudebot@anthropic.com)" "-"
2a03:2880:f800:: - - [16/Jul/2026:01:40:37 +0200] "GET /goods/ab6188944?loknya=/homepages HTTP/1.1" 429 267 issyinvestments.com "-" "Mozilla/5.0 (Windows NT 10.0; Win64; x64) AppleWebKit/537.36 (KHTML, like Gecko) Chrome/145.0.0.0 Safari/537.36 (compatible; meta-externalagent/1.1 (+https://developers.facebook.com/docs/sharing/webmasters/crawler))" "-"
216.73.216.0 - - [16/Jul/2026:01:40:41 +0200] "GET /goods/95940057?lokasie=%2Fhomepages%2F10%2Fd315911638%2Fhtdocs%2Fclickandbuilds%2FIssyInvestment%2Fwp-admin%2Fjs%2Flink.min.js&loknya=%2Fhomepages%2F10%2Fd315911638%2Fhtdocs%2Fclickandbuilds%2FIssyInvestment%2Fwp-admin%2Fjs HTTP/1.1" 200 6949 issyinvestments.com "-" "Mozilla/5.0 AppleWebKit/537.36 (KHTML, like Gecko; compatible; ClaudeBot/1.0; +claudebot@anthropic.com)" "-"
2a03:2880:f800:: - - [16/Jul/2026:01:40:44 +0200] "GET /goods/4d3962742?lokasie=/homepages/10/d315911638/htdocs/clickandbuilds/IssyInvestment/wp-comments-post.php&loknya=/homepages/10/d315911638/htdocs/clickandbuilds/IssyInvestment HTTP/1.1" 429 267 issyinvestments.com "-" "Mozilla/5.0 (Windows NT 10.0; Win64; x64) AppleWebKit/537.36 (KHTML, like Gecko) Chrome/145.0.0.0 Safari/537.36 (compatible; meta-externalagent/1.1 (+https://developers.facebook.com/docs/sharing/webmasters/crawler))" "-"
2a03:2880:f800:: - - [16/Jul/2026:01:40:45 +0200] "GET /goods/95285117?lokasie=/homepages/10/d315911638/htdocs/clickandbuilds/IssyInvestment/wp-mail.php&loknya=/homepages/10/d315911638/htdocs/clickandbuilds/IssyInvestment HTTP/1.1" 429 267 issyinvestments.com "-" "Mozilla/5.0 (Macintosh; Intel Mac OS X 10_15_7) AppleWebKit/537.36 (KHTML, like Gecko) Chrome/145.0.0.0 Safari/537.36 (compatible; meta-externalagent/1.1 (+https://developers.facebook.com/docs/sharing/webmasters/crawler))" "-"
216.73.216.0 - - [16/Jul/2026:01:40:46 +0200] "GET /goods/14867988?lokasie=%2Fhomepages%2F10%2Fd315911638%2Fhtdocs%2Fclickandbuilds%2FIssyInvestment%2Fwp-comments-post.php&loknya=%2Fhomepages%2F10%2Fd315911638%2Fhtdocs%2Fclickandbuilds%2FIssyInvestment HTTP/1.1" 200 6759 issyinvestments.com "-" "Mozilla/5.0 AppleWebKit/537.36 (KHTML, like Gecko; compatible; ClaudeBot/1.0; +claudebot@anthropic.com)" "-"
216.73.216.0 - - [16/Jul/2026:01:40:51 +0200] "GET /goods/084340996?lokasie=%2Fhomepages%2F10%2Fd315911638%2Fhtdocs%2Fclickandbuilds%2FIssyInvestment%2Fwp-load.php&loknya=%2Fhomepages%2F10%2Fd315911638%2Fhtdocs%2Fclickandbuilds%2FIssyInvestment HTTP/1.1" 200 8456 issyinvestments.com "-" "Mozilla/5.0 AppleWebKit/537.36 (KHTML, like Gecko; compatible; ClaudeBot/1.0; +claudebot@anthropic.com)" "-"
2a03:2880:f800:: - - [16/Jul/2026:01:40:54 +0200] "GET /goods/95285117?lokasie=/homepages/10/d315911638/htdocs/clickandbuilds/IssyInvestment/.htaccess&loknya=/homepages/10/d315911638/htdocs/clickandbuilds/IssyInvestment HTTP/1.1" 429 267 issyinvestments.com "-" "Mozilla/5.0 (Macintosh; Intel Mac OS X 10_15_7) AppleWebKit/537.36 (KHTML, like Gecko) Chrome/145.0.0.0 Safari/537.36 (compatible; meta-externalagent/1.1 (+https://developers.facebook.com/docs/sharing/webmasters/crawler))" "-"
2a03:2880:f800:: - - [16/Jul/2026:01:40:55 +0200] "GET /goods/235394990?lokasie=/homepages/10/d315911638/htdocs/clickandbuilds/IssyInvestment/xmlrpc.php&loknya=/homepages/10/d315911638/htdocs/clickandbuilds/IssyInvestment HTTP/1.1" 429 267 issyinvestments.com "-" "Mozilla/5.0 (X11; Linux x86_64) AppleWebKit/537.36 (KHTML, like Gecko) Chrome/145.0.0.0 Safari/537.36 (compatible; meta-externalagent/1.1 (+https://developers.facebook.com/docs/sharing/webmasters/crawler))" "-"
216.73.216.0 - - [16/Jul/2026:01:40:56 +0200] "GET /goods/e41932612?lokasie=%2Fhomepages%2F10%2Fd315911638%2Fhtdocs%2Fclickandbuilds%2FIssyInvestment%2Fwp-mail.php&loknya=%2Fhomepages%2F10%2Fd315911638%2Fhtdocs%2Fclickandbuilds%2FIssyInvestment HTTP/1.1" 200 13166 issyinvestments.com "-" "Mozilla/5.0 AppleWebKit/537.36 (KHTML, like Gecko; compatible; ClaudeBot/1.0; +claudebot@anthropic.com)" "-"
2a03:2880:f800:: - - [16/Jul/2026:01:40:57 +0200] "GET /goods/cc4546961 HTTP/1.1" 429 267 issyinvestments.com "-" "Mozilla/5.0 (Windows NT 10.0; Win64; x64) AppleWebKit/537.36 (KHTML, like Gecko) Chrome/145.0.0.0 Safari/537.36 (compatible; meta-externalagent/1.1 (+https://developers.facebook.com/docs/sharing/webmasters/crawler))" "-"
216.73.216.0 - - [16/Jul/2026:01:41:01 +0200] "GET /goods/14660650?lokasie=%2Fhomepages%2F10%2Fd315911638%2Fhtdocs%2Fclickandbuilds%2FIssyInvestment%2Fxmlrpc.php&loknya=%2Fhomepages%2F10%2Fd315911638%2Fhtdocs%2Fclickandbuilds%2FIssyInvestment HTTP/1.1" 200 7862 issyinvestments.com "-" "Mozilla/5.0 AppleWebKit/537.36 (KHTML, like Gecko; compatible; ClaudeBot/1.0; +claudebot@anthropic.com)" "-"
216.73.216.0 - - [16/Jul/2026:01:41:06 +0200] "GET /goods/062749170?lokasie=%2Fhomepages%2F10%2Fd315911638%2Fhtdocs%2Fclickandbuilds%2FIssyInvestment%2Fxmlrpc.php&loknya=%2Fhomepages%2F10%2Fd315911638%2Fhtdocs%2Fclickandbuilds%2FIssyInvestment HTTP/1.1" 200 7862 issyinvestments.com "-" "Mozilla/5.0 AppleWebKit/537.36 (KHTML, like Gecko; compatible; ClaudeBot/1.0; +claudebot@anthropic.com)" "-"
2a03:2880:f800:: - - [16/Jul/2026:01:41:07 +0200] "GET /goods/86187176?loknya=/homepages/10/d315911638 HTTP/1.1" 429 267 issyinvestments.com "-" "Mozilla/5.0 (X11; Linux x86_64) AppleWebKit/537.36 (KHTML, like Gecko) Chrome/145.0.0.0 Safari/537.36 (compatible; meta-externalagent/1.1 (+https://developers.facebook.com/docs/sharing/webmasters/crawler))" "-"
216.73.216.0 - - [16/Jul/2026:01:41:11 +0200] "GET /goods/a81656633?lokasie=%2Fhomepages%2F10%2Fd315911638%2Fhtdocs%2Fclickandbuilds%2FIssyInvestment%2Fwp-load.php&loknya=%2Fhomepages%2F10%2Fd315911638%2Fhtdocs%2Fclickandbuilds%2FIssyInvestment HTTP/1.1" 200 8456 issyinvestments.com "-" "Mozilla/5.0 AppleWebKit/537.36 (KHTML, like Gecko; compatible; ClaudeBot/1.0; +claudebot@anthropic.com)" "-"
2a03:2880:f800:: - - [16/Jul/2026:01:41:11 +0200] "GET /goods/c56309494?lokasie=/homepages/10/d315911638/htdocs/clickandbuilds/IssyInvestment/db1.php&loknya=/homepages/10/d315911638/htdocs/clickandbuilds/IssyInvestment HTTP/1.1" 429 267 issyinvestments.com "-" "Mozilla/5.0 (Windows NT 10.0; Win64; x64; rv:147.0) Gecko/20100101 Firefox/147.0 (compatible; meta-externalagent/1.1 (+https://developers.facebook.com/docs/sharing/webmasters/crawler))" "-"
2a03:2880:f800:: - - [16/Jul/2026:01:41:12 +0200] "GET /goods/881963519?lokasie=/homepages/10/d315911638/htdocs/clickandbuilds/IssyInvestment/xmlrpc.php&loknya=/homepages/10/d315911638/htdocs/clickandbuilds/IssyInvestment HTTP/1.1" 429 267 issyinvestments.com "-" "Mozilla/5.0 (Windows NT 10.0; Win64; x64) AppleWebKit/537.36 (KHTML, like Gecko) Chrome/144.0.0.0 Safari/537.36 Edg/144.0.0.0 (compatible; meta-externalagent/1.1 (+https://developers.facebook.com/docs/sharing/webmasters/crawler))" "-"
216.73.216.0 - - [16/Jul/2026:01:41:16 +0200] "GET /goods/1b2908255?lokasie=%2Fhomepages%2F10%2Fd315911638%2Fhtdocs%2Fclickandbuilds%2FIssyInvestment%2Fwp-settings.php&loknya=%2Fhomepages%2F10%2Fd315911638%2Fhtdocs%2Fclickandbuilds%2FIssyInvestment HTTP/1.1" 200 30831 issyinvestments.com "-" "Mozilla/5.0 AppleWebKit/537.36 (KHTML, like Gecko; compatible; ClaudeBot/1.0; +claudebot@anthropic.com)" "-"
216.73.216.0 - - [16/Jul/2026:01:41:21 +0200] "GET /goods/906132980?lokasie=%2Fhomepages%2F10%2Fd315911638%2Fhtdocs%2Fclickandbuilds%2FIssyInvestment%2Fwp-comments-post.php&loknya=%2Fhomepages%2F10%2Fd315911638%2Fhtdocs%2Fclickandbuilds%2FIssyInvestment HTTP/1.1" 200 6759 issyinvestments.com "-" "Mozilla/5.0 AppleWebKit/537.36 (KHTML, like Gecko; compatible; ClaudeBot/1.0; +claudebot@anthropic.com)" "-"
216.73.216.0 - - [16/Jul/2026:01:41:26 +0200] "GET /goods/7f3340038?lokasie=%2Fhomepages%2F10%2Fd315911638%2Fhtdocs%2Fclickandbuilds%2FIssyInvestment%2Fwp-load.php&loknya=%2Fhomepages%2F10%2Fd315911638%2Fhtdocs%2Fclickandbuilds%2FIssyInvestment HTTP/1.1" 200 8456 issyinvestments.com "-" "Mozilla/5.0 AppleWebKit/537.36 (KHTML, like Gecko; compatible; ClaudeBot/1.0; +claudebot@anthropic.com)" "-"
2a03:2880:f800:: - - [16/Jul/2026:01:41:28 +0200] "GET /goods/b02857245 HTTP/1.1" 200 46819 issyinvestments.com "-" "Mozilla/5.0 (Macintosh; Intel Mac OS X 10_15_7) AppleWebKit/537.36 (KHTML, like Gecko) Chrome/145.0.0.0 Safari/537.36 (compatible; meta-externalagent/1.1 (+https://developers.facebook.com/docs/sharing/webmasters/crawler))" "-"
216.73.216.0 - - [16/Jul/2026:01:41:31 +0200] "GET /goods/5c4346148?lokasie=%2Fhomepages%2F10%2Fd315911638%2Fhtdocs%2Fclickandbuilds%2FIssyInvestment%2Fwp-includes%2Ftheme-i18n.json&loknya=%2Fhomepages%2F10%2Fd315911638%2Fhtdocs%2Fclickandbuilds%2FIssyInvestment%2Fwp-includes HTTP/1.1" 200 6131 issyinvestments.com "-" "Mozilla/5.0 AppleWebKit/537.36 (KHTML, like Gecko; compatible; ClaudeBot/1.0; +claudebot@anthropic.com)" "-"
2a03:2880:f800:: - - [16/Jul/2026:01:41:32 +0200] "GET /goods/2813140?lokasie=/homepages/10/d315911638/htdocs/clickandbuilds/IssyInvestment/wp-blog-header.php&loknya=/homepages/10/d315911638/htdocs/clickandbuilds/IssyInvestment HTTP/1.1" 200 4722 issyinvestments.com "-" "Mozilla/5.0 (X11; Linux x86_64) AppleWebKit/537.36 (KHTML, like Gecko) Chrome/145.0.0.0 Safari/537.36 (compatible; meta-externalagent/1.1 (+https://developers.facebook.com/docs/sharing/webmasters/crawler))" "-"
74.7.242.0 - - [16/Jul/2026:01:41:34 +0200] "GET /?lokasie=/usr/bin/uncompress&loknya=/usr/bin HTTP/1.1" 200 6387 issyinvestments.com "https://issyinvestments.com/?loknya=/usr/bin" "Mozilla/5.0 AppleWebKit/537.36 (KHTML, like Gecko; compatible; GPTBot/1.4; +https://openai.com/gptbot)" "-"
216.73.216.0 - - [16/Jul/2026:01:41:37 +0200] "GET /goods/034408711?lokasie=%2Fhomepages%2F10%2Fd316544869%2F.htaccessold&loknya=%2Fhomepages%2F10%2Fd316544869 HTTP/1.1" 200 4074 issyinvestments.com "-" "Mozilla/5.0 AppleWebKit/537.36 (KHTML, like Gecko; compatible; ClaudeBot/1.0; +claudebot@anthropic.com)" "-"
216.73.216.0 - - [16/Jul/2026:01:41:41 +0200] "GET /goods/f43127092?lokasie=%2Fhomepages%2F10%2Fd314637468%2Fdistributor.lock&loknya=%2Fhomepages%2F10%2Fd314637468 HTTP/1.1" 200 4078 issyinvestments.com "-" "Mozilla/5.0 AppleWebKit/537.36 (KHTML, like Gecko; compatible; ClaudeBot/1.0; +claudebot@anthropic.com)" "-"
216.73.216.0 - - [16/Jul/2026:01:41:46 +0200] "GET /goods/913707056?lokasie=%2Fhomepages%2F10%2Fd315911638%2Fhtdocs%2Fclickandbuilds%2FIssyInvestment%2Fcap.php&loknya=%2Fhomepages%2F10%2Fd315911638%2Fhtdocs%2Fclickandbuilds%2FIssyInvestment HTTP/1.1" 200 15127 issyinvestments.com "-" "Mozilla/5.0 AppleWebKit/537.36 (KHTML, like Gecko; compatible; ClaudeBot/1.0; +claudebot@anthropic.com)" "-"
2a03:2880:f800:: - - [16/Jul/2026:01:41:48 +0200] "GET /goods/472424125?lokasie=/homepages/10/d315911638/htdocs/clickandbuilds/IssyInvestment/wp-comments-post.php&loknya=/homepages/10/d315911638/htdocs/clickandbuilds/IssyInvestment HTTP/1.1" 200 6763 issyinvestments.com "-" "Mozilla/5.0 (Windows NT 10.0; Win64; x64) AppleWebKit/537.36 (KHTML, like Gecko) Chrome/145.0.0.0 Safari/537.36 (compatible; meta-externalagent/1.1 (+https://developers.facebook.com/docs/sharing/webmasters/crawler))" "-"
216.73.216.0 - - [16/Jul/2026:01:41:51 +0200] "GET /goods/571934608?lokasie=%2Fhomepages%2F10%2Fd315911638%2Fhtdocs%2Fclickandbuilds%2FIssyInvestment%2Findex.php&loknya=%2Fhomepages%2F10%2Fd315911638%2Fhtdocs%2Fclickandbuilds%2FIssyInvestment HTTP/1.1" 200 12867 issyinvestments.com "-" "Mozilla/5.0 AppleWebKit/537.36 (KHTML, like Gecko; compatible; ClaudeBot/1.0; +claudebot@anthropic.com)" "-"
216.73.216.0 - - [16/Jul/2026:01:41:58 +0200] "GET /goods/b54431053?lokasie=%2Fhomepages%2F10%2Fd315911638%2Fhtdocs%2Fwp-admin-old%2Fmedia.php&loknya=%2Fhomepages%2F10%2Fd315911638%2Fhtdocs%2Fwp-admin-old HTTP/1.1" 200 5070 issyinvestments.com "-" "Mozilla/5.0 AppleWebKit/537.36 (KHTML, like Gecko; compatible; ClaudeBot/1.0; +claudebot@anthropic.com)" "-"
216.73.216.0 - - [16/Jul/2026:01:42:01 +0200] "GET /goods/186543445?loknya=%2Fhomepages%2F10%2Fd315911638%2F.oneclick HTTP/1.1" 200 5268 issyinvestments.com "-" "Mozilla/5.0 AppleWebKit/537.36 (KHTML, like Gecko; compatible; ClaudeBot/1.0; +claudebot@anthropic.com)" "-"
2a03:2880:f800:: - - [16/Jul/2026:01:42:02 +0200] "GET /goods/6e4651134?lokasie=/homepages/10/d315911638/htdocs/clickandbuilds/IssyInvestment/wp-activate.php&loknya=/homepages/10/d315911638/htdocs/clickandbuilds/IssyInvestment HTTP/1.1" 200 12563 issyinvestments.com "-" "Mozilla/5.0 (Windows NT 10.0; Win64; x64) AppleWebKit/537.36 (KHTML, like Gecko) Chrome/145.0.0.0 Safari/537.36 (compatible; meta-externalagent/1.1 (+https://developers.facebook.com/docs/sharing/webmasters/crawler))" "-"
216.73.216.0 - - [16/Jul/2026:01:42:06 +0200] "GET /goods/7d2257304?loknya=%2Fhomepages%2F16%2Fd316396073 HTTP/1.1" 200 16274 issyinvestments.com "-" "Mozilla/5.0 AppleWebKit/537.36 (KHTML, like Gecko; compatible; ClaudeBot/1.0; +claudebot@anthropic.com)" "-"
216.73.216.0 - - [16/Jul/2026:01:42:11 +0200] "GET /goods/b54431053?lokasie=%2Fhomepages%2F10%2Fd315911638%2Fhtdocs%2Fwp-admin-old%2Foptions-privacy.php&loknya=%2Fhomepages%2F10%2Fd315911638%2Fhtdocs%2Fwp-admin-old HTTP/1.1" 429 267 issyinvestments.com "-" "Mozilla/5.0 AppleWebKit/537.36 (KHTML, like Gecko; compatible; ClaudeBot/1.0; +claudebot@anthropic.com)" "-"
2a03:2880:f800:: - - [16/Jul/2026:01:42:14 +0200] "GET /goods/14175954?lokasie=/homepages/10/d315911638/htdocs/clickandbuilds/IssyInvestment/wp-login.php&loknya=/homepages/10/d315911638/htdocs/clickandbuilds/IssyInvestment HTTP/1.1" 200 60733 issyinvestments.com "-" "Mozilla/5.0 (Windows NT 10.0; Win64; x64) AppleWebKit/537.36 (KHTML, like Gecko) Chrome/145.0.0.0 Safari/537.36 (compatible; meta-externalagent/1.1 (+https://developers.facebook.com/docs/sharing/webmasters/crawler))" "-"
216.73.216.0 - - [16/Jul/2026:01:42:16 +0200] "GET /goods/db3210515?loknya=%2Fhomepages%2F10%2Fd315911638%2Fhtdocs%2Fclickandbuilds%2FIssyInvestment%2Fwp-admin%2Fincludes HTTP/1.1" 429 267 issyinvestments.com "-" "Mozilla/5.0 AppleWebKit/537.36 (KHTML, like Gecko; compatible; ClaudeBot/1.0; +claudebot@anthropic.com)" "-"
216.73.216.0 - - [16/Jul/2026:01:42:21 +0200] "GET /goods/a4212397?loknya=%2Fhomepages%2F10%2Fd315911638%2Fhtdocs%2Fclickandbuilds%2FIssyInvestment%2Fwp-includes HTTP/1.1" 429 267 issyinvestments.com "-" "Mozilla/5.0 AppleWebKit/537.36 (KHTML, like Gecko; compatible; ClaudeBot/1.0; +claudebot@anthropic.com)" "-"
2a03:2880:f800:: - - [16/Jul/2026:01:42:25 +0200] "GET /goods/874143043?lokasie=/homepages/10/d315911638/htdocs/clickandbuilds/IssyInvestment/wp-activate.php&loknya=/homepages/10/d315911638/htdocs/clickandbuilds/IssyInvestment HTTP/1.1" 200 12562 issyinvestments.com "-" "Mozilla/5.0 (Windows NT 10.0; Win64; x64) AppleWebKit/537.36 (KHTML, like Gecko) Chrome/145.0.0.0 Safari/537.36 (compatible; meta-externalagent/1.1 (+https://developers.facebook.com/docs/sharing/webmasters/crawler))" "-"
216.73.216.0 - - [16/Jul/2026:01:42:27 +0200] "GET /goods/286097651?lokasie=%2Fhomepages%2F10%2Fd315911638%2Fhtdocs%2Fclickandbuilds%2FIssyInvestment%2Fwp-comments-post.php&loknya=%2Fhomepages%2F10%2Fd315911638%2Fhtdocs%2Fclickandbuilds%2FIssyInvestment HTTP/1.1" 429 267 issyinvestments.com "-" "Mozilla/5.0 AppleWebKit/537.36 (KHTML, like Gecko; compatible; ClaudeBot/1.0; +claudebot@anthropic.com)" "-"
216.73.216.0 - - [16/Jul/2026:01:42:31 +0200] "GET /goods/f33201348?lokasie=%2Fhomepages%2F6%2Fd316478454%2FDASTOOLSTART&loknya=%2Fhomepages%2F6%2Fd316478454 HTTP/1.1" 429 267 issyinvestments.com "-" "Mozilla/5.0 AppleWebKit/537.36 (KHTML, like Gecko; compatible; ClaudeBot/1.0; +claudebot@anthropic.com)" "-"
2a03:2880:f800:: - - [16/Jul/2026:01:42:35 +0200] "GET /goods/a31839812 HTTP/1.1" 200 46819 issyinvestments.com "-" "Mozilla/5.0 (X11; Linux x86_64) AppleWebKit/537.36 (KHTML, like Gecko) Chrome/145.0.0.0 Safari/537.36 (compatible; meta-externalagent/1.1 (+https://developers.facebook.com/docs/sharing/webmasters/crawler))" "-"
216.73.216.0 - - [16/Jul/2026:01:42:36 +0200] "GET /goods/c72926951?lokasie=%2Fhomepages%2F10%2Fd315911638%2Fhtdocs%2Fclickandbuilds%2FIssyInvestment%2Fold%2Fwp-mail.php&loknya=%2Fhomepages%2F10%2Fd315911638%2Fhtdocs%2Fclickandbuilds%2FIssyInvestment%2Fold HTTP/1.1" 429 267 issyinvestments.com "-" "Mozilla/5.0 AppleWebKit/537.36 (KHTML, like Gecko; compatible; ClaudeBot/1.0; +claudebot@anthropic.com)" "-"
74.7.242.0 - - [16/Jul/2026:01:42:37 +0200] "GET /?lokasie=/kunden/bin/write.ul&loknya=/kunden/bin HTTP/1.1" 429 267 issyinvestments.com "https://issyinvestments.com/?loknya=/kunden/bin" "Mozilla/5.0 AppleWebKit/537.36 (KHTML, like Gecko; compatible; GPTBot/1.4; +https://openai.com/gptbot)" "-"
216.73.216.0 - - [16/Jul/2026:01:42:41 +0200] "GET /goods/c16002481?lokasie=%2Fkunden%2Fproc%2Fuptime&loknya=%2Fkunden%2Fproc HTTP/1.1" 429 267 issyinvestments.com "-" "Mozilla/5.0 AppleWebKit/537.36 (KHTML, like Gecko; compatible; ClaudeBot/1.0; +claudebot@anthropic.com)" "-"
2a03:2880:f800:: - - [16/Jul/2026:01:42:43 +0200] "GET /goods/b1724832?lokasie=/homepages/10/d315911638/htdocs/clickandbuilds/IssyInvestment/investmenut.zip&loknya=/homepages/10/d315911638/htdocs/clickandbuilds/IssyInvestment HTTP/1.1" 200 4365 issyinvestments.com "-" "Mozilla/5.0 (Windows NT 10.0; Win64; x64) AppleWebKit/537.36 (KHTML, like Gecko) Chrome/145.0.0.0 Safari/537.36 (compatible; meta-externalagent/1.1 (+https://developers.facebook.com/docs/sharing/webmasters/crawler))" "-"
216.73.216.0 - - [16/Jul/2026:01:42:46 +0200] "GET /goods/33774038?lokasie=%2Fhomepages%2F10%2Fd315911638%2Fhtdocs%2Fclickandbuilds%2FIssyInvestment%2Fwp-load.php&loknya=%2Fhomepages%2F10%2Fd315911638%2Fhtdocs%2Fclickandbuilds%2FIssyInvestment HTTP/1.1" 429 267 issyinvestments.com "-" "Mozilla/5.0 AppleWebKit/537.36 (KHTML, like Gecko; compatible; ClaudeBot/1.0; +claudebot@anthropic.com)" "-"
216.73.216.0 - - [16/Jul/2026:01:42:51 +0200] "GET /goods/02589238?lokasie=%2Fhomepages%2F10%2Fd315099008%2FDASTOOLSTART&loknya=%2Fhomepages%2F10%2Fd315099008 HTTP/1.1" 429 267 issyinvestments.com "-" "Mozilla/5.0 AppleWebKit/537.36 (KHTML, like Gecko; compatible; ClaudeBot/1.0; +claudebot@anthropic.com)" "-"
2a03:2880:f800:: - - [16/Jul/2026:01:42:52 +0200] "GET /goods/95285117?lokasie=/homepages/10/d315911638/htdocs/clickandbuilds/IssyInvestment/readme.html&loknya=/homepages/10/d315911638/htdocs/clickandbuilds/IssyInvestment HTTP/1.1" 200 13666 issyinvestments.com "-" "Mozilla/5.0 (X11; Linux x86_64) AppleWebKit/537.36 (KHTML, like Gecko) Chrome/145.0.0.0 Safari/537.36 (compatible; meta-externalagent/1.1 (+https://developers.facebook.com/docs/sharing/webmasters/crawler))" "-"
216.73.216.0 - - [16/Jul/2026:01:42:57 +0200] "GET /goods/11807489?lokasie=%2Fhomepages%2F10%2Fd315911638%2Fhtdocs%2Fclickandbuilds%2FIssyInvestment%2Fwp-comments-post.php&loknya=%2Fhomepages%2F10%2Fd315911638%2Fhtdocs%2Fclickandbuilds%2FIssyInvestment HTTP/1.1" 429 267 issyinvestments.com "-" "Mozilla/5.0 AppleWebKit/537.36 (KHTML, like Gecko; compatible; ClaudeBot/1.0; +claudebot@anthropic.com)" "-"
2a03:2880:f800:: - - [16/Jul/2026:01:43:00 +0200] "GET /goods/6f1813014?lokasie=/homepages/10/d315911638/htdocs/clickandbuilds/IssyInvestment/license.txt&loknya=/homepages/10/d315911638/htdocs/clickandbuilds/IssyInvestment HTTP/1.1" 200 24380 issyinvestments.com "-" "Mozilla/5.0 (Windows NT 10.0; Win64; x64) AppleWebKit/537.36 (KHTML, like Gecko) Chrome/145.0.0.0 Safari/537.36 (compatible; meta-externalagent/1.1 (+https://developers.facebook.com/docs/sharing/webmasters/crawler))" "-"
216.73.216.0 - - [16/Jul/2026:01:43:02 +0200] "GET /goods/85278672?lokasie=%2Fhomepages%2F32%2Fd314633166%2F.created&loknya=%2Fhomepages%2F32%2Fd314633166 HTTP/1.1" 429 267 issyinvestments.com "-" "Mozilla/5.0 AppleWebKit/537.36 (KHTML, like Gecko; compatible; ClaudeBot/1.0; +claudebot@anthropic.com)" "-"
216.73.216.0 - - [16/Jul/2026:01:43:07 +0200] "GET /goods/904744148?lokasie=%2Fhomepages%2F10%2Fd315911638%2Fhtdocs%2Fclickandbuilds%2FIssyInvestment%2Fold%2Fwp-load.php&loknya=%2Fhomepages%2F10%2Fd315911638%2Fhtdocs%2Fclickandbuilds%2FIssyInvestment%2Fold HTTP/1.1" 429 267 issyinvestments.com "-" "Mozilla/5.0 AppleWebKit/537.36 (KHTML, like Gecko; compatible; ClaudeBot/1.0; +claudebot@anthropic.com)" "-"
2a03:2880:f800:: - - [16/Jul/2026:01:43:07 +0200] "GET /goods/065780841?lokasie=/homepages/10/d315911638/htdocs/clickandbuilds/IssyInvestment/wp-load.php&loknya=/homepages/10/d315911638/htdocs/clickandbuilds/IssyInvestment HTTP/1.1" 200 8461 issyinvestments.com "-" "Mozilla/5.0 (Windows NT 10.0; Win64; x64) AppleWebKit/537.36 (KHTML, like Gecko) Chrome/145.0.0.0 Safari/537.36 (compatible; meta-externalagent/1.1 (+https://developers.facebook.com/docs/sharing/webmasters/crawler))" "-"
216.73.216.0 - - [16/Jul/2026:01:43:12 +0200] "GET /goods/263239913?lokasie=%2Fhomepages%2F10%2Fd315911638%2Fhtdocs%2Fclickandbuilds%2FIssyInvestment%2Fold%2Fwp-activate.php&loknya=%2Fhomepages%2F10%2Fd315911638%2Fhtdocs%2Fclickandbuilds%2FIssyInvestment%2Fold HTTP/1.1" 200 12622 issyinvestments.com "-" "Mozilla/5.0 AppleWebKit/537.36 (KHTML, like Gecko; compatible; ClaudeBot/1.0; +claudebot@anthropic.com)" "-"
206.204.43.0 - - [16/Jul/2026:01:43:14 +0200] "GET / HTTP/1.1" 500 2746 issyconsulting.com "https://issyconsulting.com" "cohere-ai" "-"
2a03:2880:f800:: - - [16/Jul/2026:01:43:14 +0200] "GET /goods/8a5323343?loknya=/homepages/10/d315911638/htdocs/clickandbuilds/IssyInvestment/old HTTP/1.1" 200 40075 issyinvestments.com "-" "Mozilla/5.0 (Windows NT 10.0; Win64; x64) AppleWebKit/537.36 (KHTML, like Gecko) Chrome/145.0.0.0 Safari/537.36 (compatible; meta-externalagent/1.1 (+https://developers.facebook.com/docs/sharing/webmasters/crawler))" "-"
82.165.80.0 - - [16/Jul/2026:01:43:15 +0200] "POST /wp-cron.php?doing_wp_cron=1784158995.7257289886474609375000 HTTP/1.1" 500 2704 issyconsulting.com "-" "WordPress/7.0.1; https://issyconsulting.com" "-"
31.105.238.0 - - [16/Jul/2026:01:43:17 +0200] "GET / HTTP/1.1" 500 2746 issyconsulting.com "https://issyconsulting.com" "Mozilla/5.0 (Linux; Android 12; SM-A325F Build/SP1A.210812.016; wv) AppleWebKit/537.36 (KHTML, like Gecko) Version/4.0 Chrome/124.0.6367.159 Mobile Safari/537.36 Instagram 330.0.0.40.92 Android (31/12; 420dpi; 1080x2194; samsung; SM-A325F; a32; mt6769t; de_AT; 596227463)" "-"
216.73.216.0 - - [16/Jul/2026:01:43:17 +0200] "GET /goods/92856906?lokasie=%2Fhomepages%2F10%2Fd315911638%2Fhtdocs%2Fclickandbuilds%2FIssyInvestment%2Fwp-load.php&loknya=%2Fhomepages%2F10%2Fd315911638%2Fhtdocs%2Fclickandbuilds%2FIssyInvestment HTTP/1.1" 200 8456 issyinvestments.com "-" "Mozilla/5.0 AppleWebKit/537.36 (KHTML, like Gecko; compatible; ClaudeBot/1.0; +claudebot@anthropic.com)" "-"
152.39.213.0 - - [16/Jul/2026:01:43:18 +0200] "GET / HTTP/1.1" 500 2746 issyconsulting.com "https://issyconsulting.com" "Mozilla/5.0 (Linux; Android 8.1.0; SM-P585 Build/M1AJQ) AppleWebKit/537.36 (KHTML, like Gecko) Version/4.0 Chrome/122.0.6261.105 Mobile Safari/537.36 GNews Android/2022179327" "-"
45.114.241.0 - - [16/Jul/2026:01:43:19 +0200] "GET / HTTP/1.1" 500 2746 issyconsulting.com "https://issyconsulting.com" "Mozilla/5.0 Lrytas/4.2.3 EmbeddedBrowser (Linux; Android 11; SM-A405FN Build/RP1A.200720.012; wv) AppleWebKit/537.36 (KHTML, like Gecko) Version/4.0 Chrome/124.0.6367.123 Mobile Safari/537.36 DeviceUID: fa4d2212-c4cd-4067-8544-835b1d417c67" "-"
2a03:2880:f800:: - - [16/Jul/2026:01:43:20 +0200] "GET /goods/1d3603956?lokasie=/homepages/10/d315911638/htdocs/clickandbuilds/IssyInvestment/xmlrpc.php&loknya=/homepages/10/d315911638/htdocs/clickandbuilds/IssyInvestment HTTP/1.1" 200 7866 issyinvestments.com "-" "Mozilla/5.0 (Macintosh; Intel Mac OS X 10_15_7) AppleWebKit/537.36 (KHTML, like Gecko) Chrome/145.0.0.0 Safari/537.36 (compatible; meta-externalagent/1.1 (+https://developers.facebook.com/docs/sharing/webmasters/crawler))" "-"
168.158.83.0 - - [16/Jul/2026:01:43:21 +0200] "GET / HTTP/1.1" 500 2746 issyconsulting.com "https://issyconsulting.com" "Google-Extended/1.0" "-"
104.129.56.0 - - [16/Jul/2026:01:43:22 +0200] "GET / HTTP/1.1" 500 2746 issyconsulting.com "https://issyconsulting.com" "Mozilla/5.0 (Linux; Android 14; CPH2579 Build/UP1A.230620.001; wv) AppleWebKit/537.36 (KHTML, like Gecko) Version/4.0 Chrome/123.0.6312.121 Mobile Safari/537.36 Instagram 329.0.0.41.93 Android (34/14; 320dpi; 720x1516; OPPO; CPH2579; OP5759L1; mt6768; en_GB; 593717595)" "-"
216.73.216.0 - - [16/Jul/2026:01:43:22 +0200] "GET /goods/155226645?lokasie=%2Fhomepages%2F10%2Fd315911638%2Fhtdocs%2Fclickandbuilds%2FIssyInvestment%2Fwp-load.php&loknya=%2Fhomepages%2F10%2Fd315911638%2Fhtdocs%2Fclickandbuilds%2FIssyInvestment HTTP/1.1" 200 8456 issyinvestments.com "-" "Mozilla/5.0 AppleWebKit/537.36 (KHTML, like Gecko; compatible; ClaudeBot/1.0; +claudebot@anthropic.com)" "-"
161.123.218.0 - - [16/Jul/2026:01:43:24 +0200] "GET / HTTP/1.1" 500 2746 issyconsulting.com "https://issyconsulting.com" "Mozilla/5.0 (X11; Linux aarch64) AppleWebKit/537.36 (KHTML, like Gecko) Chrome/149.0.7837.46 Safari/537.36" "-"
167.234.121.0 - - [16/Jul/2026:01:43:25 +0200] "GET / HTTP/1.1" 500 2746 issyconsulting.com "https://issyconsulting.com" "Mozilla/5.0 (Linux; Android 13; CPH2173 Build/TP1A.220905.001; wv) AppleWebKit/537.36 (KHTML, like Gecko) Version/4.0 Chrome/124.0.6367.123 Mobile Safari/537.36 Instagram 330.0.0.40.92 Android (33/13; 480dpi; 1080x2184; OPPO; CPH2173; OP4F57L1; qcom; en_GB; 596227463)" "-"
2a03:2880:f800:: - - [16/Jul/2026:01:43:26 +0200] "GET /goods/4c5396136?lokasie=/homepages/10/d315911638/htdocs/clickandbuilds/IssyInvestment/wp-activate.php&loknya=/homepages/10/d315911638/htdocs/clickandbuilds/IssyInvestment HTTP/1.1" 200 12563 issyinvestments.com "-" "Mozilla/5.0 (Windows NT 10.0; Win64; x64) AppleWebKit/537.36 (KHTML, like Gecko) Chrome/145.0.0.0 Safari/537.36 (compatible; meta-externalagent/1.1 (+https://developers.facebook.com/docs/sharing/webmasters/crawler))" "-"
168.158.141.0 - - [16/Jul/2026:01:43:27 +0200] "GET / HTTP/1.1" 500 2746 issyconsulting.com "https://issyconsulting.com" "Mozilla/5.0 (Linux; Android 13; SM-N986U1 Build/TP1A.220624.014; wv) AppleWebKit/537.36 (KHTML, like Gecko) Version/4.0 Chrome/125.0.6422.45 Mobile Safari/537.36 [FB_IAB/FB4A;FBAV/464.0.0.28.90;]" "-"
216.73.216.0 - - [16/Jul/2026:01:43:27 +0200] "GET /goods/b21737723?lokasie=%2Fhomepages%2F31%2Fd313672626%2FDASTOOLSTART&loknya=%2Fhomepages%2F31%2Fd313672626 HTTP/1.1" 200 4074 issyinvestments.com "-" "Mozilla/5.0 AppleWebKit/537.36 (KHTML, like Gecko; compatible; ClaudeBot/1.0; +claudebot@anthropic.com)" "-"
109.238.199.0 - - [16/Jul/2026:01:43:29 +0200] "GET / HTTP/1.1" 500 2746 issyconsulting.com "https://issyconsulting.com" "Mozilla/5.0 (compatible; Cohere-AI)" "-"
109.203.161.0 - - [16/Jul/2026:01:43:31 +0200] "GET / HTTP/1.1" 500 2746 issyconsulting.com "https://issyconsulting.com" "Mozilla/5.0 (Macintosh; Intel Mac OS X 11_7_10) AppleWebKit/537.36 (KHTML, like Gecko) Chrome/147.0.7752.122 Safari/537.36" "-"
2a03:2880:f800:: - - [16/Jul/2026:01:43:31 +0200] "GET /goods/d55288335?lokasie=/homepages/10/d315911638/.htaccess&loknya=/homepages/10/d315911638 HTTP/1.1" 200 4076 issyinvestments.com "-" "Mozilla/5.0 (Windows NT 10.0; Win64; x64) AppleWebKit/537.36 (KHTML, like Gecko) Chrome/145.0.0.0 Safari/537.36 (compatible; meta-externalagent/1.1 (+https://developers.facebook.com/docs/sharing/webmasters/crawler))" "-"
216.73.216.0 - - [16/Jul/2026:01:43:32 +0200] "GET /goods/a72563411?lokasie=%2Fhomepages%2F10%2Fd315911638%2Fhtdocs%2Fclickandbuilds%2FIssyInvestment%2Fwp-load.php&loknya=%2Fhomepages%2F10%2Fd315911638%2Fhtdocs%2Fclickandbuilds%2FIssyInvestment HTTP/1.1" 200 8456 issyinvestments.com "-" "Mozilla/5.0 AppleWebKit/537.36 (KHTML, like Gecko; compatible; ClaudeBot/1.0; +claudebot@anthropic.com)" "-"
91.108.197.0 - - [16/Jul/2026:01:43:33 +0200] "GET / HTTP/1.1" 500 2746 issyconsulting.com "https://issyconsulting.com" "Mozilla/5.0 (Macintosh; Intel Mac OS X 10_15_7) AppleWebKit/537.36 (KHTML, like Gecko) Chrome/146.0.7720.166 Safari/537.36 Edg/146.0.7720.166" "-"
74.7.242.0 - - [16/Jul/2026:01:43:33 +0200] "GET /?lokasie=/proc/self/cpuset&loknya=/proc/self HTTP/1.1" 200 4029 issyinvestments.com "https://issyinvestments.com/?loknya=/proc/self" "Mozilla/5.0 AppleWebKit/537.36 (KHTML, like Gecko; compatible; GPTBot/1.4; +https://openai.com/gptbot)" "-"
213.109.189.0 - - [16/Jul/2026:01:43:35 +0200] "GET / HTTP/1.1" 500 2746 issyconsulting.com "https://issyconsulting.com" "Mozilla/5.0 (X11; Linux aarch64) AppleWebKit/537.36 (KHTML, like Gecko) Chrome/150.0.7891.240 Safari/537.36 OPR/150.0.7891.240" "-"
119.13.215.0 - - [16/Jul/2026:01:43:36 +0200] "GET / HTTP/1.1" 500 2746 issyconsulting.com "https://issyconsulting.com" "Mozilla/5.0 (Windows NT 10.0; ARM64) AppleWebKit/537.36 (KHTML, like Gecko) Chrome/146.0.7724.183 Safari/537.36" "-"
2a03:2880:f800:: - - [16/Jul/2026:01:43:37 +0200] "GET /goods/6d6802059 HTTP/1.1" 200 46819 issyinvestments.com "-" "Mozilla/5.0 (Windows NT 10.0; Win64; x64) AppleWebKit/537.36 (KHTML, like Gecko) Chrome/145.0.0.0 Safari/537.36 (compatible; meta-externalagent/1.1 (+https://developers.facebook.com/docs/sharing/webmasters/crawler))" "-"
216.73.216.0 - - [16/Jul/2026:01:43:37 +0200] "GET /goods/aa2704061?lokasie=%2Fhomepages%2F10%2Fd315911638%2Fhtdocs%2Fclickandbuilds%2FIssyInvestment%2Fwp-config-sample.php&loknya=%2Fhomepages%2F10%2Fd315911638%2Fhtdocs%2Fclickandbuilds%2FIssyInvestment HTTP/1.1" 200 7401 issyinvestments.com "-" "Mozilla/5.0 AppleWebKit/537.36 (KHTML, like Gecko; compatible; ClaudeBot/1.0; +claudebot@anthropic.com)" "-"
176.117.67.0 - - [16/Jul/2026:01:43:38 +0200] "GET / HTTP/1.1" 500 2746 issyconsulting.com "https://issyconsulting.com" "Mozilla/5.0 AppleWebKit/537.36 (KHTML, like Gecko; compatible; PerplexityBot/1.0; +https://perplexity.ai/bot)" "-"
91.92.216.0 - - [16/Jul/2026:01:43:39 +0200] "GET / HTTP/1.1" 500 2746 issyconsulting.com "https://issyconsulting.com" "Mozilla/5.0 (iPhone; CPU iPhone OS 18_5 like Mac OS X) AppleWebKit/605.1.15 (KHTML, like Gecko) Mobile/15E148 Instagram 366.0.0.28.107 (iPhone14,7; iOS 18.5; ko_KR; ko-KR; scale=3.00; 1170x2532; 761174139)" "-"
75.153.104.0 - - [16/Jul/2026:01:43:41 +0200] "GET / HTTP/1.1" 500 2746 issyconsulting.com "https://issyconsulting.com" "Mozilla/5.0 (iPhone; CPU iPhone OS 18_7 like Mac OS X) AppleWebKit/605.1.15 (KHTML, like Gecko) Mobile/15E148 [FBAN/FBIOS;FBAV/512.1.0.44.109;FBBV/760044314;FBDV/iPhone17,2;FBMD/iPhone;FBSN/iOS;FBSV/18.7;FBSS/3;FBID/phone;FBLC/th_TH;FBOP/5]" "-"
185.10.7.0 - - [16/Jul/2026:01:43:42 +0200] "GET / HTTP/1.1" 500 2746 issyconsulting.com "https://issyconsulting.com" "Mozilla/5.0 (Linux; Android 12; SM-A528B Build/SP1A.210812.016; wv) AppleWebKit/537.36 (KHTML, like Gecko) Version/4.0 Chrome/124.0.6367.108 Mobile Safari/537.36 Instagram 330.0.0.40.92 Android (31/12; 450dpi; 1080x2177; samsung; SM-A528B; a52sxq; qcom; es_US; 596227443)" "-"
2a03:2880:f800:: - - [16/Jul/2026:01:43:42 +0200] "GET /goods/e5634697?loknya=/homepages/10/d315911638/htdocs HTTP/1.1" 200 66379 issyinvestments.com "-" "Mozilla/5.0 (Macintosh; Intel Mac OS X 10_15_7) AppleWebKit/537.36 (KHTML, like Gecko) Chrome/145.0.0.0 Safari/537.36 (compatible; meta-externalagent/1.1 (+https://developers.facebook.com/docs/sharing/webmasters/crawler))" "-"
216.73.216.0 - - [16/Jul/2026:01:43:42 +0200] "GET /goods/796104585?lokasie=%2Fhomepages%2F10%2Fd315911638%2Fhtdocs%2Fclickandbuilds%2FIssyInvestment%2Fwp-load.php&loknya=%2Fhomepages%2F10%2Fd315911638%2Fhtdocs%2Fclickandbuilds%2FIssyInvestment HTTP/1.1" 200 8456 issyinvestments.com "-" "Mozilla/5.0 AppleWebKit/537.36 (KHTML, like Gecko; compatible; ClaudeBot/1.0; +claudebot@anthropic.com)" "-"
2.59.8.0 - - [16/Jul/2026:01:43:44 +0200] "GET / HTTP/1.1" 500 2746 issyconsulting.com "https://issyconsulting.com" "Mozilla/5.0 (Linux; Android 13; RMO-NX1 Build/HONORRMO-N21; wv) AppleWebKit/537.36 (KHTML, like Gecko) Version/4.0 Chrome/123.0.6312.99 Mobile Safari/537.36 PKeyAuth/1.0" "-"
91.92.216.0 - - [16/Jul/2026:01:43:46 +0200] "GET / HTTP/1.1" 500 2746 issyconsulting.com "https://issyconsulting.com" "Mozilla/5.0 (X11; Fedora; Linux x86_64) AppleWebKit/537.36 (KHTML, like Gecko) Chrome/149.0.7854.45 Safari/537.36" "-"
2a03:2880:f800:: - - [16/Jul/2026:01:43:47 +0200] "GET /goods/354369532?loknya=/homepages/10/d315911638 HTTP/1.1" 200 21738 issyinvestments.com "-" "Mozilla/5.0 (Windows NT 10.0; Win64; x64) AppleWebKit/537.36 (KHTML, like Gecko) Chrome/145.0.0.0 Safari/537.36 (compatible; meta-externalagent/1.1 (+https://developers.facebook.com/docs/sharing/webmasters/crawler))" "-"
216.73.216.0 - - [16/Jul/2026:01:43:47 +0200] "GET /goods/435631470?lokasie=%2Fhomepages%2F10%2Fd315007734%2Fhtpasswd&loknya=%2Fhomepages%2F10%2Fd315007734 HTTP/1.1" 200 4070 issyinvestments.com "-" "Mozilla/5.0 AppleWebKit/537.36 (KHTML, like Gecko; compatible; ClaudeBot/1.0; +claudebot@anthropic.com)" "-"
54.185.96.0 - - [16/Jul/2026:01:43:48 +0200] "HEAD / HTTP/1.1" 500 - issyconsulting.com "-" "Python/3.10 aiohttp/3.14.1" "-"
2a03:2880:f800:: - - [16/Jul/2026:01:43:50 +0200] "GET /goods/8b5581433?loknya=/homepages/10/d315911638/htdocs/clickandbuilds/IssyInvestment/.tmb HTTP/1.1" 200 5681 issyinvestments.com "-" "Mozilla/5.0 (Windows NT 10.0; Win64; x64) AppleWebKit/537.36 (KHTML, like Gecko) Chrome/145.0.0.0 Safari/537.36 (compatible; meta-externalagent/1.1 (+https://developers.facebook.com/docs/sharing/webmasters/crawler))" "-"
216.73.216.0 - - [16/Jul/2026:01:43:52 +0200] "GET /goods/984993301?lokasie=%2Fhomepages%2F10%2Fd315911638%2Fhtdocs%2Fclickandbuilds%2FIssyInvestment%2Fwp-includes%2Ftheme-i18n.json&loknya=%2Fhomepages%2F10%2Fd315911638%2Fhtdocs%2Fclickandbuilds%2FIssyInvestment%2Fwp-includes HTTP/1.1" 200 6131 issyinvestments.com "-" "Mozilla/5.0 AppleWebKit/537.36 (KHTML, like Gecko; compatible; ClaudeBot/1.0; +claudebot@anthropic.com)" "-"
2a03:2880:f800:: - - [16/Jul/2026:01:43:55 +0200] "GET /goods/641231038 HTTP/1.1" 200 46819 issyinvestments.com "-" "Mozilla/5.0 (Windows NT 10.0; Win64; x64) AppleWebKit/537.36 (KHTML, like Gecko) Chrome/145.0.0.0 Safari/537.36 (compatible; meta-externalagent/1.1 (+https://developers.facebook.com/docs/sharing/webmasters/crawler))" "-"
216.73.216.0 - - [16/Jul/2026:01:43:57 +0200] "GET /goods/56550874?lokasie=%2Fhomepages%2F10%2Fd315911638%2Fhtdocs%2Fclickandbuilds%2FIssyInvestment%2Fold%2Fwp-config-sample.php&loknya=%2Fhomepages%2F10%2Fd315911638%2Fhtdocs%2Fclickandbuilds%2FIssyInvestment%2Fold HTTP/1.1" 200 7485 issyinvestments.com "-" "Mozilla/5.0 AppleWebKit/537.36 (KHTML, like Gecko; compatible; ClaudeBot/1.0; +claudebot@anthropic.com)" "-"
2a03:2880:f800:: - - [16/Jul/2026:01:44:00 +0200] "GET /goods/f84543925?loknya=/homepages/10/d315911638/htdocs/clickandbuilds/IssyInvestment/wp-includes/images HTTP/1.1" 429 267 issyinvestments.com "-" "Mozilla/5.0 (Macintosh; Intel Mac OS X 10_15_7) AppleWebKit/537.36 (KHTML, like Gecko) Chrome/145.0.0.0 Safari/537.36 (compatible; meta-externalagent/1.1 (+https://developers.facebook.com/docs/sharing/webmasters/crawler))" "-"
216.73.216.0 - - [16/Jul/2026:01:44:02 +0200] "GET /goods/032220441?lokasie=%2Fhomepages%2F10%2Fd315911638%2Fhtdocs%2Fclickandbuilds%2FIssyInvestment%2Fwp-comments-post.php&loknya=%2Fhomepages%2F10%2Fd315911638%2Fhtdocs%2Fclickandbuilds%2FIssyInvestment HTTP/1.1" 200 6759 issyinvestments.com "-" "Mozilla/5.0 AppleWebKit/537.36 (KHTML, like Gecko; compatible; ClaudeBot/1.0; +claudebot@anthropic.com)" "-"
2a03:2880:f800:: - - [16/Jul/2026:01:44:03 +0200] "GET /goods/9d5184509?lokasie=/homepages/10/d315911638/htdocs/clickandbuilds/IssyInvestment/robots.txt&loknya=/homepages/10/d315911638/htdocs/clickandbuilds/IssyInvestment HTTP/1.1" 429 267 issyinvestments.com "-" "Mozilla/5.0 (Windows NT 10.0; Win64; x64) AppleWebKit/537.36 (KHTML, like Gecko) Chrome/145.0.0.0 Safari/537.36 (compatible; meta-externalagent/1.1 (+https://developers.facebook.com/docs/sharing/webmasters/crawler))" "-"
216.73.216.0 - - [16/Jul/2026:01:44:07 +0200] "GET /goods/683097375?lokasie=%2Fhomepages%2F10%2Fd315911638%2Fhtdocs%2Fclickandbuilds%2FIssyInvestment%2Fwp-settings.php&loknya=%2Fhomepages%2F10%2Fd315911638%2Fhtdocs%2Fclickandbuilds%2FIssyInvestment HTTP/1.1" 200 30831 issyinvestments.com "-" "Mozilla/5.0 AppleWebKit/537.36 (KHTML, like Gecko; compatible; ClaudeBot/1.0; +claudebot@anthropic.com)" "-"
2a03:2880:f800:: - - [16/Jul/2026:01:44:07 +0200] "GET /goods/f84543925?lokasie=/homepages/10/d315911638/htdocs/clickandbuilds/IssyInvestment/wp-includes/class-wp-navigation-fallback.php&loknya=/homepages/10/d315911638/htdocs/clickandbuilds/IssyInvestment/wp-includes HTTP/1.1" 429 267 issyinvestments.com "-" "Mozilla/5.0 (Windows NT 10.0; Win64; x64) AppleWebKit/537.36 (KHTML, like Gecko) Chrome/145.0.0.0 Safari/537.36 (compatible; meta-externalagent/1.1 (+https://developers.facebook.com/docs/sharing/webmasters/crawler))" "-"
2a03:2880:f800:: - - [16/Jul/2026:01:44:08 +0200] "GET /goods/051198888?lokasie=/homepages/10/d315911638/htdocs/clickandbuilds/IssyInvestment/wp-comments-post.php&loknya=/homepages/10/d315911638/htdocs/clickandbuilds/IssyInvestment HTTP/1.1" 429 267 issyinvestments.com "-" "Mozilla/5.0 (Windows NT 10.0; Win64; x64) AppleWebKit/537.36 (KHTML, like Gecko) Chrome/145.0.0.0 Safari/537.36 (compatible; meta-externalagent/1.1 (+https://developers.facebook.com/docs/sharing/webmasters/crawler))" "-"
2a03:2880:f800:: - - [16/Jul/2026:01:44:08 +0200] "GET /goods/00748512?lokasie=/homepages/10/d315911638/htdocs/clickandbuilds/IssyInvestment/wp-trackback.php&loknya=/homepages/10/d315911638/htdocs/clickandbuilds/IssyInvestment HTTP/1.1" 429 267 issyinvestments.com "-" "Mozilla/5.0 (Windows NT 10.0; Win64; x64) AppleWebKit/537.36 (KHTML, like Gecko) Chrome/145.0.0.0 Safari/537.36 (compatible; meta-externalagent/1.1 (+https://developers.facebook.com/docs/sharing/webmasters/crawler))" "-"
216.73.216.0 - - [16/Jul/2026:01:44:12 +0200] "GET /goods/e5469146?loknya=%2Fhomepages%2F30%2Fd316053269 HTTP/1.1" 200 17639 issyinvestments.com "-" "Mozilla/5.0 AppleWebKit/537.36 (KHTML, like Gecko; compatible; ClaudeBot/1.0; +claudebot@anthropic.com)" "-"
2a03:2880:f800:: - - [16/Jul/2026:01:44:14 +0200] "GET /goods/313723701?lokasie=/homepages/10/d315911638/htdocs/clickandbuilds/IssyInvestment/wp-blog-header.php&loknya=/homepages/10/d315911638/htdocs/clickandbuilds/IssyInvestment HTTP/1.1" 429 267 issyinvestments.com "-" "Mozilla/5.0 (Windows NT 10.0; Win64; x64) AppleWebKit/537.36 (KHTML, like Gecko) Chrome/145.0.0.0 Safari/537.36 (compatible; meta-externalagent/1.1 (+https://developers.facebook.com/docs/sharing/webmasters/crawler))" "-"
2a03:2880:f800:: - - [16/Jul/2026:01:44:16 +0200] "GET /goods/6f1017419?lokasie=/homepages/10/d315911638/htdocs/clickandbuilds/IssyInvestment/db1.php&loknya=/homepages/10/d315911638/htdocs/clickandbuilds/IssyInvestment HTTP/1.1" 429 267 issyinvestments.com "-" "Mozilla/5.0 (Windows NT 10.0; Win64; x64) AppleWebKit/537.36 (KHTML, like Gecko) Chrome/145.0.0.0 Safari/537.36 (compatible; meta-externalagent/1.1 (+https://developers.facebook.com/docs/sharing/webmasters/crawler))" "-"
2a03:2880:f800:: - - [16/Jul/2026:01:44:16 +0200] "GET /goods/541789795?lokasie=/homepages/10/d315911638/htdocs/clickandbuilds/IssyInvestment/wp-load.php&loknya=/homepages/10/d315911638/htdocs/clickandbuilds/IssyInvestment HTTP/1.1" 429 267 issyinvestments.com "-" "Mozilla/5.0 (Windows NT 10.0; Win64; x64) AppleWebKit/537.36 (KHTML, like Gecko) Chrome/145.0.0.0 Safari/537.36 (compatible; meta-externalagent/1.1 (+https://developers.facebook.com/docs/sharing/webmasters/crawler))" "-"
216.73.216.0 - - [16/Jul/2026:01:44:17 +0200] "GET /goods/904744148?loknya=%2Fhomepages%2F10%2Fd315911638%2Fhtdocs%2Fclickandbuilds%2FIssyInvestment%2Fold%2Fwp-includes%2Frandom_compat HTTP/1.1" 200 22851 issyinvestments.com "-" "Mozilla/5.0 AppleWebKit/537.36 (KHTML, like Gecko; compatible; ClaudeBot/1.0; +claudebot@anthropic.com)" "-"
216.73.216.0 - - [16/Jul/2026:01:44:22 +0200] "GET /goods/332781513?loknya=%2Fhomepages%2F10%2Fd315911638%2Fhtdocs%2Fclickandbuilds%2FIssyInvestment%2Fwp-includes%2Fblock-patterns HTTP/1.1" 200 17697 issyinvestments.com "-" "Mozilla/5.0 AppleWebKit/537.36 (KHTML, like Gecko; compatible; ClaudeBot/1.0; +claudebot@anthropic.com)" "-"
2a03:2880:f800:: - - [16/Jul/2026:01:44:24 +0200] "GET /goods/996671391?lokasie=/homepages/10/d315911638/htdocs/clickandbuilds/IssyInvestment/wp-cron.php&loknya=/homepages/10/d315911638/htdocs/clickandbuilds/IssyInvestment HTTP/1.1" 429 267 issyinvestments.com "-" "Mozilla/5.0 (Macintosh; Intel Mac OS X 10_15_7) AppleWebKit/537.36 (KHTML, like Gecko) Chrome/145.0.0.0 Safari/537.36 (compatible; meta-externalagent/1.1 (+https://developers.facebook.com/docs/sharing/webmasters/crawler))" "-"
2a03:2880:f800:: - - [16/Jul/2026:01:44:25 +0200] "GET /goods/563112974?loknya=/homepages HTTP/1.1" 429 267 issyinvestments.com "-" "Mozilla/5.0 (Windows NT 10.0; Win64; x64) AppleWebKit/537.36 (KHTML, like Gecko) Chrome/145.0.0.0 Safari/537.36 (compatible; meta-externalagent/1.1 (+https://developers.facebook.com/docs/sharing/webmasters/crawler))" "-"
2a03:2880:f800:: - - [16/Jul/2026:01:44:26 +0200] "GET /goods/5c2760913?loknya=/homepages/10 HTTP/1.1" 429 267 issyinvestments.com "-" "Mozilla/5.0 (Macintosh; Intel Mac OS X 10_15_7) AppleWebKit/537.36 (KHTML, like Gecko) Chrome/145.0.0.0 Safari/537.36 (compatible; meta-externalagent/1.1 (+https://developers.facebook.com/docs/sharing/webmasters/crawler))" "-"
216.73.216.0 - - [16/Jul/2026:01:44:27 +0200] "GET /goods/904744148?loknya=%2Fhomepages%2F10%2Fd315911638%2Fhtdocs%2Fclickandbuilds%2FIssyInvestment%2Fold%2Fwp-includes%2Fblocks%2Fquery-title HTTP/1.1" 200 7778 issyinvestments.com "-" "Mozilla/5.0 AppleWebKit/537.36 (KHTML, like Gecko; compatible; ClaudeBot/1.0; +claudebot@anthropic.com)" "-"
216.73.216.0 - - [16/Jul/2026:01:44:32 +0200] "GET /goods/751756981?loknya=%2Fhomepages%2F10%2Fd315911638%2Fhtdocs%2Fclickandbuilds%2FIssyInvestment%2Fwp-includes%2Fblocks%2Fquery-title HTTP/1.1" 200 14275 issyinvestments.com "-" "Mozilla/5.0 AppleWebKit/537.36 (KHTML, like Gecko; compatible; ClaudeBot/1.0; +claudebot@anthropic.com)" "-"
2a03:2880:f800:: - - [16/Jul/2026:01:44:37 +0200] "GET /goods/122577551 HTTP/1.1" 429 267 issyinvestments.com "-" "Mozilla/5.0 (Windows NT 10.0; Win64; x64) AppleWebKit/537.36 (KHTML, like Gecko) Chrome/145.0.0.0 Safari/537.36 (compatible; meta-externalagent/1.1 (+https://developers.facebook.com/docs/sharing/webmasters/crawler))" "-"
216.73.216.0 - - [16/Jul/2026:01:44:37 +0200] "GET /goods/751756981?loknya=%2Fhomepages%2F10%2Fd315911638%2Fhtdocs%2Fclickandbuilds%2FIssyInvestment%2Fwp-includes%2Fblocks%2Fcomment-reply-link HTTP/1.1" 200 7703 issyinvestments.com "-" "Mozilla/5.0 AppleWebKit/537.36 (KHTML, like Gecko; compatible; ClaudeBot/1.0; +claudebot@anthropic.com)" "-"
74.7.242.0 - - [16/Jul/2026:01:44:38 +0200] "GET /?lokasie=/usr/sbin/setquota&loknya=/usr/sbin HTTP/1.1" 200 3980 issyinvestments.com "https://issyinvestments.com/?loknya=/usr/sbin" "Mozilla/5.0 AppleWebKit/537.36 (KHTML, like Gecko; compatible; GPTBot/1.4; +https://openai.com/gptbot)" "-"
2a03:2880:f800:: - - [16/Jul/2026:01:44:39 +0200] "GET /goods/2813140?lokasie=/homepages/10/d315911638/htdocs/clickandbuilds/IssyInvestment/wp-config.php&loknya=/homepages/10/d315911638/htdocs/clickandbuilds/IssyInvestment HTTP/1.1" 429 267 issyinvestments.com "-" "Mozilla/5.0 (Macintosh; Intel Mac OS X 10_15_7) AppleWebKit/537.36 (KHTML, like Gecko) Chrome/145.0.0.0 Safari/537.36 (compatible; meta-externalagent/1.1 (+https://developers.facebook.com/docs/sharing/webmasters/crawler))" "-"
2a03:2880:f800:: - - [16/Jul/2026:01:44:40 +0200] "GET /goods/691157481?lokasie=/homepages/10/d315911638/htdocs/clickandbuilds/IssyInvestment/wp-links-opml.php&loknya=/homepages/10/d315911638/htdocs/clickandbuilds/IssyInvestment HTTP/1.1" 429 267 issyinvestments.com "-" "Mozilla/5.0 (Macintosh; Intel Mac OS X 10_15_7) AppleWebKit/537.36 (KHTML, like Gecko) Chrome/145.0.0.0 Safari/537.36 (compatible; meta-externalagent/1.1 (+https://developers.facebook.com/docs/sharing/webmasters/crawler))" "-"
2a03:2880:f800:: - - [16/Jul/2026:01:44:42 +0200] "GET /goods/973484905?lokasie=/homepages/10/d315911638/htdocs/clickandbuilds/IssyInvestment/wp-load.php&loknya=/homepages/10/d315911638/htdocs/clickandbuilds/IssyInvestment HTTP/1.1" 429 267 issyinvestments.com "-" "Mozilla/5.0 (Macintosh; Intel Mac OS X 10_15_7) AppleWebKit/537.36 (KHTML, like Gecko) Chrome/145.0.0.0 Safari/537.36 (compatible; meta-externalagent/1.1 (+https://developers.facebook.com/docs/sharing/webmasters/crawler))" "-"
216.73.216.0 - - [16/Jul/2026:01:44:42 +0200] "GET /goods/332781513?loknya=%2Fhomepages%2F10%2Fd315911638%2Fhtdocs%2Fclickandbuilds%2FIssyInvestment%2Fwp-includes%2Frest-api HTTP/1.1" 429 267 issyinvestments.com "-" "Mozilla/5.0 AppleWebKit/537.36 (KHTML, like Gecko; compatible; ClaudeBot/1.0; +claudebot@anthropic.com)" "-"
2a03:2880:f800:: - - [16/Jul/2026:01:44:44 +0200] "GET /goods/2e929436?lokasie=/homepages/10/d315911638/htdocs/clickandbuilds/IssyInvestment/robots.txt&loknya=/homepages/10/d315911638/htdocs/clickandbuilds/IssyInvestment HTTP/1.1" 429 267 issyinvestments.com "-" "Mozilla/5.0 (Macintosh; Intel Mac OS X 10_15_7) AppleWebKit/537.36 (KHTML, like Gecko) Chrome/145.0.0.0 Safari/537.36 (compatible; meta-externalagent/1.1 (+https://developers.facebook.com/docs/sharing/webmasters/crawler))" "-"
2a03:2880:f800:: - - [16/Jul/2026:01:44:46 +0200] "GET /goods/182541062?loknya=/homepages/10/d315911638/htdocs/clickandbuilds/IssyInvestment/.tmb HTTP/1.1" 429 267 issyinvestments.com "-" "Mozilla/5.0 (Windows NT 10.0; Win64; x64) AppleWebKit/537.36 (KHTML, like Gecko) Chrome/145.0.0.0 Safari/537.36 (compatible; meta-externalagent/1.1 (+https://developers.facebook.com/docs/sharing/webmasters/crawler))" "-"
216.73.216.0 - - [16/Jul/2026:01:44:47 +0200] "GET /goods/555755992?loknya=%2Fhomepages%2F10%2Fd315911638%2Fhtdocs%2Fclickandbuilds%2FIssyInvestment%2Fwp-includes%2Fblocks%2Fquery-title HTTP/1.1" 429 267 issyinvestments.com "-" "Mozilla/5.0 AppleWebKit/537.36 (KHTML, like Gecko; compatible; ClaudeBot/1.0; +claudebot@anthropic.com)" "-"
2a03:2880:f800:: - - [16/Jul/2026:01:44:48 +0200] "GET /goods/874143043?lokasie=/homepages/10/d315911638/htdocs/clickandbuilds/IssyInvestment/wp-cron.php&loknya=/homepages/10/d315911638/htdocs/clickandbuilds/IssyInvestment HTTP/1.1" 429 267 issyinvestments.com "-" "Mozilla/5.0 (Windows NT 10.0; Win64; x64) AppleWebKit/537.36 (KHTML, like Gecko) Chrome/145.0.0.0 Safari/537.36 (compatible; meta-externalagent/1.1 (+https://developers.facebook.com/docs/sharing/webmasters/crawler))" "-"
2a03:2880:f800:: - - [16/Jul/2026:01:44:50 +0200] "GET /goods/183462135?lokasie=/homepages/10/d315911638/htdocs/clickandbuilds/IssyInvestment/wp-mail.php&loknya=/homepages/10/d315911638/htdocs/clickandbuilds/IssyInvestment HTTP/1.1" 429 267 issyinvestments.com "-" "Mozilla/5.0 (Macintosh; Intel Mac OS X 10_15_7) AppleWebKit/537.36 (KHTML, like Gecko) Chrome/145.0.0.0 Safari/537.36 (compatible; meta-externalagent/1.1 (+https://developers.facebook.com/docs/sharing/webmasters/crawler))" "-"
216.73.216.0 - - [16/Jul/2026:01:44:52 +0200] "GET /goods/555755992?loknya=%2Fhomepages%2F10%2Fd315911638%2Fhtdocs%2Fclickandbuilds%2FIssyInvestment%2Fwp-includes%2Fblocks%2Fcomment-reply-link HTTP/1.1" 429 267 issyinvestments.com "-" "Mozilla/5.0 AppleWebKit/537.36 (KHTML, like Gecko; compatible; ClaudeBot/1.0; +claudebot@anthropic.com)" "-"
