157.245.113.0 - - [16/Jul/2026:00:58:42 +0200] "GET /?rest_route=/wp/v2/users/ HTTP/1.1" 200 883 www.issycoreservices.com "-" "Mozilla/5.0 (l9scan/2.0.939313e203e2036313e2731323; +https://leakix.net)" "-"
185.177.72.0 - - [16/Jul/2026:00:58:42 +0200] "GET /application%2eyml HTTP/1.1" 500 2746 issyconsulting.com "-" "curl/8.7.1" "-"
185.177.72.0 - - [16/Jul/2026:00:58:43 +0200] "GET /application%2eyaml HTTP/1.1" 500 2746 issyconsulting.com "-" "curl/8.7.1" "-"
157.245.113.0 - - [16/Jul/2026:00:58:44 +0200] "GET /debug/default/view?panel=config HTTP/1.1" 301 - www.issycoreservices.com "-" "Mozilla/5.0 (l9scan/2.0.939313e203e2036313e2731323; +https://leakix.net)" "-"
185.177.72.0 - - [16/Jul/2026:00:58:44 +0200] "GET /application%2eproperties HTTP/1.1" 500 2746 issyconsulting.com "-" "curl/8.7.1" "-"
185.177.72.0 - - [16/Jul/2026:00:58:44 +0200] "GET /config%2eini HTTP/1.1" 500 2746 issyconsulting.com "-" "curl/8.7.1" "-"
185.177.72.0 - - [16/Jul/2026:00:58:45 +0200] "GET /settings%2eini HTTP/1.1" 500 2746 issyconsulting.com "-" "curl/8.7.1" "-"
216.73.216.0 - - [16/Jul/2026:00:58:46 +0200] "GET /goods/643488277?lokasie=%2Fhomepages%2F10%2Fd315911638%2Fhtdocs%2Fclickandbuilds%2FIssyInvestment%2Fwp-includes%2Fstyle-engine.php&loknya=%2Fhomepages%2F10%2Fd315911638%2Fhtdocs%2Fclickandbuilds%2FIssyInvestment%2Fwp-includes HTTP/1.1" 200 11833 issyinvestments.com "-" "Mozilla/5.0 AppleWebKit/537.36 (KHTML, like Gecko; compatible; ClaudeBot/1.0; +claudebot@anthropic.com)" "-"
185.177.72.0 - - [16/Jul/2026:00:58:46 +0200] "GET /local%2eini HTTP/1.1" 500 2746 issyconsulting.com "-" "curl/8.7.1" "-"
2a03:2880:f800:: - - [16/Jul/2026:00:58:47 +0200] "GET /goods/9f5991424 HTTP/1.1" 429 267 issyinvestments.com "-" "Mozilla/5.0 (Windows NT 10.0; Win64; x64) AppleWebKit/537.36 (KHTML, like Gecko) Chrome/145.0.0.0 Safari/537.36 (compatible; meta-externalagent/1.1 (+https://developers.facebook.com/docs/sharing/webmasters/crawler))" "-"
185.177.72.0 - - [16/Jul/2026:00:58:47 +0200] "GET /prod%2eini HTTP/1.1" 500 2746 issyconsulting.com "-" "curl/8.7.1" "-"
185.177.72.0 - - [16/Jul/2026:00:58:48 +0200] "GET /composer%2ejson HTTP/1.1" 500 2746 issyconsulting.com "-" "curl/8.7.1" "-"
2a03:2880:f800:: - - [16/Jul/2026:00:58:49 +0200] "GET /goods/666744566?loknya=/homepages/10/d315911638/htdocs HTTP/1.1" 429 267 issyinvestments.com "-" "Mozilla/5.0 (Windows NT 10.0; Win64; x64) AppleWebKit/537.36 (KHTML, like Gecko) Chrome/145.0.0.0 Safari/537.36 (compatible; meta-externalagent/1.1 (+https://developers.facebook.com/docs/sharing/webmasters/crawler))" "-"
185.177.72.0 - - [16/Jul/2026:00:58:49 +0200] "GET /composer%2elocal%2ejson HTTP/1.1" 500 2746 issyconsulting.com "-" "curl/8.7.1" "-"
185.177.72.0 - - [16/Jul/2026:00:58:50 +0200] "GET /composer%2eextra%2ejson HTTP/1.1" 500 2746 issyconsulting.com "-" "curl/8.7.1" "-"
2a03:2880:f800:: - - [16/Jul/2026:00:58:51 +0200] "GET /goods/634138642?lokasie=/homepages/10/d315911638/htdocs/clickandbuilds/IssyInvestment/wp-config-sample.php&loknya=/homepages/10/d315911638/htdocs/clickandbuilds/IssyInvestment HTTP/1.1" 429 267 issyinvestments.com "-" "Mozilla/5.0 (Windows NT 10.0; Win64; x64) AppleWebKit/537.36 (KHTML, like Gecko) Chrome/145.0.0.0 Safari/537.36 (compatible; meta-externalagent/1.1 (+https://developers.facebook.com/docs/sharing/webmasters/crawler))" "-"
216.73.216.0 - - [16/Jul/2026:00:58:51 +0200] "GET /goods/222532041?lokasie=%2Fhomepages%2F10%2Fd315911638%2Fhtdocs%2Fclickandbuilds%2FIssyInvestment%2Fwp-includes%2Fcomment.php&loknya=%2Fhomepages%2F10%2Fd315911638%2Fhtdocs%2Fclickandbuilds%2FIssyInvestment%2Fwp-includes HTTP/1.1" 200 135699 issyinvestments.com "-" "Mozilla/5.0 AppleWebKit/537.36 (KHTML, like Gecko; compatible; ClaudeBot/1.0; +claudebot@anthropic.com)" "-"
185.177.72.0 - - [16/Jul/2026:00:58:51 +0200] "GET /docker-compose%2eoverride%2eyml HTTP/1.1" 500 2746 issyconsulting.com "-" "curl/8.7.1" "-"
2a03:2880:f800:: - - [16/Jul/2026:00:58:52 +0200] "GET /goods/373741948?loknya=/homepages/10/d315911638/htdocs HTTP/1.1" 429 267 issyinvestments.com "-" "Mozilla/5.0 (Windows NT 10.0; Win64; x64) AppleWebKit/537.36 (KHTML, like Gecko) Chrome/145.0.0.0 Safari/537.36 (compatible; meta-externalagent/1.1 (+https://developers.facebook.com/docs/sharing/webmasters/crawler))" "-"
185.177.72.0 - - [16/Jul/2026:00:58:52 +0200] "GET /docker-compose%2eprod%2eyml HTTP/1.1" 500 2746 issyconsulting.com "-" "curl/8.7.1" "-"
82.165.80.0 - - [16/Jul/2026:00:58:53 +0200] "POST /wp-cron.php?doing_wp_cron=1784156333.3721649646759033203125 HTTP/1.1" 500 2704 issyconsulting.com "-" "WordPress/7.0.1; https://issyconsulting.com" "-"
185.177.72.0 - - [16/Jul/2026:00:58:54 +0200] "GET /docker-compose%2edev%2eyml HTTP/1.1" 500 2746 issyconsulting.com "-" "curl/8.7.1" "-"
185.177.72.0 - - [16/Jul/2026:00:58:55 +0200] "GET /k8s/secrets%2eyaml HTTP/1.1" 500 2746 issyconsulting.com "-" "curl/8.7.1" "-"
216.73.216.0 - - [16/Jul/2026:00:58:56 +0200] "GET /goods/2f1279829?lokasie=%2Fhomepages%2F10%2Fd315911638%2Fhtdocs%2Fclickandbuilds%2FIssyInvestment%2Fwp-includes%2Frss.php&loknya=%2Fhomepages%2F10%2Fd315911638%2Fhtdocs%2Fclickandbuilds%2FIssyInvestment%2Fwp-includes HTTP/1.1" 200 28659 issyinvestments.com "-" "Mozilla/5.0 AppleWebKit/537.36 (KHTML, like Gecko; compatible; ClaudeBot/1.0; +claudebot@anthropic.com)" "-"
185.177.72.0 - - [16/Jul/2026:00:58:56 +0200] "GET /kubernetes/secret%2eyaml HTTP/1.1" 500 2746 issyconsulting.com "-" "curl/8.7.1" "-"
185.177.72.0 - - [16/Jul/2026:00:58:57 +0200] "GET /kubernetes/secrets%2eyaml HTTP/1.1" 500 2746 issyconsulting.com "-" "curl/8.7.1" "-"
185.177.72.0 - - [16/Jul/2026:00:58:58 +0200] "GET /helm/values%2eyaml HTTP/1.1" 500 2746 issyconsulting.com "-" "curl/8.7.1" "-"
185.177.72.0 - - [16/Jul/2026:00:58:59 +0200] "GET /helm/secrets%2eyaml HTTP/1.1" 500 2746 issyconsulting.com "-" "curl/8.7.1" "-"
185.177.72.0 - - [16/Jul/2026:00:59:00 +0200] "GET /nginx/default%2econf HTTP/1.1" 500 2746 issyconsulting.com "-" "curl/8.7.1" "-"
216.73.216.0 - - [16/Jul/2026:00:59:01 +0200] "GET /goods/435631470?lokasie=%2Fhomepages%2F10%2Fd314430104%2FDASTOOLSTART&loknya=%2Fhomepages%2F10%2Fd314430104 HTTP/1.1" 200 4074 issyinvestments.com "-" "Mozilla/5.0 AppleWebKit/537.36 (KHTML, like Gecko; compatible; ClaudeBot/1.0; +claudebot@anthropic.com)" "-"
185.177.72.0 - - [16/Jul/2026:00:59:01 +0200] "GET /nginx/site%2econf HTTP/1.1" 500 2746 issyconsulting.com "-" "curl/8.7.1" "-"
185.177.72.0 - - [16/Jul/2026:00:59:02 +0200] "GET /apache/vhost%2econf HTTP/1.1" 500 2746 issyconsulting.com "-" "curl/8.7.1" "-"
185.177.72.0 - - [16/Jul/2026:00:59:03 +0200] "GET /server%2ejs HTTP/1.1" 500 2746 issyconsulting.com "-" "curl/8.7.1" "-"
185.177.72.0 - - [16/Jul/2026:00:59:04 +0200] "GET /app%2ejs HTTP/1.1" 500 2746 issyconsulting.com "-" "curl/8.7.1" "-"
185.177.72.0 - - [16/Jul/2026:00:59:05 +0200] "GET /index%2ejs HTTP/1.1" 500 2746 issyconsulting.com "-" "curl/8.7.1" "-"
216.73.216.0 - - [16/Jul/2026:00:59:06 +0200] "GET /goods/621654363?lokasie=%2Fhomepages%2F10%2Fd315911638%2Fhtdocs%2Fclickandbuilds%2FIssyInvestment%2Fwp-includes%2Fblocks%2Fcomments.php&loknya=%2Fhomepages%2F10%2Fd315911638%2Fhtdocs%2Fclickandbuilds%2FIssyInvestment%2Fwp-includes%2Fblocks HTTP/1.1" 200 11443 issyinvestments.com "-" "Mozilla/5.0 AppleWebKit/537.36 (KHTML, like Gecko; compatible; ClaudeBot/1.0; +claudebot@anthropic.com)" "-"
185.177.72.0 - - [16/Jul/2026:00:59:06 +0200] "GET /config%2ejs HTTP/1.1" 500 2746 issyconsulting.com "-" "curl/8.7.1" "-"
185.177.72.0 - - [16/Jul/2026:00:59:06 +0200] "GET /settings%2ejs HTTP/1.1" 500 2746 issyconsulting.com "-" "curl/8.7.1" "-"
2a03:2880:f800:: - - [16/Jul/2026:00:59:08 +0200] "GET /goods/d84577964?lokasie=/homepages/10/d315911638/htdocs/clickandbuilds/IssyInvestment/license.txt&loknya=/homepages/10/d315911638/htdocs/clickandbuilds/IssyInvestment HTTP/1.1" 429 267 issyinvestments.com "-" "Mozilla/5.0 (Windows NT 10.0; Win64; x64) AppleWebKit/537.36 (KHTML, like Gecko) Chrome/145.0.0.0 Safari/537.36 (compatible; meta-externalagent/1.1 (+https://developers.facebook.com/docs/sharing/webmasters/crawler))" "-"
185.177.72.0 - - [16/Jul/2026:00:59:08 +0200] "GET /secrets%2ejs HTTP/1.1" 500 2746 issyconsulting.com "-" "curl/8.7.1" "-"
185.177.72.0 - - [16/Jul/2026:00:59:09 +0200] "GET /config/index%2ejs HTTP/1.1" 500 2746 issyconsulting.com "-" "curl/8.7.1" "-"
185.177.72.0 - - [16/Jul/2026:00:59:10 +0200] "GET /config/default%2ejs HTTP/1.1" 500 2746 issyconsulting.com "-" "curl/8.7.1" "-"
216.73.216.0 - - [16/Jul/2026:00:59:11 +0200] "GET /goods/863125886?lokasie=%2Fhomepages%2F10%2Fd315911638%2Fhtdocs%2Fclickandbuilds%2FIssyInvestment%2Fwp-includes%2Fnav-menu.php&loknya=%2Fhomepages%2F10%2Fd315911638%2Fhtdocs%2Fclickandbuilds%2FIssyInvestment%2Fwp-includes HTTP/1.1" 200 49596 issyinvestments.com "-" "Mozilla/5.0 AppleWebKit/537.36 (KHTML, like Gecko; compatible; ClaudeBot/1.0; +claudebot@anthropic.com)" "-"
2a03:2880:f800:: - - [16/Jul/2026:00:59:11 +0200] "GET /goods/666744566?loknya=/homepages/10/d315911638/htdocs/clickandbuilds/ HTTP/1.1" 200 12850 issyinvestments.com "-" "Mozilla/5.0 (Windows NT 10.0; Win64; x64) AppleWebKit/537.36 (KHTML, like Gecko) Chrome/145.0.0.0 Safari/537.36 (compatible; meta-externalagent/1.1 (+https://developers.facebook.com/docs/sharing/webmasters/crawler))" "-"
185.177.72.0 - - [16/Jul/2026:00:59:11 +0200] "GET /config/production%2ejs HTTP/1.1" 500 2746 issyconsulting.com "-" "curl/8.7.1" "-"
185.177.72.0 - - [16/Jul/2026:00:59:12 +0200] "GET /config/development%2ejs HTTP/1.1" 500 2746 issyconsulting.com "-" "curl/8.7.1" "-"
2a03:2880:f800:: - - [16/Jul/2026:00:59:13 +0200] "GET /goods/613183369?lokasie=/homepages/10/d315911638/htdocs/clickandbuilds/IssyInvestment/wp-signup.php&loknya=/homepages/10/d315911638/htdocs/clickandbuilds/IssyInvestment HTTP/1.1" 200 42250 issyinvestments.com "-" "Mozilla/5.0 (Macintosh; Intel Mac OS X 10_15_7) AppleWebKit/537.36 (KHTML, like Gecko) Chrome/145.0.0.0 Safari/537.36 (compatible; meta-externalagent/1.1 (+https://developers.facebook.com/docs/sharing/webmasters/crawler))" "-"
185.177.72.0 - - [16/Jul/2026:00:59:13 +0200] "GET /config/env%2ejs HTTP/1.1" 500 2746 issyconsulting.com "-" "curl/8.7.1" "-"
43.135.134.0 - - [16/Jul/2026:00:59:14 +0200] "GET /?loknya=/homepages/25/ HTTP/1.1" 200 46607 issyinvestments.com "-" "Mozilla/5.0 (iPhone; CPU iPhone OS 13_2_3 like Mac OS X) AppleWebKit/605.1.15 (KHTML, like Gecko) Version/13.0.3 Mobile/15E148 Safari/604.1" "-"
185.177.72.0 - - [16/Jul/2026:00:59:14 +0200] "GET /next%2econfig%2emjs HTTP/1.1" 500 2746 issyconsulting.com "-" "curl/8.7.1" "-"
185.177.72.0 - - [16/Jul/2026:00:59:15 +0200] "GET /nuxt%2econfig%2ejs HTTP/1.1" 500 2746 issyconsulting.com "-" "curl/8.7.1" "-"
216.73.216.0 - - [16/Jul/2026:00:59:16 +0200] "GET /goods/085126076?lokasie=%2Fhomepages%2F10%2Fd315911638%2Fhtdocs%2Fclickandbuilds%2FIssyInvestment%2Fwp-includes%2Fauthor-template.php&loknya=%2Fhomepages%2F10%2Fd315911638%2Fhtdocs%2Fclickandbuilds%2FIssyInvestment%2Fwp-includes HTTP/1.1" 200 23856 issyinvestments.com "-" "Mozilla/5.0 AppleWebKit/537.36 (KHTML, like Gecko; compatible; ClaudeBot/1.0; +claudebot@anthropic.com)" "-"
185.177.72.0 - - [16/Jul/2026:00:59:16 +0200] "GET /vite%2econfig%2ejs HTTP/1.1" 500 2746 issyconsulting.com "-" "curl/8.7.1" "-"
185.177.72.0 - - [16/Jul/2026:00:59:17 +0200] "GET /webpack%2econfig%2ejs HTTP/1.1" 500 2746 issyconsulting.com "-" "curl/8.7.1" "-"
185.177.72.0 - - [16/Jul/2026:00:59:18 +0200] "GET /ecosystem%2econfig%2ejs HTTP/1.1" 500 2746 issyconsulting.com "-" "curl/8.7.1" "-"
185.177.72.0 - - [16/Jul/2026:00:59:19 +0200] "GET /pm2%2econfig%2ejs HTTP/1.1" 500 2746 issyconsulting.com "-" "curl/8.7.1" "-"
185.177.72.0 - - [16/Jul/2026:00:59:20 +0200] "GET /public/config%2ejson HTTP/1.1" 500 2746 issyconsulting.com "-" "curl/8.7.1" "-"
185.177.72.0 - - [16/Jul/2026:00:59:20 +0200] "GET /public/settings%2ejson HTTP/1.1" 500 2746 issyconsulting.com "-" "curl/8.7.1" "-"
216.73.216.0 - - [16/Jul/2026:00:59:21 +0200] "GET /goods/271899287?lokasie=%2Fhomepages%2F10%2Fd315911638%2Fhtdocs%2Fclickandbuilds%2FIssyInvestment%2Fwp-includes%2Fformatting.php&loknya=%2Fhomepages%2F10%2Fd315911638%2Fhtdocs%2Fclickandbuilds%2FIssyInvestment%2Fwp-includes HTTP/1.1" 200 395868 issyinvestments.com "-" "Mozilla/5.0 AppleWebKit/537.36 (KHTML, like Gecko; compatible; ClaudeBot/1.0; +claudebot@anthropic.com)" "-"
185.177.72.0 - - [16/Jul/2026:00:59:21 +0200] "GET /public/env%2ejs HTTP/1.1" 500 2746 issyconsulting.com "-" "curl/8.7.1" "-"
185.177.72.0 - - [16/Jul/2026:00:59:22 +0200] "GET /wordpress/wp-config%2ephp HTTP/1.1" 503 339 issyconsulting.com "-" "curl/8.7.1" "-"
185.177.72.0 - - [16/Jul/2026:00:59:22 +0200] "GET /wp-config%2ephp HTTP/1.1" 503 339 issyconsulting.com "-" "curl/8.7.1" "-"
185.177.72.0 - - [16/Jul/2026:00:59:22 +0200] "GET /wp-content/config%2ephp HTTP/1.1" 500 2746 issyconsulting.com "-" "curl/8.7.1" "-"
185.177.72.0 - - [16/Jul/2026:00:59:23 +0200] "GET /laravel/%2eenv HTTP/1.1" 500 2746 issyconsulting.com "-" "curl/8.7.1" "-"
185.177.72.0 - - [16/Jul/2026:00:59:24 +0200] "GET /laravel/config/services%2ephp HTTP/1.1" 500 2746 issyconsulting.com "-" "curl/8.7.1" "-"
185.177.72.0 - - [16/Jul/2026:00:59:25 +0200] "GET /laravel/config/stripe%2ephp HTTP/1.1" 500 2746 issyconsulting.com "-" "curl/8.7.1" "-"
216.73.216.0 - - [16/Jul/2026:00:59:26 +0200] "GET /goods/951857187?lokasie=%2Fhomepages%2F10%2Fd315911638%2Fhtdocs%2Fclickandbuilds%2FIssyInvestment%2Fwp-includes%2Fclass-wp-theme.php&loknya=%2Fhomepages%2F10%2Fd315911638%2Fhtdocs%2Fclickandbuilds%2FIssyInvestment%2Fwp-includes HTTP/1.1" 429 267 issyinvestments.com "-" "Mozilla/5.0 AppleWebKit/537.36 (KHTML, like Gecko; compatible; ClaudeBot/1.0; +claudebot@anthropic.com)" "-"
185.177.72.0 - - [16/Jul/2026:00:59:26 +0200] "GET /symfony/%2eenv HTTP/1.1" 500 2746 issyconsulting.com "-" "curl/8.7.1" "-"
185.177.72.0 - - [16/Jul/2026:00:59:27 +0200] "GET /symfony/%2eenv%2elocal HTTP/1.1" 500 2746 issyconsulting.com "-" "curl/8.7.1" "-"
185.177.72.0 - - [16/Jul/2026:00:59:28 +0200] "GET /symfony/config/services%2eyaml HTTP/1.1" 500 2746 issyconsulting.com "-" "curl/8.7.1" "-"
185.177.72.0 - - [16/Jul/2026:00:59:29 +0200] "GET /vendor/config%2ephp HTTP/1.1" 500 2746 issyconsulting.com "-" "curl/8.7.1" "-"
2a03:2880:f800:: - - [16/Jul/2026:00:59:30 +0200] "GET /goods/752003567?lokasie=/homepages/10/d315911638/htdocs/clickandbuilds/IssyInvestment/license.txt&loknya=/homepages/10/d315911638/htdocs/clickandbuilds/IssyInvestment HTTP/1.1" 200 24380 issyinvestments.com "-" "Mozilla/5.0 (Macintosh; Intel Mac OS X 10_15_7) AppleWebKit/537.36 (KHTML, like Gecko) Chrome/145.0.0.0 Safari/537.36 (compatible; meta-externalagent/1.1 (+https://developers.facebook.com/docs/sharing/webmasters/crawler))" "-"
185.177.72.0 - - [16/Jul/2026:00:59:30 +0200] "GET /vendor/settings%2ephp HTTP/1.1" 500 2746 issyconsulting.com "-" "curl/8.7.1" "-"
216.73.216.0 - - [16/Jul/2026:00:59:31 +0200] "GET /goods/2a5295615?lokasie=%2Fhomepages%2F10%2Fd315911638%2Fhtdocs%2Fclickandbuilds%2FIssyInvestment%2Fwp-includes%2Ffeed-atom.php&loknya=%2Fhomepages%2F10%2Fd315911638%2Fhtdocs%2Fclickandbuilds%2FIssyInvestment%2Fwp-includes HTTP/1.1" 429 267 issyinvestments.com "-" "Mozilla/5.0 AppleWebKit/537.36 (KHTML, like Gecko; compatible; ClaudeBot/1.0; +claudebot@anthropic.com)" "-"
185.177.72.0 - - [16/Jul/2026:00:59:31 +0200] "GET /database%2ephp HTTP/1.1" 500 2746 issyconsulting.com "-" "curl/8.7.1" "-"
74.7.242.0 - - [16/Jul/2026:00:59:32 +0200] "GET /?loknya=/proc/irq/78 HTTP/1.1" 429 267 issyinvestments.com "https://issyinvestments.com/?loknya=/proc/irq" "Mozilla/5.0 AppleWebKit/537.36 (KHTML, like Gecko; compatible; GPTBot/1.4; +https://openai.com/gptbot)" "-"
185.177.72.0 - - [16/Jul/2026:00:59:32 +0200] "GET /db%2ephp HTTP/1.1" 500 2746 issyconsulting.com "-" "curl/8.7.1" "-"
185.177.72.0 - - [16/Jul/2026:00:59:33 +0200] "GET /dbconfig%2ephp HTTP/1.1" 500 2746 issyconsulting.com "-" "curl/8.7.1" "-"
185.177.72.0 - - [16/Jul/2026:00:59:34 +0200] "GET /credentials%2ephp HTTP/1.1" 500 2746 issyconsulting.com "-" "curl/8.7.1" "-"
185.177.72.0 - - [16/Jul/2026:00:59:35 +0200] "GET /auth%2ephp HTTP/1.1" 500 2746 issyconsulting.com "-" "curl/8.7.1" "-"
185.177.72.0 - - [16/Jul/2026:00:59:36 +0200] "GET /auth%2ejson HTTP/1.1" 500 2746 issyconsulting.com "-" "curl/8.7.1" "-"
216.73.216.0 - - [16/Jul/2026:00:59:37 +0200] "GET /goods/1e4758727?lokasie=%2Fhomepages%2F10%2Fd315911638%2Fhtdocs%2Flogs%2Faccess.log.21.gz&loknya=%2Fhomepages%2F10%2Fd315911638%2Fhtdocs%2Flogs HTTP/1.1" 429 267 issyinvestments.com "-" "Mozilla/5.0 AppleWebKit/537.36 (KHTML, like Gecko; compatible; ClaudeBot/1.0; +claudebot@anthropic.com)" "-"
185.177.72.0 - - [16/Jul/2026:00:59:37 +0200] "GET /local%2ephp HTTP/1.1" 500 2746 issyconsulting.com "-" "curl/8.7.1" "-"
185.177.72.0 - - [16/Jul/2026:00:59:38 +0200] "GET /production%2ephp HTTP/1.1" 500 2746 issyconsulting.com "-" "curl/8.7.1" "-"
185.177.72.0 - - [16/Jul/2026:00:59:39 +0200] "GET /development%2ephp HTTP/1.1" 500 2746 issyconsulting.com "-" "curl/8.7.1" "-"
185.177.72.0 - - [16/Jul/2026:00:59:40 +0200] "GET /staging%2ephp HTTP/1.1" 500 2746 issyconsulting.com "-" "curl/8.7.1" "-"
185.177.72.0 - - [16/Jul/2026:00:59:41 +0200] "GET /backup/%2eenv HTTP/1.1" 500 2746 issyconsulting.com "-" "curl/8.7.1" "-"
216.73.216.0 - - [16/Jul/2026:00:59:42 +0200] "GET /goods/425108242?lokasie=%2Fhomepages%2F10%2Fd315911638%2Fhtdocs%2Fclickandbuilds%2FIssyInvestment%2Fwp-admin%2Fmenu-header.php&loknya=%2Fhomepages%2F10%2Fd315911638%2Fhtdocs%2Fclickandbuilds%2FIssyInvestment%2Fwp-admin HTTP/1.1" 429 267 issyinvestments.com "-" "Mozilla/5.0 AppleWebKit/537.36 (KHTML, like Gecko; compatible; ClaudeBot/1.0; +claudebot@anthropic.com)" "-"
185.177.72.0 - - [16/Jul/2026:00:59:42 +0200] "GET /backup/config%2ephp HTTP/1.1" 500 2746 issyconsulting.com "-" "curl/8.7.1" "-"
185.177.72.0 - - [16/Jul/2026:00:59:43 +0200] "GET /backup/settings%2ephp HTTP/1.1" 500 2746 issyconsulting.com "-" "curl/8.7.1" "-"
185.177.72.0 - - [16/Jul/2026:00:59:44 +0200] "GET /tmp/config%2ephp HTTP/1.1" 500 2746 issyconsulting.com "-" "curl/8.7.1" "-"
185.177.72.0 - - [16/Jul/2026:00:59:45 +0200] "GET /tmp/settings%2ephp HTTP/1.1" 500 2746 issyconsulting.com "-" "curl/8.7.1" "-"
2a03:2880:f800:: - - [16/Jul/2026:00:59:46 +0200] "GET /goods/845070806 HTTP/1.1" 200 46819 issyinvestments.com "-" "Mozilla/5.0 (Windows NT 10.0; Win64; x64) AppleWebKit/537.36 (KHTML, like Gecko) Chrome/145.0.0.0 Safari/537.36 (compatible; meta-externalagent/1.1 (+https://developers.facebook.com/docs/sharing/webmasters/crawler))" "-"
185.177.72.0 - - [16/Jul/2026:00:59:46 +0200] "GET /cache/config%2ephp HTTP/1.1" 500 2746 issyconsulting.com "-" "curl/8.7.1" "-"
216.73.216.0 - - [16/Jul/2026:00:59:47 +0200] "GET /goods/b61253458?lokasie=%2Fhomepages%2F10%2Fd315911638%2Fhtdocs%2Fclickandbuilds%2FIssyInvestment%2Fwp-includes%2Fclass-wp-block.php&loknya=%2Fhomepages%2F10%2Fd315911638%2Fhtdocs%2Fclickandbuilds%2FIssyInvestment%2Fwp-includes HTTP/1.1" 429 267 issyinvestments.com "-" "Mozilla/5.0 AppleWebKit/537.36 (KHTML, like Gecko; compatible; ClaudeBot/1.0; +claudebot@anthropic.com)" "-"
185.177.72.0 - - [16/Jul/2026:00:59:47 +0200] "GET /cache/settings%2ephp HTTP/1.1" 500 2746 issyconsulting.com "-" "curl/8.7.1" "-"
77.75.77.0 - - [16/Jul/2026:00:59:48 +0200] "GET /wp-content/uploads/2024/01/1.jpeg HTTP/1.1" 304 - issyconsulting.com "-" "Mozilla/5.0 (compatible; SeznamBot/4.0; +https://o-seznam.cz/napoveda/vyhledavani/en/seznambot-crawler/)" "-"
185.177.72.0 - - [16/Jul/2026:00:59:48 +0200] "GET /logs/config%2ephp HTTP/1.1" 403 1271 issyconsulting.com "-" "curl/8.7.1" "-"
185.177.72.0 - - [16/Jul/2026:00:59:48 +0200] "GET /uploads/config%2ephp HTTP/1.1" 500 2746 issyconsulting.com "-" "curl/8.7.1" "-"
185.177.72.0 - - [16/Jul/2026:00:59:50 +0200] "GET /ftp-deploy-sync-state%2ejson HTTP/1.1" 500 2746 issyconsulting.com "-" "curl/8.7.1" "-"
185.177.72.0 - - [16/Jul/2026:00:59:51 +0200] "GET /%2egithub/workflows/deploy%2eyml HTTP/1.1" 403 1271 issyconsulting.com "-" "curl/8.7.1" "-"
185.177.72.0 - - [16/Jul/2026:00:59:51 +0200] "GET /%2egithub/workflows/release%2eyml HTTP/1.1" 403 1271 issyconsulting.com "-" "curl/8.7.1" "-"
185.177.72.0 - - [16/Jul/2026:00:59:51 +0200] "GET /%2egitlab-ci%2eyml HTTP/1.1" 403 1271 issyconsulting.com "-" "curl/8.7.1" "-"
185.177.72.0 - - [16/Jul/2026:00:59:51 +0200] "GET /ansible/group_vars/all%2eyml HTTP/1.1" 500 2746 issyconsulting.com "-" "curl/8.7.1" "-"
216.73.216.0 - - [16/Jul/2026:00:59:52 +0200] "GET /goods/644066342?lokasie=%2Fhomepages%2F10%2Fd315911638%2Fhtdocs%2Fclickandbuilds%2FIssyInvestment%2Fwp-includes%2Fms-default-constants.php&loknya=%2Fhomepages%2F10%2Fd315911638%2Fhtdocs%2Fclickandbuilds%2FIssyInvestment%2Fwp-includes HTTP/1.1" 429 267 issyinvestments.com "-" "Mozilla/5.0 AppleWebKit/537.36 (KHTML, like Gecko; compatible; ClaudeBot/1.0; +claudebot@anthropic.com)" "-"
185.177.72.0 - - [16/Jul/2026:00:59:52 +0200] "GET /ansible/group_vars/prod%2eyml HTTP/1.1" 500 2746 issyconsulting.com "-" "curl/8.7.1" "-"
185.177.72.0 - - [16/Jul/2026:00:59:53 +0200] "GET /terraform%2etfvars HTTP/1.1" 500 2746 issyconsulting.com "-" "curl/8.7.1" "-"
82.165.80.0 - - [16/Jul/2026:00:59:54 +0200] "POST /wp-cron.php?doing_wp_cron=1784156394.1466529369354248046875 HTTP/1.1" 500 2704 issyconsulting.com "-" "WordPress/7.0.1; https://issyconsulting.com" "-"
185.177.72.0 - - [16/Jul/2026:00:59:55 +0200] "GET /terraform%2eauto%2etfvars HTTP/1.1" 500 2746 issyconsulting.com "-" "curl/8.7.1" "-"
185.177.72.0 - - [16/Jul/2026:00:59:56 +0200] "GET /%2eenv%2edocker HTTP/1.1" 500 2746 issyconsulting.com "-" "curl/8.7.1" "-"
216.73.216.0 - - [16/Jul/2026:00:59:57 +0200] "GET /goods/614243289?loknya=%2Fhomepages%2F10%2Fd315911638%2Fhtdocs%2Fclickandbuilds%2FIssyInvestment%2F.tmb HTTP/1.1" 429 267 issyinvestments.com "-" "Mozilla/5.0 AppleWebKit/537.36 (KHTML, like Gecko; compatible; ClaudeBot/1.0; +claudebot@anthropic.com)" "-"
185.177.72.0 - - [16/Jul/2026:00:59:57 +0200] "GET /%2eenv%2ekubernetes HTTP/1.1" 500 2746 issyconsulting.com "-" "curl/8.7.1" "-"
185.177.72.0 - - [16/Jul/2026:00:59:58 +0200] "GET /%2eenv%2eproduction%2elocal HTTP/1.1" 500 2746 issyconsulting.com "-" "curl/8.7.1" "-"
2a03:2880:f800:: - - [16/Jul/2026:00:59:59 +0200] "GET /goods/c65252687?lokasie=/homepages/10/d315911638/htdocs/clickandbuilds/IssyInvestment/cap.php&loknya=/homepages/10/d315911638/htdocs/clickandbuilds/IssyInvestment HTTP/1.1" 200 15132 issyinvestments.com "-" "Mozilla/5.0 (Windows NT 10.0; Win64; x64) AppleWebKit/537.36 (KHTML, like Gecko) Chrome/145.0.0.0 Safari/537.36 (compatible; meta-externalagent/1.1 (+https://developers.facebook.com/docs/sharing/webmasters/crawler))" "-"
185.177.72.0 - - [16/Jul/2026:00:59:59 +0200] "GET /%2eenv%2estaging%2elocal HTTP/1.1" 500 2746 issyconsulting.com "-" "curl/8.7.1" "-"
185.177.72.0 - - [16/Jul/2026:01:00:00 +0200] "GET /%2eenv%2edev%2elocal HTTP/1.1" 500 2746 issyconsulting.com "-" "curl/8.7.1" "-"
185.177.72.0 - - [16/Jul/2026:01:00:01 +0200] "GET /%2eenv%2etest%2elocal HTTP/1.1" 500 2746 issyconsulting.com "-" "curl/8.7.1" "-"
216.73.216.0 - - [16/Jul/2026:01:00:02 +0200] "GET /goods/035446926?lokasie=%2Fhomepages%2F10%2Fd315911638%2Fhtdocs%2Fclickandbuilds%2FIssyInvestment%2Fwp-includes%2Fclass-wp-block.php&loknya=%2Fhomepages%2F10%2Fd315911638%2Fhtdocs%2Fclickandbuilds%2FIssyInvestment%2Fwp-includes HTTP/1.1" 429 267 issyinvestments.com "-" "Mozilla/5.0 AppleWebKit/537.36 (KHTML, like Gecko; compatible; ClaudeBot/1.0; +claudebot@anthropic.com)" "-"
185.177.72.0 - - [16/Jul/2026:01:00:02 +0200] "GET /config/secrets%2ephp HTTP/1.1" 500 2746 issyconsulting.com "-" "curl/8.7.1" "-"
185.177.72.0 - - [16/Jul/2026:01:00:04 +0200] "GET /config/private%2ephp HTTP/1.1" 500 2746 issyconsulting.com "-" "curl/8.7.1" "-"
185.177.72.0 - - [16/Jul/2026:01:00:05 +0200] "GET /config/private%2eyml HTTP/1.1" 500 2746 issyconsulting.com "-" "curl/8.7.1" "-"
185.177.72.0 - - [16/Jul/2026:01:00:06 +0200] "GET /config/private%2eyaml HTTP/1.1" 500 2746 issyconsulting.com "-" "curl/8.7.1" "-"
185.177.72.0 - - [16/Jul/2026:01:00:07 +0200] "GET /credentials/stripe%2ejson HTTP/1.1" 500 2746 issyconsulting.com "-" "curl/8.7.1" "-"
216.73.216.0 - - [16/Jul/2026:01:00:08 +0200] "GET /goods/f86351032?lokasie=%2Fhomepages%2F10%2Fd315911638%2Fhtdocs%2Fclickandbuilds%2FIssyInvestment%2Fwp-includes%2Fauthor-template.php&loknya=%2Fhomepages%2F10%2Fd315911638%2Fhtdocs%2Fclickandbuilds%2FIssyInvestment%2Fwp-includes HTTP/1.1" 429 267 issyinvestments.com "-" "Mozilla/5.0 AppleWebKit/537.36 (KHTML, like Gecko; compatible; ClaudeBot/1.0; +claudebot@anthropic.com)" "-"
185.177.72.0 - - [16/Jul/2026:01:00:08 +0200] "GET /credentials/payment%2ejson HTTP/1.1" 500 2746 issyconsulting.com "-" "curl/8.7.1" "-"
185.177.72.0 - - [16/Jul/2026:01:00:09 +0200] "GET /credentials/secrets%2ejson HTTP/1.1" 500 2746 issyconsulting.com "-" "curl/8.7.1" "-"
2a03:2880:f800:: - - [16/Jul/2026:01:00:10 +0200] "GET /goods/532249044 HTTP/1.1" 200 46816 issyinvestments.com "-" "Mozilla/5.0 (Macintosh; Intel Mac OS X 10_15_7) AppleWebKit/537.36 (KHTML, like Gecko) Chrome/145.0.0.0 Safari/537.36 (compatible; meta-externalagent/1.1 (+https://developers.facebook.com/docs/sharing/webmasters/crawler))" "-"
185.177.72.0 - - [16/Jul/2026:01:00:10 +0200] "GET /secrets/stripe%2ekey HTTP/1.1" 500 2746 issyconsulting.com "-" "curl/8.7.1" "-"
185.177.72.0 - - [16/Jul/2026:01:00:11 +0200] "GET /secrets/stripe%2etxt HTTP/1.1" 500 2746 issyconsulting.com "-" "curl/8.7.1" "-"
216.73.216.0 - - [16/Jul/2026:01:00:12 +0200] "GET /goods/984993301?lokasie=%2Fhomepages%2F10%2Fd315911638%2Fhtdocs%2Fclickandbuilds%2FIssyInvestment%2Fwp-includes%2Fpluggable-deprecated.php&loknya=%2Fhomepages%2F10%2Fd315911638%2Fhtdocs%2Fclickandbuilds%2FIssyInvestment%2Fwp-includes HTTP/1.1" 429 267 issyinvestments.com "-" "Mozilla/5.0 AppleWebKit/537.36 (KHTML, like Gecko; compatible; ClaudeBot/1.0; +claudebot@anthropic.com)" "-"
185.177.72.0 - - [16/Jul/2026:01:00:12 +0200] "GET /secrets/config%2ejson HTTP/1.1" 500 2746 issyconsulting.com "-" "curl/8.7.1" "-"
185.177.72.0 - - [16/Jul/2026:01:00:13 +0200] "GET /data/config%2ejson HTTP/1.1" 500 2746 issyconsulting.com "-" "curl/8.7.1" "-"
185.177.72.0 - - [16/Jul/2026:01:00:14 +0200] "GET /data/settings%2ejson HTTP/1.1" 500 2746 issyconsulting.com "-" "curl/8.7.1" "-"
185.177.72.0 - - [16/Jul/2026:01:00:15 +0200] "GET /conf/config%2ephp HTTP/1.1" 500 2746 issyconsulting.com "-" "curl/8.7.1" "-"
185.177.72.0 - - [16/Jul/2026:01:00:16 +0200] "GET /conf/settings%2ephp HTTP/1.1" 500 2746 issyconsulting.com "-" "curl/8.7.1" "-"
216.73.216.0 - - [16/Jul/2026:01:00:17 +0200] "GET /goods/c16002481?lokasie=%2Fkunden%2Fproc%2Fnuserproc&loknya=%2Fkunden%2Fproc HTTP/1.1" 429 267 issyinvestments.com "-" "Mozilla/5.0 AppleWebKit/537.36 (KHTML, like Gecko; compatible; ClaudeBot/1.0; +claudebot@anthropic.com)" "-"
185.177.72.0 - - [16/Jul/2026:01:00:17 +0200] "GET /etc/config%2ephp HTTP/1.1" 500 2746 issyconsulting.com "-" "curl/8.7.1" "-"
185.177.72.0 - - [16/Jul/2026:01:00:18 +0200] "GET /etc/settings%2ephp HTTP/1.1" 500 2746 issyconsulting.com "-" "curl/8.7.1" "-"
185.177.72.0 - - [16/Jul/2026:01:00:19 +0200] "GET /system/config%2ephp HTTP/1.1" 500 2746 issyconsulting.com "-" "curl/8.7.1" "-"
185.177.72.0 - - [16/Jul/2026:01:00:20 +0200] "GET /system/settings%2ephp HTTP/1.1" 500 2746 issyconsulting.com "-" "curl/8.7.1" "-"
2a03:2880:f800:: - - [16/Jul/2026:01:00:21 +0200] "GET /goods/613183369?lokasie=/homepages/10/d315911638/htdocs/clickandbuilds/IssyInvestment/wp-mail.php&loknya=/homepages/10/d315911638/htdocs/clickandbuilds/IssyInvestment HTTP/1.1" 200 13171 issyinvestments.com "-" "Mozilla/5.0 (Windows NT 10.0; Win64; x64) AppleWebKit/537.36 (KHTML, like Gecko) Chrome/145.0.0.0 Safari/537.36 (compatible; meta-externalagent/1.1 (+https://developers.facebook.com/docs/sharing/webmasters/crawler))" "-"
185.177.72.0 - - [16/Jul/2026:01:00:21 +0200] "GET /core/config%2ephp HTTP/1.1" 500 2746 issyconsulting.com "-" "curl/8.7.1" "-"
216.73.216.0 - - [16/Jul/2026:01:00:22 +0200] "GET /goods/b16618672?lokasie=%2Fhomepages%2F10%2Fd315911638%2Fhtdocs%2Fclickandbuilds%2FIssyInvestment%2Fwp-includes%2Fclass-wp-locale.php&loknya=%2Fhomepages%2F10%2Fd315911638%2Fhtdocs%2Fclickandbuilds%2FIssyInvestment%2Fwp-includes HTTP/1.1" 429 267 issyinvestments.com "-" "Mozilla/5.0 AppleWebKit/537.36 (KHTML, like Gecko; compatible; ClaudeBot/1.0; +claudebot@anthropic.com)" "-"
185.177.72.0 - - [16/Jul/2026:01:00:22 +0200] "GET /core/settings%2ephp HTTP/1.1" 500 2746 issyconsulting.com "-" "curl/8.7.1" "-"
185.177.72.0 - - [16/Jul/2026:01:00:23 +0200] "GET /lib/config%2ephp HTTP/1.1" 500 2746 issyconsulting.com "-" "curl/8.7.1" "-"
185.177.72.0 - - [16/Jul/2026:01:00:24 +0200] "GET /lib/settings%2ephp HTTP/1.1" 500 2746 issyconsulting.com "-" "curl/8.7.1" "-"
185.177.72.0 - - [16/Jul/2026:01:00:25 +0200] "GET /modules/payment/config%2ephp HTTP/1.1" 500 2746 issyconsulting.com "-" "curl/8.7.1" "-"
185.177.72.0 - - [16/Jul/2026:01:00:26 +0200] "GET /modules/stripe/config%2ephp HTTP/1.1" 500 2746 issyconsulting.com "-" "curl/8.7.1" "-"
216.73.216.0 - - [16/Jul/2026:01:00:27 +0200] "GET /goods/b05803637?lokasie=%2Fhomepages%2F10%2Fd315911638%2Fhtdocs%2Fclickandbuilds%2FIssyInvestment%2Fwp-includes%2Fms-blogs.php&loknya=%2Fhomepages%2F10%2Fd315911638%2Fhtdocs%2Fclickandbuilds%2FIssyInvestment%2Fwp-includes HTTP/1.1" 200 30424 issyinvestments.com "-" "Mozilla/5.0 AppleWebKit/537.36 (KHTML, like Gecko; compatible; ClaudeBot/1.0; +claudebot@anthropic.com)" "-"
185.177.72.0 - - [16/Jul/2026:01:00:27 +0200] "GET /plugins/stripe/config%2ephp HTTP/1.1" 500 2746 issyconsulting.com "-" "curl/8.7.1" "-"
185.177.72.0 - - [16/Jul/2026:01:00:28 +0200] "GET /plugins/payment/config%2ephp HTTP/1.1" 500 2746 issyconsulting.com "-" "curl/8.7.1" "-"
185.177.72.0 - - [16/Jul/2026:01:00:29 +0200] "GET /extensions/stripe/config%2ephp HTTP/1.1" 500 2746 issyconsulting.com "-" "curl/8.7.1" "-"
2a03:2880:f800:: - - [16/Jul/2026:01:00:30 +0200] "GET /goods/e63426742?lokasie=/homepages/10/d315911638/htdocs/clickandbuilds/IssyInvestment/wp-comments-post.php&loknya=/homepages/10/d315911638/htdocs/clickandbuilds/IssyInvestment HTTP/1.1" 200 6764 issyinvestments.com "-" "Mozilla/5.0 (Windows NT 10.0; Win64; x64) AppleWebKit/537.36 (KHTML, like Gecko) Chrome/145.0.0.0 Safari/537.36 (compatible; meta-externalagent/1.1 (+https://developers.facebook.com/docs/sharing/webmasters/crawler))" "-"
185.177.72.0 - - [16/Jul/2026:01:00:30 +0200] "GET /microservice-payment/%2eenv HTTP/1.1" 500 2746 issyconsulting.com "-" "curl/8.7.1" "-"
185.177.72.0 - - [16/Jul/2026:01:00:30 +0200] "GET /payment-service/%2eenv HTTP/1.1" 500 2746 issyconsulting.com "-" "curl/8.7.1" "-"
74.7.242.0 - - [16/Jul/2026:01:00:31 +0200] "GET /?loknya=/proc/irq/66 HTTP/1.1" 200 12583 issyinvestments.com "https://issyinvestments.com/?loknya=/proc/irq" "Mozilla/5.0 AppleWebKit/537.36 (KHTML, like Gecko; compatible; GPTBot/1.4; +https://openai.com/gptbot)" "-"
185.177.72.0 - - [16/Jul/2026:01:00:31 +0200] "GET /billing-service/%2eenv HTTP/1.1" 500 2746 issyconsulting.com "-" "curl/8.7.1" "-"
216.73.216.0 - - [16/Jul/2026:01:00:32 +0200] "GET /goods/044782428?lokasie=%2Fhomepages%2F10%2Fd315911638%2Fhtdocs%2Fclickandbuilds%2FIssyInvestment%2Fwp-includes%2Fclass-wp-block-list.php&loknya=%2Fhomepages%2F10%2Fd315911638%2Fhtdocs%2Fclickandbuilds%2FIssyInvestment%2Fwp-includes HTTP/1.1" 200 9326 issyinvestments.com "-" "Mozilla/5.0 AppleWebKit/537.36 (KHTML, like Gecko; compatible; ClaudeBot/1.0; +claudebot@anthropic.com)" "-"
185.177.72.0 - - [16/Jul/2026:01:00:32 +0200] "GET /docker/secrets/stripe_key HTTP/1.1" 500 2746 issyconsulting.com "-" "curl/8.7.1" "-"
185.177.72.0 - - [16/Jul/2026:01:00:33 +0200] "GET /docker/secrets/stripe_secret HTTP/1.1" 500 2746 issyconsulting.com "-" "curl/8.7.1" "-"
185.177.72.0 - - [16/Jul/2026:01:00:34 +0200] "GET /run/secrets/stripe_key HTTP/1.1" 500 2746 issyconsulting.com "-" "curl/8.7.1" "-"
185.177.72.0 - - [16/Jul/2026:01:00:35 +0200] "GET /run/secrets/stripe_secret HTTP/1.1" 500 2746 issyconsulting.com "-" "curl/8.7.1" "-"
185.177.72.0 - - [16/Jul/2026:01:00:36 +0200] "GET /appsettings%2ejson HTTP/1.1" 500 2746 issyconsulting.com "-" "curl/8.7.1" "-"
216.73.216.0 - - [16/Jul/2026:01:00:37 +0200] "GET /goods/34580695?lokasie=%2Fhomepages%2F10%2Fd315911638%2Fhtdocs%2Fclickandbuilds%2FIssyInvestment%2Fwp-includes%2F%2Fsession.php&loknya=%2Fhomepages%2F10%2Fd315911638%2Fhtdocs%2Fclickandbuilds%2FIssyInvestment%2Fwp-includes%2F HTTP/1.1" 200 4738 issyinvestments.com "-" "Mozilla/5.0 AppleWebKit/537.36 (KHTML, like Gecko; compatible; ClaudeBot/1.0; +claudebot@anthropic.com)" "-"
185.177.72.0 - - [16/Jul/2026:01:00:37 +0200] "GET /appsettings%2eProduction%2ejson HTTP/1.1" 500 2746 issyconsulting.com "-" "curl/8.7.1" "-"
185.177.72.0 - - [16/Jul/2026:01:00:38 +0200] "GET /secret-manager%2ejson HTTP/1.1" 500 2746 issyconsulting.com "-" "curl/8.7.1" "-"
2a03:2880:f800:: - - [16/Jul/2026:01:00:39 +0200] "GET /goods/b44697624 HTTP/1.1" 200 46819 issyinvestments.com "-" "Mozilla/5.0 (Windows NT 10.0; Win64; x64) AppleWebKit/537.36 (KHTML, like Gecko) Chrome/145.0.0.0 Safari/537.36 (compatible; meta-externalagent/1.1 (+https://developers.facebook.com/docs/sharing/webmasters/crawler))" "-"
185.177.72.0 - - [16/Jul/2026:01:00:40 +0200] "GET /vault%2ejson HTTP/1.1" 500 2746 issyconsulting.com "-" "curl/8.7.1" "-"
185.177.72.0 - - [16/Jul/2026:01:00:41 +0200] "GET /env HTTP/1.1" 500 2746 issyconsulting.com "-" "curl/8.7.1" "-"
216.73.216.0 - - [16/Jul/2026:01:00:42 +0200] "GET /goods/684176853?lokasie=%2Fhomepages%2F10%2Fd315911638%2Fhtdocs%2Fclickandbuilds%2FIssyInvestment%2Fwp-includes%2Fdefault-constants.php&loknya=%2Fhomepages%2F10%2Fd315911638%2Fhtdocs%2Fclickandbuilds%2FIssyInvestment%2Fwp-includes HTTP/1.1" 200 15682 issyinvestments.com "-" "Mozilla/5.0 AppleWebKit/537.36 (KHTML, like Gecko; compatible; ClaudeBot/1.0; +claudebot@anthropic.com)" "-"
185.177.72.0 - - [16/Jul/2026:01:00:42 +0200] "GET /app/%2eenv HTTP/1.1" 500 2746 issyconsulting.com "-" "curl/8.7.1" "-"
185.177.72.0 - - [16/Jul/2026:01:00:43 +0200] "GET /%2eenv HTTP/1.1" 500 2746 issyconsulting.com "-" "curl/8.7.1" "-"
185.177.72.0 - - [16/Jul/2026:01:00:44 +0200] "GET /index%2ets HTTP/1.1" 500 2746 issyconsulting.com "-" "curl/8.7.1" "-"
185.177.72.0 - - [16/Jul/2026:01:00:45 +0200] "GET /%2eenv HTTP/1.1" 500 2746 issyconsulting.com "-" "curl/8.7.1" "-"
2a03:2880:f800:: - - [16/Jul/2026:01:00:46 +0200] "GET /goods/f46062132?lokasie=/homepages/10/d315911638/htdocs/clickandbuilds/IssyInvestment/license.txt&loknya=/homepages/10/d315911638/htdocs/clickandbuilds/IssyInvestment HTTP/1.1" 200 24380 issyinvestments.com "-" "Mozilla/5.0 (Windows NT 10.0; Win64; x64) AppleWebKit/537.36 (KHTML, like Gecko) Chrome/145.0.0.0 Safari/537.36 (compatible; meta-externalagent/1.1 (+https://developers.facebook.com/docs/sharing/webmasters/crawler))" "-"
185.177.72.0 - - [16/Jul/2026:01:00:46 +0200] "GET /%2eenv HTTP/1.1" 500 2746 issyconsulting.com "-" "curl/8.7.1" "-"
216.73.216.0 - - [16/Jul/2026:01:00:47 +0200] "GET /goods/684176853?lokasie=%2Fhomepages%2F10%2Fd315911638%2Fhtdocs%2Fclickandbuilds%2FIssyInvestment%2Fwp-includes%2Fversion.php&loknya=%2Fhomepages%2F10%2Fd315911638%2Fhtdocs%2Fclickandbuilds%2FIssyInvestment%2Fwp-includes HTTP/1.1" 200 5407 issyinvestments.com "-" "Mozilla/5.0 AppleWebKit/537.36 (KHTML, like Gecko; compatible; ClaudeBot/1.0; +claudebot@anthropic.com)" "-"
185.177.72.0 - - [16/Jul/2026:01:00:47 +0200] "GET /app/config%2ejson HTTP/1.1" 500 2746 issyconsulting.com "-" "curl/8.7.1" "-"
185.177.72.0 - - [16/Jul/2026:01:00:48 +0200] "GET /config HTTP/1.1" 500 2746 issyconsulting.com "-" "curl/8.7.1" "-"
185.177.72.0 - - [16/Jul/2026:01:00:49 +0200] "GET /prod%2eenv HTTP/1.1" 500 2746 issyconsulting.com "-" "curl/8.7.1" "-"
185.177.72.0 - - [16/Jul/2026:01:00:50 +0200] "GET /dev%2eenv HTTP/1.1" 500 2746 issyconsulting.com "-" "curl/8.7.1" "-"
185.177.72.0 - - [16/Jul/2026:01:00:51 +0200] "GET /cargo%2etoml HTTP/1.1" 500 2746 issyconsulting.com "-" "curl/8.7.1" "-"
216.73.216.0 - - [16/Jul/2026:01:00:52 +0200] "GET /goods/34580695?lokasie=%2Fhomepages%2F10%2Fd315911638%2Fhtdocs%2Fclickandbuilds%2FIssyInvestment%2Fwp-includes%2F%2Frss.php&loknya=%2Fhomepages%2F10%2Fd315911638%2Fhtdocs%2Fclickandbuilds%2FIssyInvestment%2Fwp-includes%2F HTTP/1.1" 200 28660 issyinvestments.com "-" "Mozilla/5.0 AppleWebKit/537.36 (KHTML, like Gecko; compatible; ClaudeBot/1.0; +claudebot@anthropic.com)" "-"
185.177.72.0 - - [16/Jul/2026:01:00:52 +0200] "GET /config/config%2ejson HTTP/1.1" 500 2746 issyconsulting.com "-" "curl/8.7.1" "-"
185.177.72.0 - - [16/Jul/2026:01:00:53 +0200] "GET /config/prod%2ejson HTTP/1.1" 500 2746 issyconsulting.com "-" "curl/8.7.1" "-"
185.177.72.0 - - [16/Jul/2026:01:00:53 +0200] "GET /prod%2ejson HTTP/1.1" 500 2746 issyconsulting.com "-" "curl/8.7.1" "-"
2a03:2880:f800:: - - [16/Jul/2026:01:00:54 +0200] "GET /goods/14175954?loknya=/homepages/10/d315911638 HTTP/1.1" 200 21735 issyinvestments.com "-" "Mozilla/5.0 (Macintosh; Intel Mac OS X 10_15_7) AppleWebKit/537.36 (KHTML, like Gecko) Chrome/145.0.0.0 Safari/537.36 (compatible; meta-externalagent/1.1 (+https://developers.facebook.com/docs/sharing/webmasters/crawler))" "-"
82.165.80.0 - - [16/Jul/2026:01:00:54 +0200] "POST /wp-cron.php?doing_wp_cron=1784156454.9617509841918945312500 HTTP/1.1" 500 2704 issyconsulting.com "-" "WordPress/7.0.1; https://issyconsulting.com" "-"
185.177.72.0 - - [16/Jul/2026:01:00:55 +0200] "GET /config%2elocal%2ejson HTTP/1.1" 500 2746 issyconsulting.com "-" "curl/8.7.1" "-"
185.177.72.0 - - [16/Jul/2026:01:00:56 +0200] "GET /appsettings%2eDevelopment%2ejson HTTP/1.1" 500 2746 issyconsulting.com "-" "curl/8.7.1" "-"
216.73.216.0 - - [16/Jul/2026:01:00:57 +0200] "GET /goods/331949659?lokasie=%2Fhomepages%2F10%2Fd315911638%2Fhtdocs%2Fclickandbuilds%2FIssyInvestment%2Fwp-includes%2Fms-default-constants.php&loknya=%2Fhomepages%2F10%2Fd315911638%2Fhtdocs%2Fclickandbuilds%2FIssyInvestment%2Fwp-includes HTTP/1.1" 200 9535 issyinvestments.com "-" "Mozilla/5.0 AppleWebKit/537.36 (KHTML, like Gecko; compatible; ClaudeBot/1.0; +claudebot@anthropic.com)" "-"
185.177.72.0 - - [16/Jul/2026:01:00:57 +0200] "GET /aws%2ejson HTTP/1.1" 500 2746 issyconsulting.com "-" "curl/8.7.1" "-"
185.177.72.0 - - [16/Jul/2026:01:00:58 +0200] "GET /aws-config%2ejson HTTP/1.1" 500 2746 issyconsulting.com "-" "curl/8.7.1" "-"
185.177.72.0 - - [16/Jul/2026:01:00:59 +0200] "GET /aws-credentials%2ejson HTTP/1.1" 500 2746 issyconsulting.com "-" "curl/8.7.1" "-"
185.177.72.0 - - [16/Jul/2026:01:01:00 +0200] "GET /config%2ecjs HTTP/1.1" 500 2746 issyconsulting.com "-" "curl/8.7.1" "-"
2a03:2880:f800:: - - [16/Jul/2026:01:01:01 +0200] "GET /goods/942812367?lokasie=/homepages/10/d315911638/htdocs/clickandbuilds/IssyInvestment/wp-signup.php&loknya=/homepages/10/d315911638/htdocs/clickandbuilds/IssyInvestment HTTP/1.1" 200 42250 issyinvestments.com "-" "Mozilla/5.0 (Windows NT 10.0; Win64; x64) AppleWebKit/537.36 (KHTML, like Gecko) Chrome/145.0.0.0 Safari/537.36 (compatible; meta-externalagent/1.1 (+https://developers.facebook.com/docs/sharing/webmasters/crawler))" "-"
185.177.72.0 - - [16/Jul/2026:01:01:01 +0200] "GET /config%2emjs HTTP/1.1" 500 2746 issyconsulting.com "-" "curl/8.7.1" "-"
216.73.216.0 - - [16/Jul/2026:01:01:02 +0200] "GET /goods/993787654?lokasie=%2Fhomepages%2F10%2Fd315911638%2Fhtdocs%2Fclickandbuilds%2FIssyInvestment%2Fwp-admin%2Fauthorize-application.php&loknya=%2Fhomepages%2F10%2Fd315911638%2Fhtdocs%2Fclickandbuilds%2FIssyInvestment%2Fwp-admin HTTP/1.1" 200 15802 issyinvestments.com "-" "Mozilla/5.0 AppleWebKit/537.36 (KHTML, like Gecko; compatible; ClaudeBot/1.0; +claudebot@anthropic.com)" "-"
185.177.72.0 - - [16/Jul/2026:01:01:02 +0200] "GET /env%2ejs HTTP/1.1" 500 2746 issyconsulting.com "-" "curl/8.7.1" "-"
185.177.72.0 - - [16/Jul/2026:01:01:03 +0200] "GET /main%2ejs HTTP/1.1" 500 2746 issyconsulting.com "-" "curl/8.7.1" "-"
185.177.72.0 - - [16/Jul/2026:01:01:04 +0200] "GET /bootstrap%2ejs HTTP/1.1" 500 2746 issyconsulting.com "-" "curl/8.7.1" "-"
185.177.72.0 - - [16/Jul/2026:01:01:05 +0200] "GET /constants%2ejs HTTP/1.1" 500 2746 issyconsulting.com "-" "curl/8.7.1" "-"
185.177.72.0 - - [16/Jul/2026:01:01:06 +0200] "GET /vars%2ejs HTTP/1.1" 500 2746 issyconsulting.com "-" "curl/8.7.1" "-"
216.73.216.0 - - [16/Jul/2026:01:01:07 +0200] "GET /goods/8b6637913?lokasie=%2Fhomepages%2F10%2Fd315911638%2Fhtdocs%2Fclickandbuilds%2FIssyInvestment%2Fwp-includes%2Fclass-wp-styles.php&loknya=%2Fhomepages%2F10%2Fd315911638%2Fhtdocs%2Fclickandbuilds%2FIssyInvestment%2Fwp-includes HTTP/1.1" 200 15874 issyinvestments.com "-" "Mozilla/5.0 AppleWebKit/537.36 (KHTML, like Gecko; compatible; ClaudeBot/1.0; +claudebot@anthropic.com)" "-"
2a03:2880:f800:: - - [16/Jul/2026:01:01:07 +0200] "GET /goods/653245084?lokasie=/homepages/10/d315911638/htdocs/clickandbuilds/IssyInvestment/xmlrpc.php&loknya=/homepages/10/d315911638/htdocs/clickandbuilds/IssyInvestment HTTP/1.1" 200 7867 issyinvestments.com "-" "Mozilla/5.0 (Windows NT 10.0; Win64; x64) AppleWebKit/537.36 (KHTML, like Gecko) Chrome/145.0.0.0 Safari/537.36 (compatible; meta-externalagent/1.1 (+https://developers.facebook.com/docs/sharing/webmasters/crawler))" "-"
185.177.72.0 - - [16/Jul/2026:01:01:07 +0200] "GET /environment%2ejs HTTP/1.1" 500 2746 issyconsulting.com "-" "curl/8.7.1" "-"
185.177.72.0 - - [16/Jul/2026:01:01:08 +0200] "GET /config%2ets HTTP/1.1" 500 2746 issyconsulting.com "-" "curl/8.7.1" "-"
185.177.72.0 - - [16/Jul/2026:01:01:09 +0200] "GET /settings%2ets HTTP/1.1" 500 2746 issyconsulting.com "-" "curl/8.7.1" "-"
185.177.72.0 - - [16/Jul/2026:01:01:10 +0200] "GET /env%2ets HTTP/1.1" 500 2746 issyconsulting.com "-" "curl/8.7.1" "-"
185.177.72.0 - - [16/Jul/2026:01:01:11 +0200] "GET /variables%2etfvars HTTP/1.1" 500 2746 issyconsulting.com "-" "curl/8.7.1" "-"
185.177.72.0 - - [16/Jul/2026:01:01:11 +0200] "GET /secrets%2etfvars HTTP/1.1" 500 2746 issyconsulting.com "-" "curl/8.7.1" "-"
216.73.216.0 - - [16/Jul/2026:01:01:12 +0200] "GET /goods/a8821968?lokasie=%2Fhomepages%2F10%2Fd315911638%2Fhtdocs%2Fclickandbuilds%2FIssyInvestment%2Fwp-includes%2Fcategory.php&loknya=%2Fhomepages%2F10%2Fd315911638%2Fhtdocs%2Fclickandbuilds%2FIssyInvestment%2Fwp-includes HTTP/1.1" 200 17383 issyinvestments.com "-" "Mozilla/5.0 AppleWebKit/537.36 (KHTML, like Gecko; compatible; ClaudeBot/1.0; +claudebot@anthropic.com)" "-"
185.177.72.0 - - [16/Jul/2026:01:01:12 +0200] "GET /config%2etfvars%2ejson HTTP/1.1" 500 2746 issyconsulting.com "-" "curl/8.7.1" "-"
2a03:2880:f800:: - - [16/Jul/2026:01:01:13 +0200] "GET /goods/db2300170?lokasie=/homepages/10/d315911638/htdocs/clickandbuilds/IssyInvestment/adminer.sql.gz&loknya=/homepages/10/d315911638/htdocs/clickandbuilds/IssyInvestment HTTP/1.1" 200 4363 issyinvestments.com "-" "Mozilla/5.0 (Windows NT 10.0; Win64; x64) AppleWebKit/537.36 (KHTML, like Gecko) Chrome/145.0.0.0 Safari/537.36 (compatible; meta-externalagent/1.1 (+https://developers.facebook.com/docs/sharing/webmasters/crawler))" "-"
185.177.72.0 - - [16/Jul/2026:01:01:13 +0200] "GET /terraform%2etfvars%2ejson HTTP/1.1" 500 2746 issyconsulting.com "-" "curl/8.7.1" "-"
185.177.72.0 - - [16/Jul/2026:01:01:15 +0200] "GET /credentials%2eini HTTP/1.1" 500 2746 issyconsulting.com "-" "curl/8.7.1" "-"
185.177.72.0 - - [16/Jul/2026:01:01:16 +0200] "GET /local%2esettings%2ejson HTTP/1.1" 500 2746 issyconsulting.com "-" "curl/8.7.1" "-"
216.73.216.0 - - [16/Jul/2026:01:01:17 +0200] "GET /goods/2b3247469?lokasie=%2Fhomepages%2F10%2Fd315911638%2Fhtdocs%2Fclickandbuilds%2FIssyInvestment%2Fwp-admin%2Fnetwork%2Fprivacy.php&loknya=%2Fhomepages%2F10%2Fd315911638%2Fhtdocs%2Fclickandbuilds%2FIssyInvestment%2Fwp-admin%2Fnetwork HTTP/1.1" 200 4836 issyinvestments.com "-" "Mozilla/5.0 AppleWebKit/537.36 (KHTML, like Gecko; compatible; ClaudeBot/1.0; +claudebot@anthropic.com)" "-"
185.177.72.0 - - [16/Jul/2026:01:01:17 +0200] "GET /private%2ejson HTTP/1.1" 500 2746 issyconsulting.com "-" "curl/8.7.1" "-"
185.177.72.0 - - [16/Jul/2026:01:01:18 +0200] "GET /runtimeconfig%2ejson HTTP/1.1" 500 2746 issyconsulting.com "-" "curl/8.7.1" "-"
2a03:2880:f800:: - - [16/Jul/2026:01:01:19 +0200] "GET /goods/613183369?lokasie=/homepages/10/d315911638/htdocs/clickandbuilds/IssyInvestment/wp-links-opml.php&loknya=/homepages/10/d315911638/htdocs/clickandbuilds/IssyInvestment HTTP/1.1" 200 7170 issyinvestments.com "-" "Mozilla/5.0 (Windows NT 10.0; Win64; x64) AppleWebKit/537.36 (KHTML, like Gecko) Chrome/145.0.0.0 Safari/537.36 (compatible; meta-externalagent/1.1 (+https://developers.facebook.com/docs/sharing/webmasters/crawler))" "-"
185.177.72.0 - - [16/Jul/2026:01:01:19 +0200] "GET /aws/bucket HTTP/1.1" 500 2746 issyconsulting.com "-" "curl/8.7.1" "-"
185.177.72.0 - - [16/Jul/2026:01:01:19 +0200] "GET /aws/buckets HTTP/1.1" 500 2746 issyconsulting.com "-" "curl/8.7.1" "-"
185.177.72.0 - - [16/Jul/2026:01:01:20 +0200] "GET /aws/config/s3%2ejson HTTP/1.1" 500 2746 issyconsulting.com "-" "curl/8.7.1" "-"
185.177.72.0 - - [16/Jul/2026:01:01:21 +0200] "GET /aws/s3/credentials HTTP/1.1" 500 2746 issyconsulting.com "-" "curl/8.7.1" "-"
216.73.216.0 - - [16/Jul/2026:01:01:22 +0200] "GET /goods/684176853?lokasie=%2Fhomepages%2F10%2Fd315911638%2Fhtdocs%2Fclickandbuilds%2FIssyInvestment%2Fwp-includes%2Fms-settings.php&loknya=%2Fhomepages%2F10%2Fd315911638%2Fhtdocs%2Fclickandbuilds%2FIssyInvestment%2Fwp-includes HTTP/1.1" 200 8646 issyinvestments.com "-" "Mozilla/5.0 AppleWebKit/537.36 (KHTML, like Gecko; compatible; ClaudeBot/1.0; +claudebot@anthropic.com)" "-"
185.177.72.0 - - [16/Jul/2026:01:01:22 +0200] "GET /aws/s3/env%2eenv HTTP/1.1" 500 2746 issyconsulting.com "-" "curl/8.7.1" "-"
185.177.72.0 - - [16/Jul/2026:01:01:23 +0200] "GET /aws_s3_bucket HTTP/1.1" 500 2746 issyconsulting.com "-" "curl/8.7.1" "-"
2a03:2880:f800:: - - [16/Jul/2026:01:01:24 +0200] "GET /goods/923824485?loknya=/homepages/10/d315911638 HTTP/1.1" 200 21737 issyinvestments.com "-" "Mozilla/5.0 (Windows NT 10.0; Win64; x64) AppleWebKit/537.36 (KHTML, like Gecko) Chrome/145.0.0.0 Safari/537.36 (compatible; meta-externalagent/1.1 (+https://developers.facebook.com/docs/sharing/webmasters/crawler))" "-"
185.177.72.0 - - [16/Jul/2026:01:01:24 +0200] "GET /aws_s3_config%2ejson HTTP/1.1" 500 2746 issyconsulting.com "-" "curl/8.7.1" "-"
185.177.72.0 - - [16/Jul/2026:01:01:25 +0200] "GET /s3/%2eaws/config HTTP/1.1" 500 2746 issyconsulting.com "-" "curl/8.7.1" "-"
185.177.72.0 - - [16/Jul/2026:01:01:26 +0200] "GET /config/aws%2ephp HTTP/1.1" 500 2746 issyconsulting.com "-" "curl/8.7.1" "-"
216.73.216.0 - - [16/Jul/2026:01:01:27 +0200] "GET /goods/951857187?lokasie=%2Fhomepages%2F10%2Fd315911638%2Fhtdocs%2Fclickandbuilds%2FIssyInvestment%2Fwp-includes%2Fblock-template-utils.php&loknya=%2Fhomepages%2F10%2Fd315911638%2Fhtdocs%2Fclickandbuilds%2FIssyInvestment%2Fwp-includes HTTP/1.1" 200 54055 issyinvestments.com "-" "Mozilla/5.0 AppleWebKit/537.36 (KHTML, like Gecko; compatible; ClaudeBot/1.0; +claudebot@anthropic.com)" "-"
185.177.72.0 - - [16/Jul/2026:01:01:27 +0200] "GET /%2eaws/config HTTP/1.1" 500 2746 issyconsulting.com "-" "curl/8.7.1" "-"
185.177.72.0 - - [16/Jul/2026:01:01:28 +0200] "GET /aws-codecommit/ HTTP/1.1" 500 2746 issyconsulting.com "-" "curl/8.7.1" "-"
2a03:2880:f800:: - - [16/Jul/2026:01:01:29 +0200] "GET /goods/8d1113635 HTTP/1.1" 200 46819 issyinvestments.com "-" "Mozilla/5.0 (Macintosh; Intel Mac OS X 10_15_7) AppleWebKit/537.36 (KHTML, like Gecko) Chrome/145.0.0.0 Safari/537.36 (compatible; meta-externalagent/1.1 (+https://developers.facebook.com/docs/sharing/webmasters/crawler))" "-"
185.177.72.0 - - [16/Jul/2026:01:01:29 +0200] "GET /aws%2eyaml HTTP/1.1" 500 2746 issyconsulting.com "-" "curl/8.7.1" "-"
185.177.72.0 - - [16/Jul/2026:01:01:29 +0200] "GET /old/aws_config HTTP/1.1" 500 2746 issyconsulting.com "-" "curl/8.7.1" "-"
185.177.72.0 - - [16/Jul/2026:01:01:31 +0200] "GET /aws%2eenv%2ejson HTTP/1.1" 500 2746 issyconsulting.com "-" "curl/8.7.1" "-"
216.73.216.0 - - [16/Jul/2026:01:01:32 +0200] "GET /goods/b93444757?lokasie=%2Fhomepages%2F10%2Fd315911638%2Fhtdocs%2Fclickandbuilds%2FIssyInvestment%2Fwp-admin%2Ftools.php&loknya=%2Fhomepages%2F10%2Fd315911638%2Fhtdocs%2Fclickandbuilds%2FIssyInvestment%2Fwp-admin HTTP/1.1" 200 8285 issyinvestments.com "-" "Mozilla/5.0 AppleWebKit/537.36 (KHTML, like Gecko; compatible; ClaudeBot/1.0; +claudebot@anthropic.com)" "-"
185.177.72.0 - - [16/Jul/2026:01:01:32 +0200] "GET /aws%2eenv HTTP/1.1" 500 2746 issyconsulting.com "-" "curl/8.7.1" "-"
74.7.242.0 - - [16/Jul/2026:01:01:33 +0200] "GET /?loknya=/proc/irq/83 HTTP/1.1" 200 12583 issyinvestments.com "https://issyinvestments.com/?loknya=/proc/irq" "Mozilla/5.0 AppleWebKit/537.36 (KHTML, like Gecko; compatible; GPTBot/1.4; +https://openai.com/gptbot)" "-"
2a03:2880:f800:: - - [16/Jul/2026:01:01:33 +0200] "GET /goods/fb4707940?lokasie=/homepages/10/d315911638/htdocs/clickandbuilds/IssyInvestment/investmenut.zip&loknya=/homepages/10/d315911638/htdocs/clickandbuilds/IssyInvestment HTTP/1.1" 200 4364 issyinvestments.com "-" "Mozilla/5.0 (Windows NT 10.0; Win64; x64) AppleWebKit/537.36 (KHTML, like Gecko) Chrome/145.0.0.0 Safari/537.36 (compatible; meta-externalagent/1.1 (+https://developers.facebook.com/docs/sharing/webmasters/crawler))" "-"
185.177.72.0 - - [16/Jul/2026:01:01:33 +0200] "GET /aws-ses%2ejson HTTP/1.1" 500 2746 issyconsulting.com "-" "curl/8.7.1" "-"
185.177.72.0 - - [16/Jul/2026:01:01:34 +0200] "GET /aws/ses/smtp%2eenv HTTP/1.1" 500 2746 issyconsulting.com "-" "curl/8.7.1" "-"
185.177.72.0 - - [16/Jul/2026:01:01:35 +0200] "GET /aws/metadata HTTP/1.1" 500 2746 issyconsulting.com "-" "curl/8.7.1" "-"
185.177.72.0 - - [16/Jul/2026:01:01:36 +0200] "GET /aws%2eyml HTTP/1.1" 500 2746 issyconsulting.com "-" "curl/8.7.1" "-"
