216.73.216.0 - - [16/Jul/2026:01:07:08 +0200] "GET /goods/64641351?lokasie=%2Fhomepages%2F10%2Fd315911638%2Fhtdocs%2Fclickandbuilds%2FIssyInvestment%2Fwp-includes%2Fdeprecated.php&loknya=%2Fhomepages%2F10%2Fd315911638%2Fhtdocs%2Fclickandbuilds%2FIssyInvestment%2Fwp-includes HTTP/1.1" 429 267 issyinvestments.com "-" "Mozilla/5.0 AppleWebKit/537.36 (KHTML, like Gecko; compatible; ClaudeBot/1.0; +claudebot@anthropic.com)" "-"
185.177.72.0 - - [16/Jul/2026:01:07:08 +0200] "GET /config/db%2eenv HTTP/1.1" 500 2746 issyconsulting.com "-" "curl/8.7.1" "-"
185.177.72.0 - - [16/Jul/2026:01:07:09 +0200] "GET /sites-enabled/default HTTP/1.1" 500 2746 issyconsulting.com "-" "curl/8.7.1" "-"
185.177.72.0 - - [16/Jul/2026:01:07:10 +0200] "GET /wp-json/wc/v3/payment_gateways HTTP/1.1" 500 2746 issyconsulting.com "-" "curl/8.7.1" "-"
185.177.72.0 - - [16/Jul/2026:01:07:11 +0200] "GET /wp-json/wc/v2/payment_gateways HTTP/1.1" 500 2746 issyconsulting.com "-" "curl/8.7.1" "-"
185.177.72.0 - - [16/Jul/2026:01:07:12 +0200] "GET /wp-json/wc/v1/payment_gateways HTTP/1.1" 500 2746 issyconsulting.com "-" "curl/8.7.1" "-"
216.73.216.0 - - [16/Jul/2026:01:07:13 +0200] "GET /goods/a8821968?lokasie=%2Fhomepages%2F10%2Fd315911638%2Fhtdocs%2Fclickandbuilds%2FIssyInvestment%2Fwp-admin%2Fupload.php&loknya=%2Fhomepages%2F10%2Fd315911638%2Fhtdocs%2Fclickandbuilds%2FIssyInvestment%2Fwp-admin HTTP/1.1" 429 267 issyinvestments.com "-" "Mozilla/5.0 AppleWebKit/537.36 (KHTML, like Gecko; compatible; ClaudeBot/1.0; +claudebot@anthropic.com)" "-"
185.177.72.0 - - [16/Jul/2026:01:07:13 +0200] "GET /wp-content/uploads/2024/%2eenv HTTP/1.1" 500 2746 issyconsulting.com "-" "curl/8.7.1" "-"
185.177.72.0 - - [16/Jul/2026:01:07:14 +0200] "GET /wp-content/uploads/2025/%2eenv HTTP/1.1" 500 2746 issyconsulting.com "-" "curl/8.7.1" "-"
74.7.242.0 - - [16/Jul/2026:01:07:15 +0200] "GET /?lokasie=/proc/irq/38//node&loknya=/proc/irq/38/ HTTP/1.1" 429 267 issyinvestments.com "https://issyinvestments.com/?loknya=/proc/irq/38/" "Mozilla/5.0 AppleWebKit/537.36 (KHTML, like Gecko; compatible; GPTBot/1.4; +https://openai.com/gptbot)" "-"
185.177.72.0 - - [16/Jul/2026:01:07:15 +0200] "GET /%2epasswd-s3fs HTTP/1.1" 500 2746 issyconsulting.com "-" "curl/8.7.1" "-"
2a03:2880:f800:: - - [16/Jul/2026:01:07:16 +0200] "GET /goods/383897984 HTTP/1.1" 200 46819 issyinvestments.com "-" "Mozilla/5.0 (Windows NT 10.0; Win64; x64) AppleWebKit/537.36 (KHTML, like Gecko) Chrome/145.0.0.0 Safari/537.36 (compatible; meta-externalagent/1.1 (+https://developers.facebook.com/docs/sharing/webmasters/crawler))" "-"
185.177.72.0 - - [16/Jul/2026:01:07:16 +0200] "GET /_debugbar HTTP/1.1" 500 2746 issyconsulting.com "-" "curl/8.7.1" "-"
216.73.216.0 - - [16/Jul/2026:01:07:18 +0200] "GET /goods/535069855?lokasie=%2Fhomepages%2F10%2Fd315911638%2Fhtdocs%2Fclickandbuilds%2FIssyInvestment%2Fwp-includes%2Fclass-wp-http-cookie.php&loknya=%2Fhomepages%2F10%2Fd315911638%2Fhtdocs%2Fclickandbuilds%2FIssyInvestment%2Fwp-includes HTTP/1.1" 429 267 issyinvestments.com "-" "Mozilla/5.0 AppleWebKit/537.36 (KHTML, like Gecko; compatible; ClaudeBot/1.0; +claudebot@anthropic.com)" "-"
185.177.72.0 - - [16/Jul/2026:01:07:18 +0200] "GET /webhook HTTP/1.1" 500 2746 issyconsulting.com "-" "curl/8.7.1" "-"
185.177.72.0 - - [16/Jul/2026:01:07:19 +0200] "GET /form HTTP/1.1" 500 2746 issyconsulting.com "-" "curl/8.7.1" "-"
185.177.72.0 - - [16/Jul/2026:01:07:20 +0200] "GET /rest/oauth1-credential/auth HTTP/1.1" 500 2746 issyconsulting.com "-" "curl/8.7.1" "-"
185.177.72.0 - - [16/Jul/2026:01:07:21 +0200] "GET /rest/oauth2-credential/auth HTTP/1.1" 500 2746 issyconsulting.com "-" "curl/8.7.1" "-"
185.177.72.0 - - [16/Jul/2026:01:07:22 +0200] "GET /balancer-manager HTTP/1.1" 500 2746 issyconsulting.com "-" "curl/8.7.1" "-"
216.73.216.0 - - [16/Jul/2026:01:07:23 +0200] "GET /goods/34580695?lokasie=%2Fhomepages%2F10%2Fd315911638%2Fhtdocs%2Fclickandbuilds%2FIssyInvestment%2Fwp-includes%2F%2Fclass-walker-page.php&loknya=%2Fhomepages%2F10%2Fd315911638%2Fhtdocs%2Fclickandbuilds%2FIssyInvestment%2Fwp-includes%2F HTTP/1.1" 429 267 issyinvestments.com "-" "Mozilla/5.0 AppleWebKit/537.36 (KHTML, like Gecko; compatible; ClaudeBot/1.0; +claudebot@anthropic.com)" "-"
185.177.72.0 - - [16/Jul/2026:01:07:23 +0200] "GET /Vagrantfile HTTP/1.1" 500 2746 issyconsulting.com "-" "curl/8.7.1" "-"
185.177.72.0 - - [16/Jul/2026:01:07:24 +0200] "GET /Jenkinsfile HTTP/1.1" 500 2746 issyconsulting.com "-" "curl/8.7.1" "-"
185.177.72.0 - - [16/Jul/2026:01:07:25 +0200] "GET /rest/workflows HTTP/1.1" 500 2746 issyconsulting.com "-" "curl/8.7.1" "-"
185.177.72.0 - - [16/Jul/2026:01:07:26 +0200] "GET /rest/executions HTTP/1.1" 500 2746 issyconsulting.com "-" "curl/8.7.1" "-"
185.177.72.0 - - [16/Jul/2026:01:07:27 +0200] "GET /rest/workflows/run HTTP/1.1" 500 2746 issyconsulting.com "-" "curl/8.7.1" "-"
216.73.216.0 - - [16/Jul/2026:01:07:28 +0200] "GET /goods/211523579?lokasie=%2Fhomepages%2F10%2Fd315911638%2Fhtdocs%2Fclickandbuilds%2FIssyInvestment%2Fwp-admin%2Fedit-comments.php&loknya=%2Fhomepages%2F10%2Fd315911638%2Fhtdocs%2Fclickandbuilds%2FIssyInvestment%2Fwp-admin HTTP/1.1" 429 267 issyinvestments.com "-" "Mozilla/5.0 AppleWebKit/537.36 (KHTML, like Gecko; compatible; ClaudeBot/1.0; +claudebot@anthropic.com)" "-"
185.177.72.0 - - [16/Jul/2026:01:07:28 +0200] "GET /api/v1/workflows HTTP/1.1" 500 2746 issyconsulting.com "-" "curl/8.7.1" "-"
185.177.72.0 - - [16/Jul/2026:01:07:29 +0200] "GET /api/v1/executions HTTP/1.1" 500 2746 issyconsulting.com "-" "curl/8.7.1" "-"
185.177.72.0 - - [16/Jul/2026:01:07:30 +0200] "GET /healthz HTTP/1.1" 500 2746 issyconsulting.com "-" "curl/8.7.1" "-"
2a03:2880:f800:: - - [16/Jul/2026:01:07:31 +0200] "GET /goods/a65668893?loknya=/homepages/10/d315911638/htdocs/clickandbuilds/IssyInvestment/old HTTP/1.1" 200 40075 issyinvestments.com "-" "Mozilla/5.0 (Windows NT 10.0; Win64; x64) AppleWebKit/537.36 (KHTML, like Gecko) Chrome/145.0.0.0 Safari/537.36 (compatible; meta-externalagent/1.1 (+https://developers.facebook.com/docs/sharing/webmasters/crawler))" "-"
185.177.72.0 - - [16/Jul/2026:01:07:31 +0200] "GET /metrics HTTP/1.1" 500 2746 issyconsulting.com "-" "curl/8.7.1" "-"
216.73.216.0 - - [16/Jul/2026:01:07:33 +0200] "GET /goods/34580695?lokasie=%2Fhomepages%2F10%2Fd315911638%2Fhtdocs%2Fclickandbuilds%2FIssyInvestment%2Fwp-includes%2F%2Fms-site.php&loknya=%2Fhomepages%2F10%2Fd315911638%2Fhtdocs%2Fclickandbuilds%2FIssyInvestment%2Fwp-includes%2F HTTP/1.1" 429 267 issyinvestments.com "-" "Mozilla/5.0 AppleWebKit/537.36 (KHTML, like Gecko; compatible; ClaudeBot/1.0; +claudebot@anthropic.com)" "-"
185.177.72.0 - - [16/Jul/2026:01:07:33 +0200] "GET /rest/settings HTTP/1.1" 500 2746 issyconsulting.com "-" "curl/8.7.1" "-"
185.177.72.0 - - [16/Jul/2026:01:07:34 +0200] "GET /rest/login HTTP/1.1" 500 2746 issyconsulting.com "-" "curl/8.7.1" "-"
185.177.72.0 - - [16/Jul/2026:01:07:35 +0200] "GET /rest/logout HTTP/1.1" 500 2746 issyconsulting.com "-" "curl/8.7.1" "-"
185.177.72.0 - - [16/Jul/2026:01:07:36 +0200] "GET /rest/users HTTP/1.1" 500 2746 issyconsulting.com "-" "curl/8.7.1" "-"
185.177.72.0 - - [16/Jul/2026:01:07:37 +0200] "GET /rest/node-types HTTP/1.1" 500 2746 issyconsulting.com "-" "curl/8.7.1" "-"
216.73.216.0 - - [16/Jul/2026:01:07:38 +0200] "GET /goods/035446926?lokasie=%2Fhomepages%2F10%2Fd315911638%2Fhtdocs%2Fclickandbuilds%2FIssyInvestment%2Fwp-includes%2Fnav-menu.php&loknya=%2Fhomepages%2F10%2Fd315911638%2Fhtdocs%2Fclickandbuilds%2FIssyInvestment%2Fwp-includes HTTP/1.1" 429 267 issyinvestments.com "-" "Mozilla/5.0 AppleWebKit/537.36 (KHTML, like Gecko; compatible; ClaudeBot/1.0; +claudebot@anthropic.com)" "-"
185.177.72.0 - - [16/Jul/2026:01:07:38 +0200] "GET /rest/tags HTTP/1.1" 500 2746 issyconsulting.com "-" "curl/8.7.1" "-"
185.177.72.0 - - [16/Jul/2026:01:07:39 +0200] "GET /rest/variables HTTP/1.1" 500 2746 issyconsulting.com "-" "curl/8.7.1" "-"
185.177.72.0 - - [16/Jul/2026:01:07:40 +0200] "GET /rest/license HTTP/1.1" 500 2746 issyconsulting.com "-" "curl/8.7.1" "-"
185.177.72.0 - - [16/Jul/2026:01:07:41 +0200] "GET /chat HTTP/1.1" 500 2746 issyconsulting.com "-" "curl/8.7.1" "-"
185.177.72.0 - - [16/Jul/2026:01:07:42 +0200] "GET /sysinfo%2ecgi HTTP/1.1" 500 2746 issyconsulting.com "-" "curl/8.7.1" "-"
216.73.216.0 - - [16/Jul/2026:01:07:43 +0200] "GET /goods/84699208?lokasie=%2Ftmp%2Fsitemap-shop-1-17839428859217.xml.gz&loknya=%2Ftmp HTTP/1.1" 429 267 issyinvestments.com "-" "Mozilla/5.0 AppleWebKit/537.36 (KHTML, like Gecko; compatible; ClaudeBot/1.0; +claudebot@anthropic.com)" "-"
2a03:2880:f800:: - - [16/Jul/2026:01:07:43 +0200] "GET /goods/033801923 HTTP/1.1" 200 46819 issyinvestments.com "-" "Mozilla/5.0 (Windows NT 10.0; Win64; x64) AppleWebKit/537.36 (KHTML, like Gecko) Chrome/145.0.0.0 Safari/537.36 (compatible; meta-externalagent/1.1 (+https://developers.facebook.com/docs/sharing/webmasters/crawler))" "-"
185.177.72.0 - - [16/Jul/2026:01:07:44 +0200] "GET /sites/default/%2eenv HTTP/1.1" 500 2746 issyconsulting.com "-" "curl/8.7.1" "-"
185.177.72.0 - - [16/Jul/2026:01:07:45 +0200] "GET /servers/link%2ecgi HTTP/1.1" 500 2746 issyconsulting.com "-" "curl/8.7.1" "-"
185.177.72.0 - - [16/Jul/2026:01:07:46 +0200] "GET /servers/save%2ecgi HTTP/1.1" 500 2746 issyconsulting.com "-" "curl/8.7.1" "-"
185.177.72.0 - - [16/Jul/2026:01:07:47 +0200] "GET /package-updates/apt%2ecgi HTTP/1.1" 500 2746 issyconsulting.com "-" "curl/8.7.1" "-"
216.73.216.0 - - [16/Jul/2026:01:07:48 +0200] "GET /goods/b61253458?lokasie=%2Fhomepages%2F10%2Fd315911638%2Fhtdocs%2Fclickandbuilds%2FIssyInvestment%2Fwp-includes%2Fnav-menu.php&loknya=%2Fhomepages%2F10%2Fd315911638%2Fhtdocs%2Fclickandbuilds%2FIssyInvestment%2Fwp-includes HTTP/1.1" 429 267 issyinvestments.com "-" "Mozilla/5.0 AppleWebKit/537.36 (KHTML, like Gecko; compatible; ClaudeBot/1.0; +claudebot@anthropic.com)" "-"
185.177.72.0 - - [16/Jul/2026:01:07:48 +0200] "GET /package-updates/yum%2ecgi HTTP/1.1" 500 2746 issyconsulting.com "-" "curl/8.7.1" "-"
185.177.72.0 - - [16/Jul/2026:01:07:49 +0200] "GET /package-updates/save%2ecgi HTTP/1.1" 500 2746 issyconsulting.com "-" "curl/8.7.1" "-"
185.177.72.0 - - [16/Jul/2026:01:07:50 +0200] "GET /package-updates/refresh%2ecgi HTTP/1.1" 500 2746 issyconsulting.com "-" "curl/8.7.1" "-"
185.177.72.0 - - [16/Jul/2026:01:07:51 +0200] "GET /package-updates/download%2ecgi HTTP/1.1" 500 2746 issyconsulting.com "-" "curl/8.7.1" "-"
185.177.72.0 - - [16/Jul/2026:01:07:52 +0200] "GET /package-updates/install%2ecgi HTTP/1.1" 500 2746 issyconsulting.com "-" "curl/8.7.1" "-"
216.73.216.0 - - [16/Jul/2026:01:07:53 +0200] "GET /goods/b93444757?lokasie=%2Fhomepages%2F10%2Fd315911638%2Fhtdocs%2Fclickandbuilds%2FIssyInvestment%2Fwp-admin%2Fedit-form-blocks.php&loknya=%2Fhomepages%2F10%2Fd315911638%2Fhtdocs%2Fclickandbuilds%2FIssyInvestment%2Fwp-admin HTTP/1.1" 429 267 issyinvestments.com "-" "Mozilla/5.0 AppleWebKit/537.36 (KHTML, like Gecko; compatible; ClaudeBot/1.0; +claudebot@anthropic.com)" "-"
185.177.72.0 - - [16/Jul/2026:01:07:53 +0200] "GET /package-updates/update%2ecgi HTTP/1.1" 500 2746 issyconsulting.com "-" "curl/8.7.1" "-"
2a03:2880:f800:: - - [16/Jul/2026:01:07:54 +0200] "GET /goods/b21091298 HTTP/1.1" 200 46819 issyinvestments.com "-" "Mozilla/5.0 (Macintosh; Intel Mac OS X 10_15_7) AppleWebKit/537.36 (KHTML, like Gecko) Chrome/145.0.0.0 Safari/537.36 (compatible; meta-externalagent/1.1 (+https://developers.facebook.com/docs/sharing/webmasters/crawler))" "-"
185.177.72.0 - - [16/Jul/2026:01:07:54 +0200] "GET /package-updates/index%2ecgi HTTP/1.1" 500 2746 issyconsulting.com "-" "curl/8.7.1" "-"
185.177.72.0 - - [16/Jul/2026:01:07:55 +0200] "GET /software/update%2ecgi HTTP/1.1" 500 2746 issyconsulting.com "-" "curl/8.7.1" "-"
185.177.72.0 - - [16/Jul/2026:01:07:56 +0200] "GET /software/install-updates%2ecgi HTTP/1.1" 500 2746 issyconsulting.com "-" "curl/8.7.1" "-"
216.73.216.0 - - [16/Jul/2026:01:07:58 +0200] "GET /goods/222532041?lokasie=%2Fhomepages%2F10%2Fd315911638%2Fhtdocs%2Fclickandbuilds%2FIssyInvestment%2Fwp-includes%2Fclass-smtp.php&loknya=%2Fhomepages%2F10%2Fd315911638%2Fhtdocs%2Fclickandbuilds%2FIssyInvestment%2Fwp-includes HTTP/1.1" 429 267 issyinvestments.com "-" "Mozilla/5.0 AppleWebKit/537.36 (KHTML, like Gecko; compatible; ClaudeBot/1.0; +claudebot@anthropic.com)" "-"
185.177.72.0 - - [16/Jul/2026:01:07:58 +0200] "GET /webmin/package-updates/update%2ecgi HTTP/1.1" 500 2746 issyconsulting.com "-" "curl/8.7.1" "-"
82.165.80.0 - - [16/Jul/2026:01:07:59 +0200] "POST /wp-cron.php?doing_wp_cron=1784156879.0454089641571044921875 HTTP/1.1" 500 2704 issyconsulting.com "-" "WordPress/7.0.1; https://issyconsulting.com" "-"
185.177.72.0 - - [16/Jul/2026:01:08:00 +0200] "GET /__nextjs_action HTTP/1.1" 500 2746 issyconsulting.com "-" "curl/8.7.1" "-"
185.177.72.0 - - [16/Jul/2026:01:08:01 +0200] "GET /_next/image HTTP/1.1" 500 2746 issyconsulting.com "-" "curl/8.7.1" "-"
185.177.72.0 - - [16/Jul/2026:01:08:02 +0200] "GET /api/auth HTTP/1.1" 500 2746 issyconsulting.com "-" "curl/8.7.1" "-"
216.73.216.0 - - [16/Jul/2026:01:08:03 +0200] "GET /goods/34580695?lokasie=%2Fhomepages%2F10%2Fd315911638%2Fhtdocs%2Fclickandbuilds%2FIssyInvestment%2Fwp-includes%2F%2Fcategory.php&loknya=%2Fhomepages%2F10%2Fd315911638%2Fhtdocs%2Fclickandbuilds%2FIssyInvestment%2Fwp-includes%2F HTTP/1.1" 200 17384 issyinvestments.com "-" "Mozilla/5.0 AppleWebKit/537.36 (KHTML, like Gecko; compatible; ClaudeBot/1.0; +claudebot@anthropic.com)" "-"
185.177.72.0 - - [16/Jul/2026:01:08:04 +0200] "GET /api/auth/session HTTP/1.1" 500 2746 issyconsulting.com "-" "curl/8.7.1" "-"
2a03:2880:f800:: - - [16/Jul/2026:01:08:05 +0200] "GET /goods/201201439 HTTP/1.1" 200 46819 issyinvestments.com "-" "Mozilla/5.0 (Windows NT 10.0; Win64; x64) AppleWebKit/537.36 (KHTML, like Gecko) Chrome/145.0.0.0 Safari/537.36 (compatible; meta-externalagent/1.1 (+https://developers.facebook.com/docs/sharing/webmasters/crawler))" "-"
185.177.72.0 - - [16/Jul/2026:01:08:05 +0200] "GET /api/auth/callback HTTP/1.1" 500 2746 issyconsulting.com "-" "curl/8.7.1" "-"
185.177.72.0 - - [16/Jul/2026:01:08:06 +0200] "GET /graphql HTTP/1.1" 500 2746 issyconsulting.com "-" "curl/8.7.1" "-"
185.177.72.0 - - [16/Jul/2026:01:08:07 +0200] "GET /:27017 HTTP/1.1" 500 2746 issyconsulting.com "-" "curl/8.7.1" "-"
216.73.216.0 - - [16/Jul/2026:01:08:08 +0200] "GET /goods/2e2817679?lokasie=%2Fhomepages%2F10%2Fd315911638%2Fhtdocs%2Fclickandbuilds%2FIssyInvestment%2Fwp-includes%2Frewrite.php&loknya=%2Fhomepages%2F10%2Fd315911638%2Fhtdocs%2Fclickandbuilds%2FIssyInvestment%2Fwp-includes HTTP/1.1" 200 24387 issyinvestments.com "-" "Mozilla/5.0 AppleWebKit/537.36 (KHTML, like Gecko; compatible; ClaudeBot/1.0; +claudebot@anthropic.com)" "-"
185.177.72.0 - - [16/Jul/2026:01:08:08 +0200] "GET /:27018 HTTP/1.1" 500 2746 issyconsulting.com "-" "curl/8.7.1" "-"
185.177.72.0 - - [16/Jul/2026:01:08:09 +0200] "GET /:27019 HTTP/1.1" 500 2746 issyconsulting.com "-" "curl/8.7.1" "-"
185.177.72.0 - - [16/Jul/2026:01:08:10 +0200] "GET /:28017 HTTP/1.1" 500 2746 issyconsulting.com "-" "curl/8.7.1" "-"
185.177.72.0 - - [16/Jul/2026:01:08:11 +0200] "GET /:6379 HTTP/1.1" 500 2746 issyconsulting.com "-" "curl/8.7.1" "-"
216.73.216.0 - - [16/Jul/2026:01:08:13 +0200] "GET /goods/4b5565631?lokasie=%2Fhomepages%2F10%2Fd315911638%2Fhtdocs%2Fclickandbuilds%2FIssyInvestment%2Fwp-includes%2F%2Fclass-wp-http.php&loknya=%2Fhomepages%2F10%2Fd315911638%2Fhtdocs%2Fclickandbuilds%2FIssyInvestment%2Fwp-includes%2F HTTP/1.1" 200 45432 issyinvestments.com "-" "Mozilla/5.0 AppleWebKit/537.36 (KHTML, like Gecko; compatible; ClaudeBot/1.0; +claudebot@anthropic.com)" "-"
185.177.72.0 - - [16/Jul/2026:01:08:13 +0200] "GET /:5432 HTTP/1.1" 500 2746 issyconsulting.com "-" "curl/8.7.1" "-"
185.177.72.0 - - [16/Jul/2026:01:08:13 +0200] "GET /:8983 HTTP/1.1" 500 2746 issyconsulting.com "-" "curl/8.7.1" "-"
2a03:2880:f800:: - - [16/Jul/2026:01:08:14 +0200] "GET /goods/bb6827466 HTTP/1.1" 200 46818 issyinvestments.com "-" "Mozilla/5.0 (Windows NT 10.0; Win64; x64) AppleWebKit/537.36 (KHTML, like Gecko) Chrome/145.0.0.0 Safari/537.36 (compatible; meta-externalagent/1.1 (+https://developers.facebook.com/docs/sharing/webmasters/crawler))" "-"
74.7.242.0 - - [16/Jul/2026:01:08:14 +0200] "GET /?lokasie=/proc/irq/73//node&loknya=/proc/irq/73/ HTTP/1.1" 200 4021 issyinvestments.com "https://issyinvestments.com/?loknya=/proc/irq/73/" "Mozilla/5.0 AppleWebKit/537.36 (KHTML, like Gecko; compatible; GPTBot/1.4; +https://openai.com/gptbot)" "-"
185.177.72.0 - - [16/Jul/2026:01:08:15 +0200] "GET /dnscfg%2ecgi HTTP/1.1" 500 2746 issyconsulting.com "-" "curl/8.7.1" "-"
185.177.72.0 - - [16/Jul/2026:01:08:16 +0200] "GET /admin/ HTTP/1.1" 500 2746 issyconsulting.com "-" "curl/8.7.1" "-"
185.177.72.0 - - [16/Jul/2026:01:08:17 +0200] "GET /oauth/authorize HTTP/1.1" 500 2746 issyconsulting.com "-" "curl/8.7.1" "-"
216.73.216.0 - - [16/Jul/2026:01:08:18 +0200] "GET /goods/621654363?lokasie=%2Fhomepages%2F10%2Fd315911638%2Fhtdocs%2Fclickandbuilds%2FIssyInvestment%2Fwp-includes%2Fblocks%2Fpost-excerpt.php&loknya=%2Fhomepages%2F10%2Fd315911638%2Fhtdocs%2Fclickandbuilds%2FIssyInvestment%2Fwp-includes%2Fblocks HTTP/1.1" 200 8155 issyinvestments.com "-" "Mozilla/5.0 AppleWebKit/537.36 (KHTML, like Gecko; compatible; ClaudeBot/1.0; +claudebot@anthropic.com)" "-"
185.177.72.0 - - [16/Jul/2026:01:08:18 +0200] "GET /firebase%2ejson HTTP/1.1" 500 2746 issyconsulting.com "-" "curl/8.7.1" "-"
185.177.72.0 - - [16/Jul/2026:01:08:19 +0200] "GET /%2efirebaserc HTTP/1.1" 500 2746 issyconsulting.com "-" "curl/8.7.1" "-"
2a03:2880:f800:: - - [16/Jul/2026:01:08:21 +0200] "GET /goods/986410261 HTTP/1.1" 200 46818 issyinvestments.com "-" "Mozilla/5.0 (Windows NT 10.0; Win64; x64) AppleWebKit/537.36 (KHTML, like Gecko) Chrome/145.0.0.0 Safari/537.36 (compatible; meta-externalagent/1.1 (+https://developers.facebook.com/docs/sharing/webmasters/crawler))" "-"
185.177.72.0 - - [16/Jul/2026:01:08:21 +0200] "GET /api/login HTTP/1.1" 500 2746 issyconsulting.com "-" "curl/8.7.1" "-"
185.177.72.0 - - [16/Jul/2026:01:08:22 +0200] "GET /controlpanel HTTP/1.1" 500 2746 issyconsulting.com "-" "curl/8.7.1" "-"
216.73.216.0 - - [16/Jul/2026:01:08:23 +0200] "GET /goods/684176853?lokasie=%2Fhomepages%2F10%2Fd315911638%2Fhtdocs%2Fclickandbuilds%2FIssyInvestment%2Fwp-includes%2Fnav-menu.php&loknya=%2Fhomepages%2F10%2Fd315911638%2Fhtdocs%2Fclickandbuilds%2FIssyInvestment%2Fwp-includes HTTP/1.1" 200 49596 issyinvestments.com "-" "Mozilla/5.0 AppleWebKit/537.36 (KHTML, like Gecko; compatible; ClaudeBot/1.0; +claudebot@anthropic.com)" "-"
185.177.72.0 - - [16/Jul/2026:01:08:23 +0200] "GET /%2ecache HTTP/1.1" 500 2746 issyconsulting.com "-" "curl/8.7.1" "-"
185.177.72.0 - - [16/Jul/2026:01:08:24 +0200] "GET /config/stripe%2eyaml HTTP/1.1" 500 2746 issyconsulting.com "-" "curl/8.7.1" "-"
185.177.72.0 - - [16/Jul/2026:01:08:25 +0200] "GET /%2ewell-known/stripe%2etxt HTTP/1.1" 500 2746 issyconsulting.com "-" "curl/8.7.1" "-"
185.177.72.0 - - [16/Jul/2026:01:08:26 +0200] "GET /payment/stripe%2ejson HTTP/1.1" 500 2746 issyconsulting.com "-" "curl/8.7.1" "-"
185.177.72.0 - - [16/Jul/2026:01:08:27 +0200] "GET /stripe%2eyaml HTTP/1.1" 500 2746 issyconsulting.com "-" "curl/8.7.1" "-"
216.73.216.0 - - [16/Jul/2026:01:08:28 +0200] "GET /goods/522017882?lokasie=%2Fhomepages%2F10%2Fd315911638%2Fhtdocs%2Fclickandbuilds%2FIssyInvestment%2Fwp-admin%2Fprofile.php&loknya=%2Fhomepages%2F10%2Fd315911638%2Fhtdocs%2Fclickandbuilds%2FIssyInvestment%2Fwp-admin HTTP/1.1" 200 4753 issyinvestments.com "-" "Mozilla/5.0 AppleWebKit/537.36 (KHTML, like Gecko; compatible; ClaudeBot/1.0; +claudebot@anthropic.com)" "-"
185.177.72.0 - - [16/Jul/2026:01:08:28 +0200] "GET /payment_gateways/stripe%2eyaml HTTP/1.1" 500 2746 issyconsulting.com "-" "curl/8.7.1" "-"
185.177.72.0 - - [16/Jul/2026:01:08:29 +0200] "GET /stripe/config%2ejson HTTP/1.1" 500 2746 issyconsulting.com "-" "curl/8.7.1" "-"
185.177.72.0 - - [16/Jul/2026:01:08:30 +0200] "GET /src/config/stripe%2ets HTTP/1.1" 500 2746 issyconsulting.com "-" "curl/8.7.1" "-"
2a03:2880:f800:: - - [16/Jul/2026:01:08:31 +0200] "GET /goods/f96306633 HTTP/1.1" 200 46819 issyinvestments.com "-" "Mozilla/5.0 (Windows NT 10.0; Win64; x64) AppleWebKit/537.36 (KHTML, like Gecko) Chrome/145.0.0.0 Safari/537.36 (compatible; meta-externalagent/1.1 (+https://developers.facebook.com/docs/sharing/webmasters/crawler))" "-"
185.177.72.0 - - [16/Jul/2026:01:08:31 +0200] "GET /client/stripe%2econfig%2ejs HTTP/1.1" 500 2746 issyconsulting.com "-" "curl/8.7.1" "-"
185.177.72.0 - - [16/Jul/2026:01:08:32 +0200] "GET /stripe%2econfig%2ejs HTTP/1.1" 500 2746 issyconsulting.com "-" "curl/8.7.1" "-"
216.73.216.0 - - [16/Jul/2026:01:08:33 +0200] "GET /goods/c82274680?lokasie=%2Fhomepages%2F10%2Fd315911638%2Fhtdocs%2Fclickandbuilds%2FIssyInvestment%2Fwp-admin%2Fimport.php&loknya=%2Fhomepages%2F10%2Fd315911638%2Fhtdocs%2Fclickandbuilds%2FIssyInvestment%2Fwp-admin HTTP/1.1" 200 12774 issyinvestments.com "-" "Mozilla/5.0 AppleWebKit/537.36 (KHTML, like Gecko; compatible; ClaudeBot/1.0; +claudebot@anthropic.com)" "-"
185.177.72.0 - - [16/Jul/2026:01:08:33 +0200] "GET /public/stripe%2ejs HTTP/1.1" 500 2746 issyconsulting.com "-" "curl/8.7.1" "-"
185.177.72.0 - - [16/Jul/2026:01:08:34 +0200] "GET /webhooks/incoming/stripe%2ejson HTTP/1.1" 500 2746 issyconsulting.com "-" "curl/8.7.1" "-"
185.177.72.0 - - [16/Jul/2026:01:08:35 +0200] "GET /stripe-keys%2ejson HTTP/1.1" 500 2746 issyconsulting.com "-" "curl/8.7.1" "-"
185.177.72.0 - - [16/Jul/2026:01:08:36 +0200] "GET /src/config/stripe%2ejs HTTP/1.1" 500 2746 issyconsulting.com "-" "curl/8.7.1" "-"
2a03:2880:f800:: - - [16/Jul/2026:01:08:37 +0200] "GET /goods/426349818?lokasie=/homepages/10/d315911638/htdocs/clickandbuilds/IssyInvestment/license.txt&loknya=/homepages/10/d315911638/htdocs/clickandbuilds/IssyInvestment HTTP/1.1" 200 24380 issyinvestments.com "-" "Mozilla/5.0 (Windows NT 10.0; Win64; x64) AppleWebKit/537.36 (KHTML, like Gecko) Chrome/145.0.0.0 Safari/537.36 (compatible; meta-externalagent/1.1 (+https://developers.facebook.com/docs/sharing/webmasters/crawler))" "-"
185.177.72.0 - - [16/Jul/2026:01:08:37 +0200] "GET /stripe%2ejson HTTP/1.1" 500 2746 issyconsulting.com "-" "curl/8.7.1" "-"
216.73.216.0 - - [16/Jul/2026:01:08:38 +0200] "GET /goods/155226645?lokasie=%2Fhomepages%2F10%2Fd315911638%2Fhtdocs%2Fclickandbuilds%2FIssyCoreServices%2Fwp-trackback.php&loknya=%2Fhomepages%2F10%2Fd315911638%2Fhtdocs%2Fclickandbuilds%2FIssyCoreServices HTTP/1.1" 200 9872 issyinvestments.com "-" "Mozilla/5.0 AppleWebKit/537.36 (KHTML, like Gecko; compatible; ClaudeBot/1.0; +claudebot@anthropic.com)" "-"
185.177.72.0 - - [16/Jul/2026:01:08:38 +0200] "GET /%2ewell-known/stripe/ HTTP/1.1" 500 2746 issyconsulting.com "-" "curl/8.7.1" "-"
185.177.72.0 - - [16/Jul/2026:01:08:39 +0200] "GET /%2estripe/ HTTP/1.1" 500 2746 issyconsulting.com "-" "curl/8.7.1" "-"
185.177.72.0 - - [16/Jul/2026:01:08:40 +0200] "GET /config/stripe%2ejson HTTP/1.1" 500 2746 issyconsulting.com "-" "curl/8.7.1" "-"
185.177.72.0 - - [16/Jul/2026:01:08:41 +0200] "GET /plugins/payments/stripe%2ejson HTTP/1.1" 500 2746 issyconsulting.com "-" "curl/8.7.1" "-"
185.177.72.0 - - [16/Jul/2026:01:08:42 +0200] "GET /var/task/serverless%2eyml HTTP/1.1" 500 2746 issyconsulting.com "-" "curl/8.7.1" "-"
43.131.253.0 - - [16/Jul/2026:01:08:42 +0200] "GET / HTTP/1.1" 301 - www.issypovertyalleviation.com "-" "Mozilla/5.0 (iPhone; CPU iPhone OS 13_2_3 like Mac OS X) AppleWebKit/605.1.15 (KHTML, like Gecko) Version/13.0.3 Mobile/15E148 Safari/604.1" "-"
2a03:2880:f800:: - - [16/Jul/2026:01:08:43 +0200] "GET /goods/5d5763482?lokasie=/homepages/10/d315911638/htdocs/clickandbuilds/IssyInvestment/readme.html&loknya=/homepages/10/d315911638/htdocs/clickandbuilds/IssyInvestment HTTP/1.1" 200 13666 issyinvestments.com "-" "Mozilla/5.0 (Macintosh; Intel Mac OS X 10_15_7) AppleWebKit/537.36 (KHTML, like Gecko) Chrome/145.0.0.0 Safari/537.36 (compatible; meta-externalagent/1.1 (+https://developers.facebook.com/docs/sharing/webmasters/crawler))" "-"
216.73.216.0 - - [16/Jul/2026:01:08:43 +0200] "GET /goods/3e3970792?lokasie=%2Fhomepages%2F10%2Fd315911638%2Fhtdocs%2Fclickandbuilds%2FIssyInvestment%2Fwp-includes%2Fclass-wp-taxonomy.php&loknya=%2Fhomepages%2F10%2Fd315911638%2Fhtdocs%2Fclickandbuilds%2FIssyInvestment%2Fwp-includes HTTP/1.1" 200 23514 issyinvestments.com "-" "Mozilla/5.0 AppleWebKit/537.36 (KHTML, like Gecko; compatible; ClaudeBot/1.0; +claudebot@anthropic.com)" "-"
185.177.72.0 - - [16/Jul/2026:01:08:43 +0200] "GET /var/task/serverless%2eyaml HTTP/1.1" 500 2746 issyconsulting.com "-" "curl/8.7.1" "-"
185.177.72.0 - - [16/Jul/2026:01:08:44 +0200] "GET /var/task/serverless%2ejson HTTP/1.1" 500 2746 issyconsulting.com "-" "curl/8.7.1" "-"
43.131.253.0 - - [16/Jul/2026:01:08:45 +0200] "GET / HTTP/1.1" 500 2746 issyconsulting.com "http://www.issypovertyalleviation.com" "Mozilla/5.0 (iPhone; CPU iPhone OS 13_2_3 like Mac OS X) AppleWebKit/605.1.15 (KHTML, like Gecko) Version/13.0.3 Mobile/15E148 Safari/604.1" "-"
185.177.72.0 - - [16/Jul/2026:01:08:45 +0200] "GET /storage/logs HTTP/1.1" 500 2746 issyconsulting.com "-" "curl/8.7.1" "-"
185.177.72.0 - - [16/Jul/2026:01:08:46 +0200] "GET /app/serverless%2eyml HTTP/1.1" 500 2746 issyconsulting.com "-" "curl/8.7.1" "-"
185.177.72.0 - - [16/Jul/2026:01:08:47 +0200] "GET /app/serverless%2eyaml HTTP/1.1" 500 2746 issyconsulting.com "-" "curl/8.7.1" "-"
216.73.216.0 - - [16/Jul/2026:01:08:48 +0200] "GET /goods/8b6637913?lokasie=%2Fhomepages%2F10%2Fd315911638%2Fhtdocs%2Fclickandbuilds%2FIssyInvestment%2Fwp-includes%2Fms-deprecated.php&loknya=%2Fhomepages%2F10%2Fd315911638%2Fhtdocs%2Fclickandbuilds%2FIssyInvestment%2Fwp-includes HTTP/1.1" 200 26763 issyinvestments.com "-" "Mozilla/5.0 AppleWebKit/537.36 (KHTML, like Gecko; compatible; ClaudeBot/1.0; +claudebot@anthropic.com)" "-"
185.177.72.0 - - [16/Jul/2026:01:08:48 +0200] "GET /%2ekube/config HTTP/1.1" 500 2746 issyconsulting.com "-" "curl/8.7.1" "-"
185.177.72.0 - - [16/Jul/2026:01:08:49 +0200] "GET /app/Services/SparkPostService%2ephp HTTP/1.1" 500 2746 issyconsulting.com "-" "curl/8.7.1" "-"
2a03:2880:f800:: - - [16/Jul/2026:01:08:50 +0200] "GET /goods/a92651874 HTTP/1.1" 200 46819 issyinvestments.com "-" "Mozilla/5.0 (Windows NT 10.0; Win64; x64) AppleWebKit/537.36 (KHTML, like Gecko) Chrome/144.0.0.0 Safari/537.36 Edg/144.0.0.0 (compatible; meta-externalagent/1.1 (+https://developers.facebook.com/docs/sharing/webmasters/crawler))" "-"
185.177.72.0 - - [16/Jul/2026:01:08:50 +0200] "GET /var/task/docker-compose%2eyml HTTP/1.1" 500 2746 issyconsulting.com "-" "curl/8.7.1" "-"
185.177.72.0 - - [16/Jul/2026:01:08:51 +0200] "GET /var/task/docker-compose%2eyaml HTTP/1.1" 500 2746 issyconsulting.com "-" "curl/8.7.1" "-"
185.177.72.0 - - [16/Jul/2026:01:08:52 +0200] "GET /app/docker-compose%2eyml HTTP/1.1" 500 2746 issyconsulting.com "-" "curl/8.7.1" "-"
216.73.216.0 - - [16/Jul/2026:01:08:53 +0200] "GET /goods/312851957?lokasie=%2Fhomepages%2F10%2Fd315911638%2Fhtdocs%2Fclickandbuilds%2FIssyInvestment%2Fwp-includes%2Fms-settings.php&loknya=%2Fhomepages%2F10%2Fd315911638%2Fhtdocs%2Fclickandbuilds%2FIssyInvestment%2Fwp-includes HTTP/1.1" 200 8646 issyinvestments.com "-" "Mozilla/5.0 AppleWebKit/537.36 (KHTML, like Gecko; compatible; ClaudeBot/1.0; +claudebot@anthropic.com)" "-"
185.177.72.0 - - [16/Jul/2026:01:08:53 +0200] "GET /%2edockerignore HTTP/1.1" 500 2746 issyconsulting.com "-" "curl/8.7.1" "-"
185.177.72.0 - - [16/Jul/2026:01:08:54 +0200] "GET /attacker/docker-compose%2eyml HTTP/1.1" 500 2746 issyconsulting.com "-" "curl/8.7.1" "-"
2a03:2880:f800:: - - [16/Jul/2026:01:08:55 +0200] "GET /goods/976006455?lokasie=/homepages/10/d315911638/htdocs/clickandbuilds/IssyInvestment/wp-cron.php&loknya=/homepages/10/d315911638/htdocs/clickandbuilds/IssyInvestment HTTP/1.1" 200 10080 issyinvestments.com "-" "Mozilla/5.0 (Windows NT 10.0; Win64; x64) AppleWebKit/537.36 (KHTML, like Gecko) Chrome/145.0.0.0 Safari/537.36 (compatible; meta-externalagent/1.1 (+https://developers.facebook.com/docs/sharing/webmasters/crawler))" "-"
185.177.72.0 - - [16/Jul/2026:01:08:55 +0200] "GET /elmah%2eaxd HTTP/1.1" 500 2746 issyconsulting.com "-" "curl/8.7.1" "-"
185.177.72.0 - - [16/Jul/2026:01:08:56 +0200] "GET /wp-login%2ephp HTTP/1.1" 500 2922 issyconsulting.com "-" "curl/8.7.1" "-"
185.177.72.0 - - [16/Jul/2026:01:08:57 +0200] "GET /sendgrid%2ejson HTTP/1.1" 500 2746 issyconsulting.com "-" "curl/8.7.1" "-"
216.73.216.0 - - [16/Jul/2026:01:08:58 +0200] "GET /goods/701515695?lokasie=%2Fhomepages%2F10%2Fd315911638%2Fhtdocs%2Fclickandbuilds%2FIssyInvestment%2Fwp-includes%2Fms-network.php&loknya=%2Fhomepages%2F10%2Fd315911638%2Fhtdocs%2Fclickandbuilds%2FIssyInvestment%2Fwp-includes HTTP/1.1" 200 8307 issyinvestments.com "-" "Mozilla/5.0 AppleWebKit/537.36 (KHTML, like Gecko; compatible; ClaudeBot/1.0; +claudebot@anthropic.com)" "-"
185.177.72.0 - - [16/Jul/2026:01:08:58 +0200] "GET /etc/sendgrid%2eenv HTTP/1.1" 500 2746 issyconsulting.com "-" "curl/8.7.1" "-"
82.165.80.0 - - [16/Jul/2026:01:08:59 +0200] "POST /wp-cron.php?doing_wp_cron=1784156939.8203310966491699218750 HTTP/1.1" 500 2704 issyconsulting.com "-" "WordPress/7.0.1; https://issyconsulting.com" "-"
185.177.72.0 - - [16/Jul/2026:01:09:00 +0200] "GET /env%2ephp HTTP/1.1" 500 2746 issyconsulting.com "-" "curl/8.7.1" "-"
2a03:2880:f800:: - - [16/Jul/2026:01:09:01 +0200] "GET /goods/014534783 HTTP/1.1" 200 46818 issyinvestments.com "-" "Mozilla/5.0 (Macintosh; Intel Mac OS X 10_15_7) AppleWebKit/537.36 (KHTML, like Gecko) Chrome/145.0.0.0 Safari/537.36 (compatible; meta-externalagent/1.1 (+https://developers.facebook.com/docs/sharing/webmasters/crawler))" "-"
185.177.72.0 - - [16/Jul/2026:01:09:02 +0200] "GET /wp-content/debug%2elog HTTP/1.1" 200 7917 issyconsulting.com "-" "curl/8.7.1" "-"
185.177.72.0 - - [16/Jul/2026:01:09:02 +0200] "GET /%2edockerenv HTTP/1.1" 500 2746 issyconsulting.com "-" "curl/8.7.1" "-"
185.177.72.0 - - [16/Jul/2026:01:09:03 +0200] "GET /%2egit/config HTTP/1.1" 403 1271 issyconsulting.com "-" "curl/8.7.1" "-"
185.177.72.0 - - [16/Jul/2026:01:09:03 +0200] "GET /srv/%2eenv HTTP/1.1" 500 2746 issyconsulting.com "-" "curl/8.7.1" "-"
216.73.216.0 - - [16/Jul/2026:01:09:04 +0200] "GET /goods/993787654?lokasie=%2Fhomepages%2F10%2Fd315911638%2Fhtdocs%2Fclickandbuilds%2FIssyInvestment%2Fwp-admin%2Ftools.php&loknya=%2Fhomepages%2F10%2Fd315911638%2Fhtdocs%2Fclickandbuilds%2FIssyInvestment%2Fwp-admin HTTP/1.1" 200 8285 issyinvestments.com "-" "Mozilla/5.0 AppleWebKit/537.36 (KHTML, like Gecko; compatible; ClaudeBot/1.0; +claudebot@anthropic.com)" "-"
185.177.72.0 - - [16/Jul/2026:01:09:04 +0200] "GET /app/etc/env%2ephp HTTP/1.1" 500 2746 issyconsulting.com "-" "curl/8.7.1" "-"
2a03:2880:f800:: - - [16/Jul/2026:01:09:06 +0200] "GET /goods/e532540?lokasie=/homepages/10/d315911638/htdocs/clickandbuilds/IssyInvestment/robots.txt&loknya=/homepages/10/d315911638/htdocs/clickandbuilds/IssyInvestment HTTP/1.1" 200 4430 issyinvestments.com "-" "Mozilla/5.0 (Windows NT 10.0; Win64; x64) AppleWebKit/537.36 (KHTML, like Gecko) Chrome/145.0.0.0 Safari/537.36 (compatible; meta-externalagent/1.1 (+https://developers.facebook.com/docs/sharing/webmasters/crawler))" "-"
185.177.72.0 - - [16/Jul/2026:01:09:06 +0200] "GET /app/etc/local%2exml HTTP/1.1" 500 2746 issyconsulting.com "-" "curl/8.7.1" "-"
185.177.72.0 - - [16/Jul/2026:01:09:07 +0200] "GET /%2egit/HEAD HTTP/1.1" 403 1271 issyconsulting.com "-" "curl/8.7.1" "-"
185.177.72.0 - - [16/Jul/2026:01:09:07 +0200] "GET /%2egit/index HTTP/1.1" 403 1271 issyconsulting.com "-" "curl/8.7.1" "-"
185.177.72.0 - - [16/Jul/2026:01:09:07 +0200] "GET /%2egit/logs/HEAD HTTP/1.1" 403 1271 issyconsulting.com "-" "curl/8.7.1" "-"
185.177.72.0 - - [16/Jul/2026:01:09:07 +0200] "GET /%2egit/logs/refs/heads/master HTTP/1.1" 403 1271 issyconsulting.com "-" "curl/8.7.1" "-"
185.177.72.0 - - [16/Jul/2026:01:09:07 +0200] "GET /%2egit/logs/refs/heads/main HTTP/1.1" 403 1271 issyconsulting.com "-" "curl/8.7.1" "-"
185.177.72.0 - - [16/Jul/2026:01:09:07 +0200] "GET /%2egit/logs/refs/remotes/origin/master HTTP/1.1" 403 1271 issyconsulting.com "-" "curl/8.7.1" "-"
185.177.72.0 - - [16/Jul/2026:01:09:07 +0200] "GET /%2egit/logs/refs/remotes/origin/main HTTP/1.1" 403 1271 issyconsulting.com "-" "curl/8.7.1" "-"
185.177.72.0 - - [16/Jul/2026:01:09:07 +0200] "GET /%2egit/hooks HTTP/1.1" 403 1271 issyconsulting.com "-" "curl/8.7.1" "-"
185.177.72.0 - - [16/Jul/2026:01:09:07 +0200] "GET /%2egit/info/exclude HTTP/1.1" 403 1271 issyconsulting.com "-" "curl/8.7.1" "-"
185.177.72.0 - - [16/Jul/2026:01:09:07 +0200] "GET /%2egit/refs/heads/master HTTP/1.1" 403 1271 issyconsulting.com "-" "curl/8.7.1" "-"
185.177.72.0 - - [16/Jul/2026:01:09:07 +0200] "GET /%2egit/refs/heads/main HTTP/1.1" 403 1271 issyconsulting.com "-" "curl/8.7.1" "-"
185.177.72.0 - - [16/Jul/2026:01:09:07 +0200] "GET /%2egit/refs/remotes/origin/HEAD HTTP/1.1" 403 1271 issyconsulting.com "-" "curl/8.7.1" "-"
185.177.72.0 - - [16/Jul/2026:01:09:07 +0200] "GET /%2egit/packed-refs HTTP/1.1" 403 1271 issyconsulting.com "-" "curl/8.7.1" "-"
185.177.72.0 - - [16/Jul/2026:01:09:07 +0200] "GET /%2egit/objects HTTP/1.1" 403 1271 issyconsulting.com "-" "curl/8.7.1" "-"
185.177.72.0 - - [16/Jul/2026:01:09:07 +0200] "GET /%2egit/COMMIT_EDITMSG HTTP/1.1" 403 1271 issyconsulting.com "-" "curl/8.7.1" "-"
185.177.72.0 - - [16/Jul/2026:01:09:07 +0200] "GET /%2egit/description HTTP/1.1" 403 1271 issyconsulting.com "-" "curl/8.7.1" "-"
185.177.72.0 - - [16/Jul/2026:01:09:07 +0200] "GET /%2egit/FETCH_HEAD HTTP/1.1" 403 1271 issyconsulting.com "-" "curl/8.7.1" "-"
185.177.72.0 - - [16/Jul/2026:01:09:07 +0200] "GET /%2egit/ORIG_HEAD HTTP/1.1" 403 1271 issyconsulting.com "-" "curl/8.7.1" "-"
185.177.72.0 - - [16/Jul/2026:01:09:07 +0200] "GET /%2egithub HTTP/1.1" 403 1271 issyconsulting.com "-" "curl/8.7.1" "-"
185.177.72.0 - - [16/Jul/2026:01:09:07 +0200] "GET /%2egithub/workflows HTTP/1.1" 403 1271 issyconsulting.com "-" "curl/8.7.1" "-"
185.177.72.0 - - [16/Jul/2026:01:09:07 +0200] "GET /%2egithub/workflows/main%2eyml HTTP/1.1" 403 1271 issyconsulting.com "-" "curl/8.7.1" "-"
185.177.72.0 - - [16/Jul/2026:01:09:07 +0200] "GET /%2egithub/workflows/ci%2eyml HTTP/1.1" 403 1271 issyconsulting.com "-" "curl/8.7.1" "-"
185.177.72.0 - - [16/Jul/2026:01:09:07 +0200] "GET /%2egithub/dependabot%2eyml HTTP/1.1" 403 1271 issyconsulting.com "-" "curl/8.7.1" "-"
185.177.72.0 - - [16/Jul/2026:01:09:07 +0200] "GET /%2egithub/CODEOWNERS HTTP/1.1" 403 1271 issyconsulting.com "-" "curl/8.7.1" "-"
185.177.72.0 - - [16/Jul/2026:01:09:07 +0200] "GET /%2egithub/ISSUE_TEMPLATE HTTP/1.1" 403 1271 issyconsulting.com "-" "curl/8.7.1" "-"
185.177.72.0 - - [16/Jul/2026:01:09:07 +0200] "GET /%2egithub/PULL_REQUEST_TEMPLATE%2emd HTTP/1.1" 403 1271 issyconsulting.com "-" "curl/8.7.1" "-"
185.177.72.0 - - [16/Jul/2026:01:09:07 +0200] "GET /%2egithub/funding%2eyml HTTP/1.1" 403 1271 issyconsulting.com "-" "curl/8.7.1" "-"
185.177.72.0 - - [16/Jul/2026:01:09:07 +0200] "GET /%2egithub/stale%2eyml HTTP/1.1" 403 1271 issyconsulting.com "-" "curl/8.7.1" "-"
185.177.72.0 - - [16/Jul/2026:01:09:07 +0200] "GET /%2egitlab HTTP/1.1" 403 1271 issyconsulting.com "-" "curl/8.7.1" "-"
185.177.72.0 - - [16/Jul/2026:01:09:07 +0200] "GET /%2egitlab/issue_templates HTTP/1.1" 403 1271 issyconsulting.com "-" "curl/8.7.1" "-"
185.177.72.0 - - [16/Jul/2026:01:09:07 +0200] "GET /%2egitlab/merge_request_templates HTTP/1.1" 403 1271 issyconsulting.com "-" "curl/8.7.1" "-"
185.177.72.0 - - [16/Jul/2026:01:09:07 +0200] "GET /%2egitlab-ci HTTP/1.1" 403 1271 issyconsulting.com "-" "curl/8.7.1" "-"
185.177.72.0 - - [16/Jul/2026:01:09:07 +0200] "GET /%2egitignore HTTP/1.1" 403 1271 issyconsulting.com "-" "curl/8.7.1" "-"
185.177.72.0 - - [16/Jul/2026:01:09:07 +0200] "GET /%2egitattributes HTTP/1.1" 403 1271 issyconsulting.com "-" "curl/8.7.1" "-"
185.177.72.0 - - [16/Jul/2026:01:09:07 +0200] "GET /%2egitmodules HTTP/1.1" 403 1271 issyconsulting.com "-" "curl/8.7.1" "-"
185.177.72.0 - - [16/Jul/2026:01:09:07 +0200] "GET /%2egit-askpass%2esh HTTP/1.1" 403 1271 issyconsulting.com "-" "curl/8.7.1" "-"
185.177.72.0 - - [16/Jul/2026:01:09:07 +0200] "GET /%2egit/hooks/pre-commit HTTP/1.1" 403 1271 issyconsulting.com "-" "curl/8.7.1" "-"
185.177.72.0 - - [16/Jul/2026:01:09:07 +0200] "GET /%2egit/hooks/post-commit HTTP/1.1" 403 1271 issyconsulting.com "-" "curl/8.7.1" "-"
185.177.72.0 - - [16/Jul/2026:01:09:07 +0200] "GET /%2egit/info HTTP/1.1" 403 1271 issyconsulting.com "-" "curl/8.7.1" "-"
185.177.72.0 - - [16/Jul/2026:01:09:07 +0200] "GET /%2egit/objects/info HTTP/1.1" 403 1271 issyconsulting.com "-" "curl/8.7.1" "-"
185.177.72.0 - - [16/Jul/2026:01:09:07 +0200] "GET /%2egit/objects/pack HTTP/1.1" 403 1271 issyconsulting.com "-" "curl/8.7.1" "-"
185.177.72.0 - - [16/Jul/2026:01:09:07 +0200] "GET /%2egit/config~ HTTP/1.1" 403 1271 issyconsulting.com "-" "curl/8.7.1" "-"
185.177.72.0 - - [16/Jul/2026:01:09:08 +0200] "GET /%2egit/ HTTP/1.1" 403 1271 issyconsulting.com "-" "curl/8.7.1" "-"
185.177.72.0 - - [16/Jul/2026:01:09:08 +0200] "GET /rest/credential-translation HTTP/1.1" 500 2746 issyconsulting.com "-" "curl/8.7.1" "-"
216.73.216.0 - - [16/Jul/2026:01:09:09 +0200] "GET /goods/8d6451793?lokasie=%2Fhomepages%2F10%2Fd315911638%2Fhtdocs%2Fclickandbuilds%2FIssyInvestment%2Fwp-includes%2Ftheme-templates.php&loknya=%2Fhomepages%2F10%2Fd315911638%2Fhtdocs%2Fclickandbuilds%2FIssyInvestment%2Fwp-includes HTTP/1.1" 200 10821 issyinvestments.com "-" "Mozilla/5.0 AppleWebKit/537.36 (KHTML, like Gecko; compatible; ClaudeBot/1.0; +claudebot@anthropic.com)" "-"
185.177.72.0 - - [16/Jul/2026:01:09:09 +0200] "GET /sendgrid%2eenv HTTP/1.1" 500 2746 issyconsulting.com "-" "curl/8.7.1" "-"
185.177.72.0 - - [16/Jul/2026:01:09:10 +0200] "GET /%2eenv%2etesting HTTP/1.1" 500 2746 issyconsulting.com "-" "curl/8.7.1" "-"
2a03:2880:f800:: - - [16/Jul/2026:01:09:11 +0200] "GET /goods/3790938?loknya=/homepages/10/d315911638/htdocs/clickandbuilds HTTP/1.1" 200 12835 issyinvestments.com "-" "Mozilla/5.0 (Macintosh; Intel Mac OS X 10_15_7) AppleWebKit/537.36 (KHTML, like Gecko) Chrome/145.0.0.0 Safari/537.36 (compatible; meta-externalagent/1.1 (+https://developers.facebook.com/docs/sharing/webmasters/crawler))" "-"
185.177.72.0 - - [16/Jul/2026:01:09:11 +0200] "GET /ormconfig%2ejson HTTP/1.1" 500 2746 issyconsulting.com "-" "curl/8.7.1" "-"
185.177.72.0 - - [16/Jul/2026:01:09:12 +0200] "GET /stripe%2eenv HTTP/1.1" 500 2746 issyconsulting.com "-" "curl/8.7.1" "-"
185.177.72.0 - - [16/Jul/2026:01:09:13 +0200] "GET /stripe/%2eenv HTTP/1.1" 500 2746 issyconsulting.com "-" "curl/8.7.1" "-"
216.73.216.0 - - [16/Jul/2026:01:09:14 +0200] "GET /goods/101606272?lokasie=%2Fhomepages%2F10%2Fd315911638%2Fhtdocs%2Fclickandbuilds%2FIssyInvestment%2Fwp-admin%2Ftheme-install.php&loknya=%2Fhomepages%2F10%2Fd315911638%2Fhtdocs%2Fclickandbuilds%2FIssyInvestment%2Fwp-admin HTTP/1.1" 200 32882 issyinvestments.com "-" "Mozilla/5.0 AppleWebKit/537.36 (KHTML, like Gecko; compatible; ClaudeBot/1.0; +claudebot@anthropic.com)" "-"
185.177.72.0 - - [16/Jul/2026:01:09:14 +0200] "GET /%255fprofiler HTTP/1.1" 500 2746 issyconsulting.com "-" "curl/8.7.1" "-"
185.177.72.0 - - [16/Jul/2026:01:09:15 +0200] "GET /api HTTP/1.1" 500 2746 issyconsulting.com "-" "curl/8.7.1" "-"
2a03:2880:f800:: - - [16/Jul/2026:01:09:16 +0200] "GET /goods/615476379?lokasie=/homepages/10/d315911638/htdocs/clickandbuilds/IssyInvestment/cap.php&loknya=/homepages/10/d315911638/htdocs/clickandbuilds/IssyInvestment HTTP/1.1" 200 15132 issyinvestments.com "-" "Mozilla/5.0 (Macintosh; Intel Mac OS X 10_15_7) AppleWebKit/537.36 (KHTML, like Gecko) Chrome/145.0.0.0 Safari/537.36 (compatible; meta-externalagent/1.1 (+https://developers.facebook.com/docs/sharing/webmasters/crawler))" "-"
74.7.242.0 - - [16/Jul/2026:01:09:16 +0200] "GET /?lokasie=/proc/irq/37/node&loknya=/proc/irq/37 HTTP/1.1" 200 4020 issyinvestments.com "https://issyinvestments.com/?loknya=/proc/irq/37" "Mozilla/5.0 AppleWebKit/537.36 (KHTML, like Gecko; compatible; GPTBot/1.4; +https://openai.com/gptbot)" "-"
185.177.72.0 - - [16/Jul/2026:01:09:16 +0200] "GET /__debug HTTP/1.1" 500 2746 issyconsulting.com "-" "curl/8.7.1" "-"
185.177.72.0 - - [16/Jul/2026:01:09:17 +0200] "GET /package-updates/ HTTP/1.1" 500 2746 issyconsulting.com "-" "curl/8.7.1" "-"
185.177.72.0 - - [16/Jul/2026:01:09:18 +0200] "GET /_middleware HTTP/1.1" 500 2746 issyconsulting.com "-" "curl/8.7.1" "-"
216.73.216.0 - - [16/Jul/2026:01:09:19 +0200] "GET /goods/643488277?lokasie=%2Fhomepages%2F10%2Fd315911638%2Fhtdocs%2Fclickandbuilds%2FIssyInvestment%2Fwp-includes%2Fadmin-bar.php&loknya=%2Fhomepages%2F10%2Fd315911638%2Fhtdocs%2Fclickandbuilds%2FIssyInvestment%2Fwp-includes HTTP/1.1" 200 42805 issyinvestments.com "-" "Mozilla/5.0 AppleWebKit/537.36 (KHTML, like Gecko; compatible; ClaudeBot/1.0; +claudebot@anthropic.com)" "-"
185.177.72.0 - - [16/Jul/2026:01:09:19 +0200] "GET /%2f%2eaws%2fcredentials HTTP/1.1" 404 1271 issyconsulting.com "-" "curl/8.7.1" "-"
185.177.72.0 - - [16/Jul/2026:01:09:19 +0200] "GET /%2edocker/secrets%2ejson HTTP/1.1" 500 2746 issyconsulting.com "-" "curl/8.7.1" "-"
185.177.72.0 - - [16/Jul/2026:01:09:20 +0200] "GET /var/log/apache2/access%2elog HTTP/1.1" 500 2746 issyconsulting.com "-" "curl/8.7.1" "-"
2a03:2880:f800:: - - [16/Jul/2026:01:09:21 +0200] "GET /goods/9e4694087?loknya=/homepages/10/d315911638/htdocs/clickandbuilds/IssyInvestment/wp-admin HTTP/1.1" 200 160825 issyinvestments.com "-" "Mozilla/5.0 (Macintosh; Intel Mac OS X 10_15_7) AppleWebKit/537.36 (KHTML, like Gecko) Chrome/145.0.0.0 Safari/537.36 (compatible; meta-externalagent/1.1 (+https://developers.facebook.com/docs/sharing/webmasters/crawler))" "-"
185.177.72.0 - - [16/Jul/2026:01:09:22 +0200] "GET /var/log/apache2/error%2elog HTTP/1.1" 500 2746 issyconsulting.com "-" "curl/8.7.1" "-"
185.177.72.0 - - [16/Jul/2026:01:09:23 +0200] "GET /solr/admin HTTP/1.1" 500 2746 issyconsulting.com "-" "curl/8.7.1" "-"
216.73.216.0 - - [16/Jul/2026:01:09:24 +0200] "GET /goods/684176853?lokasie=%2Fhomepages%2F10%2Fd315911638%2Fhtdocs%2Fclickandbuilds%2FIssyInvestment%2Fwp-includes%2Fclass-walker-page.php&loknya=%2Fhomepages%2F10%2Fd315911638%2Fhtdocs%2Fclickandbuilds%2FIssyInvestment%2Fwp-includes HTTP/1.1" 200 12413 issyinvestments.com "-" "Mozilla/5.0 AppleWebKit/537.36 (KHTML, like Gecko; compatible; ClaudeBot/1.0; +claudebot@anthropic.com)" "-"
185.177.72.0 - - [16/Jul/2026:01:09:24 +0200] "GET /error_log HTTP/1.1" 500 2746 issyconsulting.com "-" "curl/8.7.1" "-"
2a03:2880:f800:: - - [16/Jul/2026:01:09:25 +0200] "GET /goods/902215711?lokasie=/homepages/10/d315911638/htdocs/clickandbuilds/IssyInvestment/xmlrpc.php&loknya=/homepages/10/d315911638/htdocs/clickandbuilds/IssyInvestment HTTP/1.1" 200 7867 issyinvestments.com "-" "Mozilla/5.0 (Macintosh; Intel Mac OS X 10_15_7) AppleWebKit/537.36 (KHTML, like Gecko) Chrome/145.0.0.0 Safari/537.36 (compatible; meta-externalagent/1.1 (+https://developers.facebook.com/docs/sharing/webmasters/crawler))" "-"
185.177.72.0 - - [16/Jul/2026:01:09:25 +0200] "GET /actuator/health HTTP/1.1" 500 2746 issyconsulting.com "-" "curl/8.7.1" "-"
185.177.72.0 - - [16/Jul/2026:01:09:26 +0200] "GET /var/log/nginx/access%2elog HTTP/1.1" 500 2746 issyconsulting.com "-" "curl/8.7.1" "-"
185.177.72.0 - - [16/Jul/2026:01:09:27 +0200] "GET /_profiler HTTP/1.1" 500 2746 issyconsulting.com "-" "curl/8.7.1" "-"
185.177.72.0 - - [16/Jul/2026:01:09:28 +0200] "GET /actuator/threaddump HTTP/1.1" 500 2746 issyconsulting.com "-" "curl/8.7.1" "-"
2a03:2880:f800:: - - [16/Jul/2026:01:09:29 +0200] "GET /goods/24860820?lokasie=/homepages/10/d315911638/htdocs/clickandbuilds/IssyInvestment/wp-config.php&loknya=/homepages/10/d315911638/htdocs/clickandbuilds/IssyInvestment HTTP/1.1" 429 267 issyinvestments.com "-" "Mozilla/5.0 (X11; Linux x86_64) AppleWebKit/537.36 (KHTML, like Gecko) Chrome/145.0.0.0 Safari/537.36 (compatible; meta-externalagent/1.1 (+https://developers.facebook.com/docs/sharing/webmasters/crawler))" "-"
216.73.216.0 - - [16/Jul/2026:01:09:29 +0200] "GET /goods/996437661?lokasie=%2Fhomepages%2F10%2Fd315911638%2Fhtdocs%2Fclickandbuilds%2FIssyInvestment%2Fwp-includes%2Ffeed.php&loknya=%2Fhomepages%2F10%2Fd315911638%2Fhtdocs%2Fclickandbuilds%2FIssyInvestment%2Fwp-includes HTTP/1.1" 200 28129 issyinvestments.com "-" "Mozilla/5.0 AppleWebKit/537.36 (KHTML, like Gecko; compatible; ClaudeBot/1.0; +claudebot@anthropic.com)" "-"
185.177.72.0 - - [16/Jul/2026:01:09:29 +0200] "GET /actuator/env HTTP/1.1" 500 2746 issyconsulting.com "-" "curl/8.7.1" "-"
185.177.72.0 - - [16/Jul/2026:01:09:30 +0200] "GET /actuator/configprops HTTP/1.1" 500 2746 issyconsulting.com "-" "curl/8.7.1" "-"
185.177.72.0 - - [16/Jul/2026:01:09:31 +0200] "GET /__debug__/ HTTP/1.1" 500 2746 issyconsulting.com "-" "curl/8.7.1" "-"
185.177.72.0 - - [16/Jul/2026:01:09:32 +0200] "GET /var/www/html/%2eenv HTTP/1.1" 500 2746 issyconsulting.com "-" "curl/8.7.1" "-"
2a03:2880:f800:: - - [16/Jul/2026:01:09:33 +0200] "GET /goods/256585839?lokasie=/homepages/10/d315911638/htdocs/clickandbuilds/IssyInvestment/robots.txt&loknya=/homepages/10/d315911638/htdocs/clickandbuilds/IssyInvestment HTTP/1.1" 429 267 issyinvestments.com "-" "Mozilla/5.0 (Macintosh; Intel Mac OS X 10_15_7) AppleWebKit/537.36 (KHTML, like Gecko) Chrome/145.0.0.0 Safari/537.36 (compatible; meta-externalagent/1.1 (+https://developers.facebook.com/docs/sharing/webmasters/crawler))" "-"
2a03:2880:f800:: - - [16/Jul/2026:01:09:33 +0200] "GET /goods/a65668893?lokasie=/homepages/10/d315911638/htdocs/clickandbuilds/IssyInvestment/wp-cron.php&loknya=/homepages/10/d315911638/htdocs/clickandbuilds/IssyInvestment HTTP/1.1" 429 267 issyinvestments.com "-" "Mozilla/5.0 (Windows NT 10.0; Win64; x64) AppleWebKit/537.36 (KHTML, like Gecko) Chrome/145.0.0.0 Safari/537.36 (compatible; meta-externalagent/1.1 (+https://developers.facebook.com/docs/sharing/webmasters/crawler))" "-"
216.73.216.0 - - [16/Jul/2026:01:09:34 +0200] "GET /goods/a56083199?lokasie=%2Fhomepages%2F10%2Fd315911638%2Fhtdocs%2Fclickandbuilds%2FIssyInvestment%2Fwp-admin%2Fuser-new.php&loknya=%2Fhomepages%2F10%2Fd315911638%2Fhtdocs%2Fclickandbuilds%2FIssyInvestment%2Fwp-admin HTTP/1.1" 429 267 issyinvestments.com "-" "Mozilla/5.0 AppleWebKit/537.36 (KHTML, like Gecko; compatible; ClaudeBot/1.0; +claudebot@anthropic.com)" "-"
43.153.62.0 - - [16/Jul/2026:01:09:34 +0200] "GET /?lokasie=/homepages/25/d316792151/htpasswd&loknya=/homepages/25/d316792151 HTTP/1.1" 200 4069 issyinvestments.com "-" "Mozilla/5.0 (iPhone; CPU iPhone OS 13_2_3 like Mac OS X) AppleWebKit/605.1.15 (KHTML, like Gecko) Version/13.0.3 Mobile/15E148 Safari/604.1" "-"
185.177.72.0 - - [16/Jul/2026:01:09:34 +0200] "GET /index%2ephp/ci_environment HTTP/1.1" 500 2746 issyconsulting.com "-" "curl/8.7.1" "-"
216.73.216.0 - - [16/Jul/2026:01:09:35 +0200] "GET /goods/501725677?lokasie=%2Fhomepages%2F10%2Fd315911638%2Fhtdocs%2Fclickandbuilds%2FIssyInvestment%2Fold%2Fwp-admin%2Fms-upgrade-network.php&loknya=%2Fhomepages%2F10%2Fd315911638%2Fhtdocs%2Fclickandbuilds%2FIssyInvestment%2Fold%2Fwp-admin HTTP/1.1" 429 267 issyinvestments.com "-" "Mozilla/5.0 AppleWebKit/537.36 (KHTML, like Gecko; compatible; ClaudeBot/1.0; +claudebot@anthropic.com)" "-"
185.177.72.0 - - [16/Jul/2026:01:09:35 +0200] "GET /rails/info/properties HTTP/1.1" 500 2746 issyconsulting.com "-" "curl/8.7.1" "-"
185.177.72.0 - - [16/Jul/2026:01:09:36 +0200] "GET /actuator/logfile HTTP/1.1" 500 2746 issyconsulting.com "-" "curl/8.7.1" "-"
185.177.72.0 - - [16/Jul/2026:01:09:37 +0200] "GET /salt/pillar/secrets%2esls HTTP/1.1" 500 2746 issyconsulting.com "-" "curl/8.7.1" "-"
185.177.72.0 - - [16/Jul/2026:01:09:38 +0200] "GET /tmui/login%2ejsp/%2e%2e;/tmui/locallb/workspace/fileRead%2ejsp?fileName=/%2eenv HTTP/1.1" 500 2746 issyconsulting.com "-" "curl/8.7.1" "-"
2a03:2880:f800:: - - [16/Jul/2026:01:09:39 +0200] "GET /goods/9b1884385?lokasie=/homepages/10/d315911638/htdocs/clickandbuilds/IssyInvestment/wp-cron.php&loknya=/homepages/10/d315911638/htdocs/clickandbuilds/IssyInvestment HTTP/1.1" 429 267 issyinvestments.com "-" "Mozilla/5.0 (Windows NT 10.0; Win64; x64) AppleWebKit/537.36 (KHTML, like Gecko) Chrome/145.0.0.0 Safari/537.36 (compatible; meta-externalagent/1.1 (+https://developers.facebook.com/docs/sharing/webmasters/crawler))" "-"
2a03:2880:f800:: - - [16/Jul/2026:01:09:39 +0200] "GET /goods/191854851?lokasie=/homepages/10/d315911638/htdocs/clickandbuilds/IssyInvestment/db1.php&loknya=/homepages/10/d315911638/htdocs/clickandbuilds/IssyInvestment HTTP/1.1" 429 267 issyinvestments.com "-" "Mozilla/5.0 (Windows NT 10.0; Win64; x64) AppleWebKit/537.36 (KHTML, like Gecko) Chrome/145.0.0.0 Safari/537.36 (compatible; meta-externalagent/1.1 (+https://developers.facebook.com/docs/sharing/webmasters/crawler))" "-"
216.73.216.0 - - [16/Jul/2026:01:09:39 +0200] "GET /goods/762859689?lokasie=%2Fhomepages%2F5%2Fd314745328%2FDASTOOLSTART&loknya=%2Fhomepages%2F5%2Fd314745328 HTTP/1.1" 429 267 issyinvestments.com "-" "Mozilla/5.0 AppleWebKit/537.36 (KHTML, like Gecko; compatible; ClaudeBot/1.0; +claudebot@anthropic.com)" "-"
185.177.72.0 - - [16/Jul/2026:01:09:39 +0200] "GET /tmui/login%2ejsp/%2e%2e;/tmui/locallb/workspace/fileRead%2ejsp?fileName=/api/%2eenv HTTP/1.1" 500 2746 issyconsulting.com "-" "curl/8.7.1" "-"
185.177.72.0 - - [16/Jul/2026:01:09:40 +0200] "GET /var/log/nginx/error%2elog HTTP/1.1" 500 2746 issyconsulting.com "-" "curl/8.7.1" "-"
185.177.72.0 - - [16/Jul/2026:01:09:41 +0200] "GET /WEB-INF/web%2exml HTTP/1.1" 500 2746 issyconsulting.com "-" "curl/8.7.1" "-"
185.177.72.0 - - [16/Jul/2026:01:09:42 +0200] "GET /cgi-bin/config%2eexp HTTP/1.1" 500 1271 issyconsulting.com "-" "curl/8.7.1" "-"
185.177.72.0 - - [16/Jul/2026:01:09:42 +0200] "GET /var/www/%2eenv HTTP/1.1" 500 2746 issyconsulting.com "-" "curl/8.7.1" "-"
185.177.72.0 - - [16/Jul/2026:01:09:43 +0200] "GET /var/www/html/%2eenv HTTP/1.1" 500 2746 issyconsulting.com "-" "curl/8.7.1" "-"
