2a03:2880:f800:: - - [16/Jul/2026:01:29:19 +0200] "GET /goods/431089172?lokasie=/homepages/10/d315911638/htdocs/clickandbuilds/IssyInvestment/wp-load.php&loknya=/homepages/10/d315911638/htdocs/clickandbuilds/IssyInvestment HTTP/1.1" 429 267 issyinvestments.com "-" "Mozilla/5.0 (X11; Linux x86_64) AppleWebKit/537.36 (KHTML, like Gecko) Chrome/145.0.0.0 Safari/537.36 (compatible; meta-externalagent/1.1 (+https://developers.facebook.com/docs/sharing/webmasters/crawler))" "-"
216.73.216.0 - - [16/Jul/2026:01:29:21 +0200] "GET /goods/d35091311?lokasie=%2Fhomepages%2F10%2Fd315911638%2Fhtdocs%2Fclickandbuilds%2FIssyInvestment%2Fwp-admin%2Fms-themes.php&loknya=%2Fhomepages%2F10%2Fd315911638%2Fhtdocs%2Fclickandbuilds%2FIssyInvestment%2Fwp-admin HTTP/1.1" 429 267 issyinvestments.com "-" "Mozilla/5.0 AppleWebKit/537.36 (KHTML, like Gecko; compatible; ClaudeBot/1.0; +claudebot@anthropic.com)" "-"
2a03:2880:f800:: - - [16/Jul/2026:01:29:21 +0200] "GET /goods/472424125?lokasie=/homepages/10/d315911638/htdocs/clickandbuilds/IssyInvestment/wp-mail.php&loknya=/homepages/10/d315911638/htdocs/clickandbuilds/IssyInvestment HTTP/1.1" 429 267 issyinvestments.com "-" "Mozilla/5.0 (Windows NT 10.0; Win64; x64) AppleWebKit/537.36 (KHTML, like Gecko) Chrome/145.0.0.0 Safari/537.36 (compatible; meta-externalagent/1.1 (+https://developers.facebook.com/docs/sharing/webmasters/crawler))" "-"
2a03:2880:f800:: - - [16/Jul/2026:01:29:23 +0200] "GET /goods/0b2812050?loknya=/homepages HTTP/1.1" 429 267 issyinvestments.com "-" "Mozilla/5.0 (X11; Linux x86_64) AppleWebKit/537.36 (KHTML, like Gecko) Chrome/145.0.0.0 Safari/537.36 (compatible; meta-externalagent/1.1 (+https://developers.facebook.com/docs/sharing/webmasters/crawler))" "-"
2a03:2880:f800:: - - [16/Jul/2026:01:29:25 +0200] "GET /goods/55921961?lokasie=/homepages/10/d315911638/htdocs/clickandbuilds/IssyInvestment/wp-links-opml.php&loknya=/homepages/10/d315911638/htdocs/clickandbuilds/IssyInvestment HTTP/1.1" 429 267 issyinvestments.com "-" "Mozilla/5.0 (Windows NT 10.0; Win64; x64) AppleWebKit/537.36 (KHTML, like Gecko) Chrome/145.0.0.0 Safari/537.36 (compatible; meta-externalagent/1.1 (+https://developers.facebook.com/docs/sharing/webmasters/crawler))" "-"
216.73.216.0 - - [16/Jul/2026:01:29:26 +0200] "GET /goods/63224759?lokasie=%2Fhomepages%2F10%2Fd315911638%2Fhtdocs%2Fclickandbuilds%2FIssyInvestment%2Fwp-admin%2Flink-manager.php&loknya=%2Fhomepages%2F10%2Fd315911638%2Fhtdocs%2Fclickandbuilds%2FIssyInvestment%2Fwp-admin HTTP/1.1" 429 267 issyinvestments.com "-" "Mozilla/5.0 AppleWebKit/537.36 (KHTML, like Gecko; compatible; ClaudeBot/1.0; +claudebot@anthropic.com)" "-"
2a03:2880:f800:: - - [16/Jul/2026:01:29:28 +0200] "GET /goods/926146144?lokasie=/homepages/10/d315911638/htdocs/clickandbuilds/IssyInvestment/robots.txt&loknya=/homepages/10/d315911638/htdocs/clickandbuilds/IssyInvestment HTTP/1.1" 429 267 issyinvestments.com "-" "Mozilla/5.0 (Macintosh; Intel Mac OS X 10_15_7) AppleWebKit/537.36 (KHTML, like Gecko) Chrome/145.0.0.0 Safari/537.36 (compatible; meta-externalagent/1.1 (+https://developers.facebook.com/docs/sharing/webmasters/crawler))" "-"
2a03:2880:f800:: - - [16/Jul/2026:01:29:30 +0200] "GET /goods/6c5596971?lokasie=/homepages/10/d315911638/htdocs/clickandbuilds/IssyInvestment/wp-comments-post.php&loknya=/homepages/10/d315911638/htdocs/clickandbuilds/IssyInvestment HTTP/1.1" 429 267 issyinvestments.com "-" "Mozilla/5.0 (Windows NT 10.0; Win64; x64) AppleWebKit/537.36 (KHTML, like Gecko) Chrome/145.0.0.0 Safari/537.36 (compatible; meta-externalagent/1.1 (+https://developers.facebook.com/docs/sharing/webmasters/crawler))" "-"
216.73.216.0 - - [16/Jul/2026:01:29:31 +0200] "GET /goods/273306608?lokasie=%2Fhomepages%2F10%2Fd315911638%2Fhtdocs%2Fllms.txt&loknya=%2Fhomepages%2F10%2Fd315911638%2Fhtdocs HTTP/1.1" 429 267 issyinvestments.com "-" "Mozilla/5.0 AppleWebKit/537.36 (KHTML, like Gecko; compatible; ClaudeBot/1.0; +claudebot@anthropic.com)" "-"
2a03:2880:f800:: - - [16/Jul/2026:01:29:33 +0200] "GET /goods/59224667?lokasie=/homepages/10/d315911638/htdocs/clickandbuilds/IssyInvestment/adminer.sql.gz&loknya=/homepages/10/d315911638/htdocs/clickandbuilds/IssyInvestment HTTP/1.1" 429 267 issyinvestments.com "-" "Mozilla/5.0 (Windows NT 10.0; Win64; x64) AppleWebKit/537.36 (KHTML, like Gecko) Chrome/145.0.0.0 Safari/537.36 (compatible; meta-externalagent/1.1 (+https://developers.facebook.com/docs/sharing/webmasters/crawler))" "-"
216.73.216.0 - - [16/Jul/2026:01:29:36 +0200] "GET /goods/422162581?lokasie=%2Fhomepages%2F10%2Fd315911638%2Fhtdocs%2Fclickandbuilds%2FIssyInvestment%2Fwp-admin%2Foptions-discussion.php&loknya=%2Fhomepages%2F10%2Fd315911638%2Fhtdocs%2Fclickandbuilds%2FIssyInvestment%2Fwp-admin HTTP/1.1" 429 267 issyinvestments.com "-" "Mozilla/5.0 AppleWebKit/537.36 (KHTML, like Gecko; compatible; ClaudeBot/1.0; +claudebot@anthropic.com)" "-"
2a03:2880:f800:: - - [16/Jul/2026:01:29:38 +0200] "GET /goods/571599349?loknya=/homepages/10/d315911638/htdocs/clickandbuilds/IssyInvestment/.tmb HTTP/1.1" 200 5681 issyinvestments.com "-" "Mozilla/5.0 (Windows NT 10.0; Win64; x64) AppleWebKit/537.36 (KHTML, like Gecko) Chrome/145.0.0.0 Safari/537.36 (compatible; meta-externalagent/1.1 (+https://developers.facebook.com/docs/sharing/webmasters/crawler))" "-"
2a03:2880:f800:: - - [16/Jul/2026:01:29:40 +0200] "GET /goods/636203685?lokasie=/homepages/10/d315911638/htdocs/clickandbuilds/IssyInvestment/wp-trackback.php&loknya=/homepages/10/d315911638/htdocs/clickandbuilds/IssyInvestment HTTP/1.1" 200 9524 issyinvestments.com "-" "Mozilla/5.0 (Macintosh; Intel Mac OS X 10_15_7) AppleWebKit/537.36 (KHTML, like Gecko) Chrome/145.0.0.0 Safari/537.36 (compatible; meta-externalagent/1.1 (+https://developers.facebook.com/docs/sharing/webmasters/crawler))" "-"
216.73.216.0 - - [16/Jul/2026:01:29:41 +0200] "GET /goods/071468555?lokasie=%2Fhomepages%2F10%2Fd315911638%2Fhtdocs%2Fclickandbuilds%2FIssyInvestment%2Fwp-admin%2Fmedia-upload.php&loknya=%2Fhomepages%2F10%2Fd315911638%2Fhtdocs%2Fclickandbuilds%2FIssyInvestment%2Fwp-admin HTTP/1.1" 429 267 issyinvestments.com "-" "Mozilla/5.0 AppleWebKit/537.36 (KHTML, like Gecko; compatible; ClaudeBot/1.0; +claudebot@anthropic.com)" "-"
216.73.216.0 - - [16/Jul/2026:01:29:46 +0200] "GET /goods/e81975245?lokasie=%2Fhomepages%2F10%2Fd315911638%2Fhtdocs%2Fclickandbuilds%2F%2Fissyaccounting-bkp.zip&loknya=%2Fhomepages%2F10%2Fd315911638%2Fhtdocs%2Fclickandbuilds%2F HTTP/1.1" 429 267 issyinvestments.com "-" "Mozilla/5.0 AppleWebKit/537.36 (KHTML, like Gecko; compatible; ClaudeBot/1.0; +claudebot@anthropic.com)" "-"
216.73.216.0 - - [16/Jul/2026:01:29:51 +0200] "GET /goods/7d3560929?lokasie=%2Fhomepages%2F10%2Fd315911638%2Fhtdocs%2Fclickandbuilds%2FIssyInvestment%2Fwp-trackback.php&loknya=%2Fhomepages%2F10%2Fd315911638%2Fhtdocs%2Fclickandbuilds%2FIssyInvestment HTTP/1.1" 429 267 issyinvestments.com "-" "Mozilla/5.0 AppleWebKit/537.36 (KHTML, like Gecko; compatible; ClaudeBot/1.0; +claudebot@anthropic.com)" "-"
216.73.216.0 - - [16/Jul/2026:01:29:56 +0200] "GET /goods/092213774?lokasie=%2Fhomepages%2F10%2Fd316436675%2F.htaccessold&loknya=%2Fhomepages%2F10%2Fd316436675 HTTP/1.1" 429 267 issyinvestments.com "-" "Mozilla/5.0 AppleWebKit/537.36 (KHTML, like Gecko; compatible; ClaudeBot/1.0; +claudebot@anthropic.com)" "-"
74.7.242.0 - - [16/Jul/2026:01:30:00 +0200] "GET /?lokasie=/proc/irq/55/node&loknya=/proc/irq/55 HTTP/1.1" 429 267 issyinvestments.com "https://issyinvestments.com/?loknya=/proc/irq/55" "Mozilla/5.0 AppleWebKit/537.36 (KHTML, like Gecko; compatible; GPTBot/1.4; +https://openai.com/gptbot)" "-"
216.73.216.0 - - [16/Jul/2026:01:30:01 +0200] "GET /goods/0e5954603?lokasie=%2Fhomepages%2F10%2Fd315911638%2Fhtdocs%2Fclickandbuilds%2FIssyInvestment%2Fold%2Findex.php&loknya=%2Fhomepages%2F10%2Fd315911638%2Fhtdocs%2Fclickandbuilds%2FIssyInvestment%2Fold HTTP/1.1" 429 267 issyinvestments.com "-" "Mozilla/5.0 AppleWebKit/537.36 (KHTML, like Gecko; compatible; ClaudeBot/1.0; +claudebot@anthropic.com)" "-"
216.73.216.0 - - [16/Jul/2026:01:30:06 +0200] "GET /goods/164958112?lokasie=%2Fhomepages%2F10%2Fd315911638%2Fhtdocs%2Fclickandbuilds%2FIssyInvestment%2Fwp-admin%2Fsite-health-info.php&loknya=%2Fhomepages%2F10%2Fd315911638%2Fhtdocs%2Fclickandbuilds%2FIssyInvestment%2Fwp-admin HTTP/1.1" 429 267 issyinvestments.com "-" "Mozilla/5.0 AppleWebKit/537.36 (KHTML, like Gecko; compatible; ClaudeBot/1.0; +claudebot@anthropic.com)" "-"
2a03:2880:f800:: - - [16/Jul/2026:01:30:06 +0200] "GET /goods/393279563 HTTP/1.1" 200 46819 issyinvestments.com "-" "Mozilla/5.0 (X11; Linux x86_64) AppleWebKit/537.36 (KHTML, like Gecko) Chrome/145.0.0.0 Safari/537.36 (compatible; meta-externalagent/1.1 (+https://developers.facebook.com/docs/sharing/webmasters/crawler))" "-"
216.73.216.0 - - [16/Jul/2026:01:30:11 +0200] "GET /goods/975692646?lokasie=%2Fhomepages%2F10%2Fd315911638%2Fhtdocs%2Fclickandbuilds%2FIssyInvestment%2Fwp-config-sample.php&loknya=%2Fhomepages%2F10%2Fd315911638%2Fhtdocs%2Fclickandbuilds%2FIssyInvestment HTTP/1.1" 429 267 issyinvestments.com "-" "Mozilla/5.0 AppleWebKit/537.36 (KHTML, like Gecko; compatible; ClaudeBot/1.0; +claudebot@anthropic.com)" "-"
216.73.216.0 - - [16/Jul/2026:01:30:16 +0200] "GET /goods/191584127?lokasie=%2Fhomepages%2F10%2Fd316125018%2FDASTOOLSTART&loknya=%2Fhomepages%2F10%2Fd316125018 HTTP/1.1" 200 4074 issyinvestments.com "-" "Mozilla/5.0 AppleWebKit/537.36 (KHTML, like Gecko; compatible; ClaudeBot/1.0; +claudebot@anthropic.com)" "-"
43.165.198.0 - - [16/Jul/2026:01:30:20 +0200] "GET / HTTP/1.1" 301 - www.issyaccounting.com "-" "Mozilla/5.0 (iPhone; CPU iPhone OS 13_2_3 like Mac OS X) AppleWebKit/605.1.15 (KHTML, like Gecko) Version/13.0.3 Mobile/15E148 Safari/604.1" "-"
216.73.216.0 - - [16/Jul/2026:01:30:21 +0200] "GET /goods/e41483145?lokasie=%2Fhomepages%2F10%2Fd315911638%2Fhtdocs%2Fclickandbuilds%2FIssyInvestment%2Fwp-blog-header.php&loknya=%2Fhomepages%2F10%2Fd315911638%2Fhtdocs%2Fclickandbuilds%2FIssyInvestment HTTP/1.1" 200 4717 issyinvestments.com "-" "Mozilla/5.0 AppleWebKit/537.36 (KHTML, like Gecko; compatible; ClaudeBot/1.0; +claudebot@anthropic.com)" "-"
216.73.216.0 - - [16/Jul/2026:01:30:26 +0200] "GET /goods/992001472?lokasie=%2Fhomepages%2F10%2Fd315911638%2Fhtdocs%2Fclickandbuilds%2FIssyInvestment%2Fwp-admin%2Fsite-health-info.php&loknya=%2Fhomepages%2F10%2Fd315911638%2Fhtdocs%2Fclickandbuilds%2FIssyInvestment%2Fwp-admin HTTP/1.1" 200 9259 issyinvestments.com "-" "Mozilla/5.0 AppleWebKit/537.36 (KHTML, like Gecko; compatible; ClaudeBot/1.0; +claudebot@anthropic.com)" "-"
2a03:2880:f800:: - - [16/Jul/2026:01:30:27 +0200] "GET /goods/675927044?loknya=/homepages/10 HTTP/1.1" 200 57925 issyinvestments.com "-" "Mozilla/5.0 (Macintosh; Intel Mac OS X 10_15_7) AppleWebKit/537.36 (KHTML, like Gecko) Chrome/145.0.0.0 Safari/537.36 (compatible; meta-externalagent/1.1 (+https://developers.facebook.com/docs/sharing/webmasters/crawler))" "-"
216.73.216.0 - - [16/Jul/2026:01:30:32 +0200] "GET /goods/375785539?lokasie=%2Fhomepages%2F46%2Fd316188974%2FDASTOOLSTART&loknya=%2Fhomepages%2F46%2Fd316188974 HTTP/1.1" 200 4074 issyinvestments.com "-" "Mozilla/5.0 AppleWebKit/537.36 (KHTML, like Gecko; compatible; ClaudeBot/1.0; +claudebot@anthropic.com)" "-"
216.73.216.0 - - [16/Jul/2026:01:30:37 +0200] "GET /goods/913707056?lokasie=%2Fhomepages%2F10%2Fd315911638%2Fhtdocs%2Fclickandbuilds%2FIssyInvestment%2Fwp-comments-post.php&loknya=%2Fhomepages%2F10%2Fd315911638%2Fhtdocs%2Fclickandbuilds%2FIssyInvestment HTTP/1.1" 200 6759 issyinvestments.com "-" "Mozilla/5.0 AppleWebKit/537.36 (KHTML, like Gecko; compatible; ClaudeBot/1.0; +claudebot@anthropic.com)" "-"
216.73.216.0 - - [16/Jul/2026:01:30:42 +0200] "GET /goods/d8723876?lokasie=%2Fhomepages%2F10%2Fd315911638%2Fhtdocs%2Fclickandbuilds%2FIssyInvestment%2Fdb1.php&loknya=%2Fhomepages%2F10%2Fd315911638%2Fhtdocs%2Fclickandbuilds%2FIssyInvestment HTTP/1.1" 200 4352 issyinvestments.com "-" "Mozilla/5.0 AppleWebKit/537.36 (KHTML, like Gecko; compatible; ClaudeBot/1.0; +claudebot@anthropic.com)" "-"
2a03:2880:f800:: - - [16/Jul/2026:01:30:44 +0200] "GET /goods/906225584 HTTP/1.1" 200 46819 issyinvestments.com "-" "Mozilla/5.0 (Macintosh; Intel Mac OS X 10_15_7) AppleWebKit/537.36 (KHTML, like Gecko) Chrome/145.0.0.0 Safari/537.36 (compatible; meta-externalagent/1.1 (+https://developers.facebook.com/docs/sharing/webmasters/crawler))" "-"
216.73.216.0 - - [16/Jul/2026:01:30:49 +0200] "GET /goods/1e207690?lokasie=%2Fhomepages%2F10%2Fd313536728%2Fhtaccesslist&loknya=%2Fhomepages%2F10%2Fd313536728 HTTP/1.1" 200 4074 issyinvestments.com "-" "Mozilla/5.0 AppleWebKit/537.36 (KHTML, like Gecko; compatible; ClaudeBot/1.0; +claudebot@anthropic.com)" "-"
216.73.216.0 - - [16/Jul/2026:01:30:52 +0200] "GET /goods/685973859?lokasie=%2Fhomepages%2F10%2Fd315911638%2Fhtdocs%2Fclickandbuilds%2FIssyInvestment%2Fwp-load.php&loknya=%2Fhomepages%2F10%2Fd315911638%2Fhtdocs%2Fclickandbuilds%2FIssyInvestment HTTP/1.1" 200 8456 issyinvestments.com "-" "Mozilla/5.0 AppleWebKit/537.36 (KHTML, like Gecko; compatible; ClaudeBot/1.0; +claudebot@anthropic.com)" "-"
74.7.242.0 - - [16/Jul/2026:01:30:53 +0200] "GET /?lokasie=/usr/bin/libtoolize&loknya=/usr/bin HTTP/1.1" 200 145448 issyinvestments.com "https://issyinvestments.com/?loknya=/usr/bin" "Mozilla/5.0 AppleWebKit/537.36 (KHTML, like Gecko; compatible; GPTBot/1.4; +https://openai.com/gptbot)" "-"
216.73.216.0 - - [16/Jul/2026:01:30:57 +0200] "GET /goods/852929636?lokasie=%2Fhomepages%2F10%2Fd315911638%2Fhtdocs%2Fclickandbuilds%2FIssyInvestment%2Fwp-admin%2Fsite-health.php&loknya=%2Fhomepages%2F10%2Fd315911638%2Fhtdocs%2Fclickandbuilds%2FIssyInvestment%2Fwp-admin HTTP/1.1" 200 16633 issyinvestments.com "-" "Mozilla/5.0 AppleWebKit/537.36 (KHTML, like Gecko; compatible; ClaudeBot/1.0; +claudebot@anthropic.com)" "-"
2a03:2880:f800:: - - [16/Jul/2026:01:30:58 +0200] "GET /goods/d62311329 HTTP/1.1" 200 46819 issyinvestments.com "-" "Mozilla/5.0 (Windows NT 10.0; Win64; x64) AppleWebKit/537.36 (KHTML, like Gecko) Chrome/145.0.0.0 Safari/537.36 (compatible; meta-externalagent/1.1 (+https://developers.facebook.com/docs/sharing/webmasters/crawler))" "-"
216.73.216.0 - - [16/Jul/2026:01:31:02 +0200] "GET /goods/332781513?lokasie=%2Fhomepages%2F38%2Fd316325360%2FDASTOOLSTART&loknya=%2Fhomepages%2F38%2Fd316325360 HTTP/1.1" 200 4074 issyinvestments.com "-" "Mozilla/5.0 AppleWebKit/537.36 (KHTML, like Gecko; compatible; ClaudeBot/1.0; +claudebot@anthropic.com)" "-"
216.73.216.0 - - [16/Jul/2026:01:31:07 +0200] "GET /goods/984575631?lokasie=%2Fhomepages%2F10%2Fd315911638%2Fhtdocs%2Fclickandbuilds%2FIssyInvestment%2F%2Fwp-trackback.php&loknya=%2Fhomepages%2F10%2Fd315911638%2Fhtdocs%2Fclickandbuilds%2FIssyInvestment%2F HTTP/1.1" 200 9520 issyinvestments.com "-" "Mozilla/5.0 AppleWebKit/537.36 (KHTML, like Gecko; compatible; ClaudeBot/1.0; +claudebot@anthropic.com)" "-"
2a03:2880:f800:: - - [16/Jul/2026:01:31:12 +0200] "GET /goods/581529855 HTTP/1.1" 200 46819 issyinvestments.com "-" "Mozilla/5.0 (Macintosh; Intel Mac OS X 10_15_7) AppleWebKit/537.36 (KHTML, like Gecko) Chrome/145.0.0.0 Safari/537.36 (compatible; meta-externalagent/1.1 (+https://developers.facebook.com/docs/sharing/webmasters/crawler))" "-"
216.73.216.0 - - [16/Jul/2026:01:31:12 +0200] "GET /goods/6f2559043?lokasie=%2Fhomepages%2F10%2Fd315911638%2Fhtdocs%2Fclickandbuilds%2FIssyInvestment%2Fwp-trackback.php&loknya=%2Fhomepages%2F10%2Fd315911638%2Fhtdocs%2Fclickandbuilds%2FIssyInvestment HTTP/1.1" 200 9519 issyinvestments.com "-" "Mozilla/5.0 AppleWebKit/537.36 (KHTML, like Gecko; compatible; ClaudeBot/1.0; +claudebot@anthropic.com)" "-"
216.73.216.0 - - [16/Jul/2026:01:31:17 +0200] "GET /goods/201886422?lokasie=%2Fhomepages%2F10%2Fd315911638%2Fhtdocs%2Fclickandbuilds%2FIssyInvestment%2Fwp-activate.php&loknya=%2Fhomepages%2F10%2Fd315911638%2Fhtdocs%2Fclickandbuilds%2FIssyInvestment HTTP/1.1" 200 12558 issyinvestments.com "-" "Mozilla/5.0 AppleWebKit/537.36 (KHTML, like Gecko; compatible; ClaudeBot/1.0; +claudebot@anthropic.com)" "-"
216.73.216.0 - - [16/Jul/2026:01:31:22 +0200] "GET /goods/685973859?lokasie=%2Fhomepages%2F10%2Fd315911638%2Fhtdocs%2Fclickandbuilds%2FIssyInvestment%2Fwp-settings.php&loknya=%2Fhomepages%2F10%2Fd315911638%2Fhtdocs%2Fclickandbuilds%2FIssyInvestment HTTP/1.1" 200 30831 issyinvestments.com "-" "Mozilla/5.0 AppleWebKit/537.36 (KHTML, like Gecko; compatible; ClaudeBot/1.0; +claudebot@anthropic.com)" "-"
2a03:2880:f800:: - - [16/Jul/2026:01:31:23 +0200] "GET /goods/f76602229 HTTP/1.1" 200 46819 issyinvestments.com "-" "Mozilla/5.0 (Windows NT 10.0; Win64; x64) AppleWebKit/537.36 (KHTML, like Gecko) Chrome/145.0.0.0 Safari/537.36 (compatible; meta-externalagent/1.1 (+https://developers.facebook.com/docs/sharing/webmasters/crawler))" "-"
216.73.216.0 - - [16/Jul/2026:01:31:27 +0200] "GET /goods/751756981?lokasie=%2Fhomepages%2F10%2Fd315911638%2Fhtdocs%2Fclickandbuilds%2FIssyInvestment%2Fwp-includes%2Fblock-i18n.json&loknya=%2Fhomepages%2F10%2Fd315911638%2Fhtdocs%2Fclickandbuilds%2FIssyInvestment%2Fwp-includes HTTP/1.1" 200 4956 issyinvestments.com "-" "Mozilla/5.0 AppleWebKit/537.36 (KHTML, like Gecko; compatible; ClaudeBot/1.0; +claudebot@anthropic.com)" "-"
216.73.216.0 - - [16/Jul/2026:01:31:32 +0200] "GET /goods/472822431?lokasie=%2Fhomepages%2F10%2Fd315911638%2Fhtdocs%2Fclickandbuilds%2FIssyInvestment%2Fwp-config-sample.php&loknya=%2Fhomepages%2F10%2Fd315911638%2Fhtdocs%2Fclickandbuilds%2FIssyInvestment HTTP/1.1" 200 7401 issyinvestments.com "-" "Mozilla/5.0 AppleWebKit/537.36 (KHTML, like Gecko; compatible; ClaudeBot/1.0; +claudebot@anthropic.com)" "-"
2a03:2880:f800:: - - [16/Jul/2026:01:31:33 +0200] "GET /goods/e42229455 HTTP/1.1" 200 46819 issyinvestments.com "-" "Mozilla/5.0 (Macintosh; Intel Mac OS X 10_15_7) AppleWebKit/537.36 (KHTML, like Gecko) Chrome/145.0.0.0 Safari/537.36 (compatible; meta-externalagent/1.1 (+https://developers.facebook.com/docs/sharing/webmasters/crawler))" "-"
216.73.216.0 - - [16/Jul/2026:01:31:37 +0200] "GET /goods/914063761?lokasie=%2Fhomepages%2F10%2Fd315911638%2Fhtdocs%2Fclickandbuilds%2FIssyInvestment%2Fwp-cron.php&loknya=%2Fhomepages%2F10%2Fd315911638%2Fhtdocs%2Fclickandbuilds%2FIssyInvestment HTTP/1.1" 200 10075 issyinvestments.com "-" "Mozilla/5.0 AppleWebKit/537.36 (KHTML, like Gecko; compatible; ClaudeBot/1.0; +claudebot@anthropic.com)" "-"
2a03:2880:f800:: - - [16/Jul/2026:01:31:42 +0200] "GET /goods/843756976 HTTP/1.1" 200 46819 issyinvestments.com "-" "Mozilla/5.0 (Windows NT 10.0; Win64; x64) AppleWebKit/537.36 (KHTML, like Gecko) Chrome/145.0.0.0 Safari/537.36 (compatible; meta-externalagent/1.1 (+https://developers.facebook.com/docs/sharing/webmasters/crawler))" "-"
216.73.216.0 - - [16/Jul/2026:01:31:43 +0200] "GET /goods/b14838833?lokasie=%2Fhomepages%2F10%2Fd315911638%2Fhtdocs%2Fclickandbuilds%2FIssyInvestment%2Fwp-trackback.php&loknya=%2Fhomepages%2F10%2Fd315911638%2Fhtdocs%2Fclickandbuilds%2FIssyInvestment HTTP/1.1" 200 9519 issyinvestments.com "-" "Mozilla/5.0 AppleWebKit/537.36 (KHTML, like Gecko; compatible; ClaudeBot/1.0; +claudebot@anthropic.com)" "-"
216.73.216.0 - - [16/Jul/2026:01:31:47 +0200] "GET /goods/ac3483362?lokasie=%2Fhomepages%2F10%2Fd315911638%2Fhtdocs%2Fclickandbuilds%2FIssyInvestment%2Fwp-cron.php&loknya=%2Fhomepages%2F10%2Fd315911638%2Fhtdocs%2Fclickandbuilds%2FIssyInvestment HTTP/1.1" 200 10075 issyinvestments.com "-" "Mozilla/5.0 AppleWebKit/537.36 (KHTML, like Gecko; compatible; ClaudeBot/1.0; +claudebot@anthropic.com)" "-"
2a03:2880:f800:: - - [16/Jul/2026:01:31:52 +0200] "GET /goods/ac5497338 HTTP/1.1" 200 46819 issyinvestments.com "-" "Mozilla/5.0 (Windows NT 10.0; Win64; x64) AppleWebKit/537.36 (KHTML, like Gecko) Chrome/145.0.0.0 Safari/537.36 (compatible; meta-externalagent/1.1 (+https://developers.facebook.com/docs/sharing/webmasters/crawler))" "-"
216.73.216.0 - - [16/Jul/2026:01:31:53 +0200] "GET /goods/832141211?lokasie=%2Fhomepages%2F10%2Fd315911638%2Fhtdocs%2Fclickandbuilds%2FIssyInvestment%2Fwp-activate.php&loknya=%2Fhomepages%2F10%2Fd315911638%2Fhtdocs%2Fclickandbuilds%2FIssyInvestment HTTP/1.1" 429 267 issyinvestments.com "-" "Mozilla/5.0 AppleWebKit/537.36 (KHTML, like Gecko; compatible; ClaudeBot/1.0; +claudebot@anthropic.com)" "-"
74.7.242.0 - - [16/Jul/2026:01:31:54 +0200] "GET /?lokasie=/proc/self/environ&loknya=/proc/self HTTP/1.1" 429 267 issyinvestments.com "https://issyinvestments.com/?loknya=/proc/self" "Mozilla/5.0 AppleWebKit/537.36 (KHTML, like Gecko; compatible; GPTBot/1.4; +https://openai.com/gptbot)" "-"
216.73.216.0 - - [16/Jul/2026:01:31:58 +0200] "GET /goods/504681302?lokasie=%2Fhomepages%2F10%2Fd315911638%2Fhtdocs%2Fclickandbuilds%2FIssyInvestment%2Fwp-trackback.php&loknya=%2Fhomepages%2F10%2Fd315911638%2Fhtdocs%2Fclickandbuilds%2FIssyInvestment HTTP/1.1" 429 267 issyinvestments.com "-" "Mozilla/5.0 AppleWebKit/537.36 (KHTML, like Gecko; compatible; ClaudeBot/1.0; +claudebot@anthropic.com)" "-"
2a03:2880:f800:: - - [16/Jul/2026:01:31:59 +0200] "GET /goods/491820569 HTTP/1.1" 200 46818 issyinvestments.com "-" "Mozilla/5.0 (Macintosh; Intel Mac OS X 10_15_7) AppleWebKit/537.36 (KHTML, like Gecko) Chrome/145.0.0.0 Safari/537.36 (compatible; meta-externalagent/1.1 (+https://developers.facebook.com/docs/sharing/webmasters/crawler))" "-"
216.73.216.0 - - [16/Jul/2026:01:32:03 +0200] "GET /goods/7c3426453?lokasie=%2Fhomepages%2F10%2Fd315911638%2Fhtdocs%2Fclickandbuilds%2FIssyInvestment%2Fwp-config-sample.php&loknya=%2Fhomepages%2F10%2Fd315911638%2Fhtdocs%2Fclickandbuilds%2FIssyInvestment HTTP/1.1" 429 267 issyinvestments.com "-" "Mozilla/5.0 AppleWebKit/537.36 (KHTML, like Gecko; compatible; ClaudeBot/1.0; +claudebot@anthropic.com)" "-"
2a03:2880:f800:: - - [16/Jul/2026:01:32:06 +0200] "GET /goods/c64593236 HTTP/1.1" 200 46819 issyinvestments.com "-" "Mozilla/5.0 (Windows NT 10.0; Win64; x64) AppleWebKit/537.36 (KHTML, like Gecko) Chrome/145.0.0.0 Safari/537.36 (compatible; meta-externalagent/1.1 (+https://developers.facebook.com/docs/sharing/webmasters/crawler))" "-"
216.73.216.0 - - [16/Jul/2026:01:32:08 +0200] "GET /goods/09722324?lokasie=%2Fhomepages%2F10%2Fd315911638%2Fhtdocs%2Fclickandbuilds%2FIssyHopeProject%2Fllms.txt&loknya=%2Fhomepages%2F10%2Fd315911638%2Fhtdocs%2Fclickandbuilds%2FIssyHopeProject HTTP/1.1" 429 267 issyinvestments.com "-" "Mozilla/5.0 AppleWebKit/537.36 (KHTML, like Gecko; compatible; ClaudeBot/1.0; +claudebot@anthropic.com)" "-"
216.73.216.0 - - [16/Jul/2026:01:32:13 +0200] "GET /goods/174532130?lokasie=%2Fhomepages%2F10%2Fd315911638%2Fhtdocs%2Fclickandbuilds%2FIssyInvestment%2Fwp-activate.php&loknya=%2Fhomepages%2F10%2Fd315911638%2Fhtdocs%2Fclickandbuilds%2FIssyInvestment HTTP/1.1" 429 267 issyinvestments.com "-" "Mozilla/5.0 AppleWebKit/537.36 (KHTML, like Gecko; compatible; ClaudeBot/1.0; +claudebot@anthropic.com)" "-"
2a03:2880:f800:: - - [16/Jul/2026:01:32:13 +0200] "GET /goods/2813140?lokasie=/homepages/10/d315911638/htdocs/clickandbuilds/IssyInvestment/adminer.sql.gz&loknya=/homepages/10/d315911638/htdocs/clickandbuilds/IssyInvestment HTTP/1.1" 200 4364 issyinvestments.com "-" "Mozilla/5.0 (Macintosh; Intel Mac OS X 10_15_7) AppleWebKit/537.36 (KHTML, like Gecko) Chrome/145.0.0.0 Safari/537.36 (compatible; meta-externalagent/1.1 (+https://developers.facebook.com/docs/sharing/webmasters/crawler))" "-"
216.73.216.0 - - [16/Jul/2026:01:32:18 +0200] "GET /goods/88599477?lokasie=%2Fhomepages%2F10%2Fd314430104%2Fhtaccesslist&loknya=%2Fhomepages%2F10%2Fd314430104 HTTP/1.1" 429 267 issyinvestments.com "-" "Mozilla/5.0 AppleWebKit/537.36 (KHTML, like Gecko; compatible; ClaudeBot/1.0; +claudebot@anthropic.com)" "-"
2a03:2880:f800:: - - [16/Jul/2026:01:32:19 +0200] "GET /goods/b2969242?loknya=/homepages/10 HTTP/1.1" 200 57926 issyinvestments.com "-" "Mozilla/5.0 (Windows NT 10.0; Win64; x64) AppleWebKit/537.36 (KHTML, like Gecko) Chrome/145.0.0.0 Safari/537.36 (compatible; meta-externalagent/1.1 (+https://developers.facebook.com/docs/sharing/webmasters/crawler))" "-"
216.73.216.0 - - [16/Jul/2026:01:32:23 +0200] "GET /goods/af4774664?lokasie=%2Fhomepages%2F10%2Fd315911638%2Fhtdocs%2Fclickandbuilds%2FIssyInvestment%2Fwp-cron.php&loknya=%2Fhomepages%2F10%2Fd315911638%2Fhtdocs%2Fclickandbuilds%2FIssyInvestment HTTP/1.1" 429 267 issyinvestments.com "-" "Mozilla/5.0 AppleWebKit/537.36 (KHTML, like Gecko; compatible; ClaudeBot/1.0; +claudebot@anthropic.com)" "-"
2a03:2880:f800:: - - [16/Jul/2026:01:32:25 +0200] "GET /goods/d55288335?lokasie=/homepages/10/d315911638/htdocs/clickandbuilds/IssyInvestment/wp-admin/ms-sites.php&loknya=/homepages/10/d315911638/htdocs/clickandbuilds/IssyInvestment/wp-admin HTTP/1.1" 200 4691 issyinvestments.com "-" "Mozilla/5.0 (Windows NT 10.0; Win64; x64) AppleWebKit/537.36 (KHTML, like Gecko) Chrome/145.0.0.0 Safari/537.36 (compatible; meta-externalagent/1.1 (+https://developers.facebook.com/docs/sharing/webmasters/crawler))" "-"
216.73.216.0 - - [16/Jul/2026:01:32:29 +0200] "GET /goods/42379636?lokasie=%2Fhomepages%2F10%2Fd315911638%2Fhtdocs%2Fclickandbuilds%2FIssyInvestment%2Fwp-activate.php&loknya=%2Fhomepages%2F10%2Fd315911638%2Fhtdocs%2Fclickandbuilds%2FIssyInvestment HTTP/1.1" 429 267 issyinvestments.com "-" "Mozilla/5.0 AppleWebKit/537.36 (KHTML, like Gecko; compatible; ClaudeBot/1.0; +claudebot@anthropic.com)" "-"
2a03:2880:f800:: - - [16/Jul/2026:01:32:31 +0200] "GET /goods/672039322 HTTP/1.1" 200 46819 issyinvestments.com "-" "Mozilla/5.0 (Windows NT 10.0; Win64; x64) AppleWebKit/537.36 (KHTML, like Gecko) Chrome/145.0.0.0 Safari/537.36 (compatible; meta-externalagent/1.1 (+https://developers.facebook.com/docs/sharing/webmasters/crawler))" "-"
216.73.216.0 - - [16/Jul/2026:01:32:33 +0200] "GET /goods/e85995062?lokasie=%2Fhomepages%2F10%2Fd315911638%2Fhtdocs%2Fclickandbuilds%2FIssyInvestment%2Fwp-login.php&loknya=%2Fhomepages%2F10%2Fd315911638%2Fhtdocs%2Fclickandbuilds%2FIssyInvestment HTTP/1.1" 429 267 issyinvestments.com "-" "Mozilla/5.0 AppleWebKit/537.36 (KHTML, like Gecko; compatible; ClaudeBot/1.0; +claudebot@anthropic.com)" "-"
2a03:2880:f800:: - - [16/Jul/2026:01:32:36 +0200] "GET /goods/9466882?lokasie=/homepages/10/d315911638/htdocs/clickandbuilds/IssyInvestment/wp-config-sample.php&loknya=/homepages/10/d315911638/htdocs/clickandbuilds/IssyInvestment HTTP/1.1" 200 7406 issyinvestments.com "-" "Mozilla/5.0 (Macintosh; Intel Mac OS X 10_15_7) AppleWebKit/537.36 (KHTML, like Gecko) Chrome/145.0.0.0 Safari/537.36 (compatible; meta-externalagent/1.1 (+https://developers.facebook.com/docs/sharing/webmasters/crawler))" "-"
216.73.216.0 - - [16/Jul/2026:01:32:38 +0200] "GET /goods/7d3560929?lokasie=%2Fhomepages%2F10%2Fd315911638%2Fhtdocs%2Fclickandbuilds%2FIssyInvestment%2Fdb1.php&loknya=%2Fhomepages%2F10%2Fd315911638%2Fhtdocs%2Fclickandbuilds%2FIssyInvestment HTTP/1.1" 429 267 issyinvestments.com "-" "Mozilla/5.0 AppleWebKit/537.36 (KHTML, like Gecko; compatible; ClaudeBot/1.0; +claudebot@anthropic.com)" "-"
2a03:2880:f800:: - - [16/Jul/2026:01:32:41 +0200] "GET /goods/225231110 HTTP/1.1" 200 46819 issyinvestments.com "-" "Mozilla/5.0 (Macintosh; Intel Mac OS X 10_15_7) AppleWebKit/537.36 (KHTML, like Gecko) Chrome/145.0.0.0 Safari/537.36 (compatible; meta-externalagent/1.1 (+https://developers.facebook.com/docs/sharing/webmasters/crawler))" "-"
216.73.216.0 - - [16/Jul/2026:01:32:43 +0200] "GET /goods/642337847?lokasie=%2Fhomepages%2F10%2Fd315911638%2Fhtdocs%2Fclickandbuilds%2FIssyInvestment%2Fold%2Fwp-trackback.php&loknya=%2Fhomepages%2F10%2Fd315911638%2Fhtdocs%2Fclickandbuilds%2FIssyInvestment%2Fold HTTP/1.1" 429 267 issyinvestments.com "-" "Mozilla/5.0 AppleWebKit/537.36 (KHTML, like Gecko; compatible; ClaudeBot/1.0; +claudebot@anthropic.com)" "-"
2a03:2880:f800:: - - [16/Jul/2026:01:32:46 +0200] "GET /goods/1b5045276 HTTP/1.1" 200 46819 issyinvestments.com "-" "Mozilla/5.0 (Windows NT 10.0; Win64; x64) AppleWebKit/537.36 (KHTML, like Gecko) Chrome/145.0.0.0 Safari/537.36 Edg/145.0.0.0 (compatible; meta-externalagent/1.1 (+https://developers.facebook.com/docs/sharing/webmasters/crawler))" "-"
74.7.242.0 - - [16/Jul/2026:01:32:48 +0200] "GET /?lokasie=/proc/self/cgroup&loknya=/proc/self HTTP/1.1" 429 267 issyinvestments.com "https://issyinvestments.com/?loknya=/proc/self" "Mozilla/5.0 AppleWebKit/537.36 (KHTML, like Gecko; compatible; GPTBot/1.4; +https://openai.com/gptbot)" "-"
216.73.216.0 - - [16/Jul/2026:01:32:48 +0200] "GET /goods/b33537930?lokasie=%2Fhomepages%2F10%2Fd315911638%2Fhtdocs%2Fclickandbuilds%2FIssyInvestment%2Fadminer.sql.gz&loknya=%2Fhomepages%2F10%2Fd315911638%2Fhtdocs%2Fclickandbuilds%2FIssyInvestment HTTP/1.1" 429 267 issyinvestments.com "-" "Mozilla/5.0 AppleWebKit/537.36 (KHTML, like Gecko; compatible; ClaudeBot/1.0; +claudebot@anthropic.com)" "-"
2a03:2880:f800:: - - [16/Jul/2026:01:32:50 +0200] "GET /goods/376531305?loknya=/homepages/10/d315911638/htdocs/clickandbuilds HTTP/1.1" 429 267 issyinvestments.com "-" "Mozilla/5.0 (Macintosh; Intel Mac OS X 10_15_7) AppleWebKit/537.36 (KHTML, like Gecko) Chrome/145.0.0.0 Safari/537.36 (compatible; meta-externalagent/1.1 (+https://developers.facebook.com/docs/sharing/webmasters/crawler))" "-"
216.73.216.0 - - [16/Jul/2026:01:32:53 +0200] "GET /goods/e52124959?lokasie=%2Fhomepages%2F10%2Fd315911638%2Fhtdocs%2Fclickandbuilds%2FIssyInvestment%2Findex.php&loknya=%2Fhomepages%2F10%2Fd315911638%2Fhtdocs%2Fclickandbuilds%2FIssyInvestment HTTP/1.1" 200 12867 issyinvestments.com "-" "Mozilla/5.0 AppleWebKit/537.36 (KHTML, like Gecko; compatible; ClaudeBot/1.0; +claudebot@anthropic.com)" "-"
2a03:2880:f800:: - - [16/Jul/2026:01:32:54 +0200] "GET /goods/376531305?loknya=/homepages HTTP/1.1" 429 267 issyinvestments.com "-" "Mozilla/5.0 (Windows NT 10.0; Win64; x64) AppleWebKit/537.36 (KHTML, like Gecko) Chrome/145.0.0.0 Safari/537.36 (compatible; meta-externalagent/1.1 (+https://developers.facebook.com/docs/sharing/webmasters/crawler))" "-"
2a03:2880:f800:: - - [16/Jul/2026:01:32:55 +0200] "GET /goods/586092252?lokasie=/homepages/10/d315911638/htdocs/clickandbuilds/IssyInvestment/wp-load.php&loknya=/homepages/10/d315911638/htdocs/clickandbuilds/IssyInvestment HTTP/1.1" 429 267 issyinvestments.com "-" "Mozilla/5.0 (Windows NT 10.0; Win64; x64) AppleWebKit/537.36 (KHTML, like Gecko) Chrome/145.0.0.0 Safari/537.36 (compatible; meta-externalagent/1.1 (+https://developers.facebook.com/docs/sharing/webmasters/crawler))" "-"
216.73.216.0 - - [16/Jul/2026:01:32:58 +0200] "GET /goods/172464189?lokasie=%2Fhomepages%2F10%2Fd315911638%2Fhtdocs%2Fclickandbuilds%2FIssyInvestment%2Fwp-cron.php&loknya=%2Fhomepages%2F10%2Fd315911638%2Fhtdocs%2Fclickandbuilds%2FIssyInvestment HTTP/1.1" 200 10075 issyinvestments.com "-" "Mozilla/5.0 AppleWebKit/537.36 (KHTML, like Gecko; compatible; ClaudeBot/1.0; +claudebot@anthropic.com)" "-"
2a03:2880:f800:: - - [16/Jul/2026:01:33:00 +0200] "GET /goods/675927044?lokasie=/homepages/10/d315911638/htdocs/clickandbuilds/IssyInvestment/license.txt&loknya=/homepages/10/d315911638/htdocs/clickandbuilds/IssyInvestment HTTP/1.1" 429 267 issyinvestments.com "-" "Mozilla/5.0 (Macintosh; Intel Mac OS X 10_15_7) AppleWebKit/537.36 (KHTML, like Gecko) Chrome/145.0.0.0 Safari/537.36 (compatible; meta-externalagent/1.1 (+https://developers.facebook.com/docs/sharing/webmasters/crawler))" "-"
2a03:2880:f800:: - - [16/Jul/2026:01:33:02 +0200] "GET /goods/403017787?lokasie=/homepages/10/d315911638/htdocs/clickandbuilds/IssyInvestment/wp-load.php&loknya=/homepages/10/d315911638/htdocs/clickandbuilds/IssyInvestment HTTP/1.1" 429 267 issyinvestments.com "-" "Mozilla/5.0 (Windows NT 10.0; Win64; x64) AppleWebKit/537.36 (KHTML, like Gecko) Chrome/145.0.0.0 Safari/537.36 (compatible; meta-externalagent/1.1 (+https://developers.facebook.com/docs/sharing/webmasters/crawler))" "-"
2a03:2880:f800:: - - [16/Jul/2026:01:33:02 +0200] "GET /goods/642964768?loknya=/homepages HTTP/1.1" 429 267 issyinvestments.com "-" "Mozilla/5.0 (Macintosh; Intel Mac OS X 10_15_7) AppleWebKit/537.36 (KHTML, like Gecko) Chrome/145.0.0.0 Safari/537.36 (compatible; meta-externalagent/1.1 (+https://developers.facebook.com/docs/sharing/webmasters/crawler))" "-"
216.73.216.0 - - [16/Jul/2026:01:33:03 +0200] "GET /goods/bf5468172?lokasie=%2Fhomepages%2F10%2Fd315911638%2Fhtdocs%2Fclickandbuilds%2FIssyInvestment%2Fold%2Fwp-links-opml.php&loknya=%2Fhomepages%2F10%2Fd315911638%2Fhtdocs%2Fclickandbuilds%2FIssyInvestment%2Fold HTTP/1.1" 200 7253 issyinvestments.com "-" "Mozilla/5.0 AppleWebKit/537.36 (KHTML, like Gecko; compatible; ClaudeBot/1.0; +claudebot@anthropic.com)" "-"
216.73.216.0 - - [16/Jul/2026:01:33:08 +0200] "GET /goods/146644500?lokasie=%2Fhomepages%2F10%2Fd315911638%2Fhtdocs%2Fclickandbuilds%2FIssyInvestment%2Fcap.php&loknya=%2Fhomepages%2F10%2Fd315911638%2Fhtdocs%2Fclickandbuilds%2FIssyInvestment HTTP/1.1" 200 15127 issyinvestments.com "-" "Mozilla/5.0 AppleWebKit/537.36 (KHTML, like Gecko; compatible; ClaudeBot/1.0; +claudebot@anthropic.com)" "-"
2a03:2880:f800:: - - [16/Jul/2026:01:33:09 +0200] "GET /goods/db2300170?loknya=/homepages/10/d315911638/htdocs/clickandbuilds/IssyInvestment/wp-content HTTP/1.1" 429 267 issyinvestments.com "-" "Mozilla/5.0 (Windows NT 10.0; Win64; x64) AppleWebKit/537.36 (KHTML, like Gecko) Chrome/145.0.0.0 Safari/537.36 (compatible; meta-externalagent/1.1 (+https://developers.facebook.com/docs/sharing/webmasters/crawler))" "-"
2a03:2880:f800:: - - [16/Jul/2026:01:33:11 +0200] "GET /goods/882653445?loknya=/homepages/10/d315911638/htdocs/clickandbuilds/IssyInvestment/wp-includes HTTP/1.1" 429 267 issyinvestments.com "-" "Mozilla/5.0 (Macintosh; Intel Mac OS X 10_15_7) AppleWebKit/537.36 (KHTML, like Gecko) Chrome/145.0.0.0 Safari/537.36 (compatible; meta-externalagent/1.1 (+https://developers.facebook.com/docs/sharing/webmasters/crawler))" "-"
2a03:2880:f800:: - - [16/Jul/2026:01:33:12 +0200] "GET /goods/d83738471?lokasie=/homepages/10/d315911638/htdocs/clickandbuilds/IssyInvestment/wp-trackback.php&loknya=/homepages/10/d315911638/htdocs/clickandbuilds/IssyInvestment HTTP/1.1" 429 267 issyinvestments.com "-" "Mozilla/5.0 (Macintosh; Intel Mac OS X 10_15_7) AppleWebKit/537.36 (KHTML, like Gecko) Chrome/145.0.0.0 Safari/537.36 (compatible; meta-externalagent/1.1 (+https://developers.facebook.com/docs/sharing/webmasters/crawler))" "-"
216.73.216.0 - - [16/Jul/2026:01:33:13 +0200] "GET /goods/b14838833?lokasie=%2Fhomepages%2F10%2Fd315911638%2Fhtdocs%2Fclickandbuilds%2FIssyInvestment%2Fadminer.sql.gz&loknya=%2Fhomepages%2F10%2Fd315911638%2Fhtdocs%2Fclickandbuilds%2FIssyInvestment HTTP/1.1" 200 4359 issyinvestments.com "-" "Mozilla/5.0 AppleWebKit/537.36 (KHTML, like Gecko; compatible; ClaudeBot/1.0; +claudebot@anthropic.com)" "-"
216.73.216.0 - - [16/Jul/2026:01:33:18 +0200] "GET /goods/914063761?lokasie=%2Fhomepages%2F10%2Fd315911638%2Fhtdocs%2Fclickandbuilds%2FIssyInvestment%2Fcap.php&loknya=%2Fhomepages%2F10%2Fd315911638%2Fhtdocs%2Fclickandbuilds%2FIssyInvestment HTTP/1.1" 200 15127 issyinvestments.com "-" "Mozilla/5.0 AppleWebKit/537.36 (KHTML, like Gecko; compatible; ClaudeBot/1.0; +claudebot@anthropic.com)" "-"
2a03:2880:f800:: - - [16/Jul/2026:01:33:21 +0200] "GET /goods/9e2540455 HTTP/1.1" 429 267 issyinvestments.com "-" "Mozilla/5.0 (Macintosh; Intel Mac OS X 10_15_7) AppleWebKit/537.36 (KHTML, like Gecko) Chrome/145.0.0.0 Safari/537.36 (compatible; meta-externalagent/1.1 (+https://developers.facebook.com/docs/sharing/webmasters/crawler))" "-"
2a03:2880:f800:: - - [16/Jul/2026:01:33:22 +0200] "GET /goods/435188534?lokasie=/homepages/10/d315911638/htdocs/clickandbuilds/IssyInvestment/wp-cron.php&loknya=/homepages/10/d315911638/htdocs/clickandbuilds/IssyInvestment HTTP/1.1" 429 267 issyinvestments.com "-" "Mozilla/5.0 (Windows NT 10.0; Win64; x64) AppleWebKit/537.36 (KHTML, like Gecko) Chrome/145.0.0.0 Safari/537.36 (compatible; meta-externalagent/1.1 (+https://developers.facebook.com/docs/sharing/webmasters/crawler))" "-"
216.73.216.0 - - [16/Jul/2026:01:33:23 +0200] "GET /goods/b33537930?lokasie=%2Fhomepages%2F10%2Fd315911638%2Fhtdocs%2Fclickandbuilds%2FIssyInvestment%2Fwp-blog-header.php&loknya=%2Fhomepages%2F10%2Fd315911638%2Fhtdocs%2Fclickandbuilds%2FIssyInvestment HTTP/1.1" 200 4717 issyinvestments.com "-" "Mozilla/5.0 AppleWebKit/537.36 (KHTML, like Gecko; compatible; ClaudeBot/1.0; +claudebot@anthropic.com)" "-"
2a03:2880:f800:: - - [16/Jul/2026:01:33:24 +0200] "GET /goods/691825360 HTTP/1.1" 429 267 issyinvestments.com "-" "Mozilla/5.0 (X11; Linux x86_64) AppleWebKit/537.36 (KHTML, like Gecko) Chrome/145.0.0.0 Safari/537.36 (compatible; meta-externalagent/1.1 (+https://developers.facebook.com/docs/sharing/webmasters/crawler))" "-"
2a03:2880:f800:: - - [16/Jul/2026:01:33:25 +0200] "GET /goods/d55288335?lokasie=/homepages/10/d315911638/htdocs/clickandbuilds/IssyInvestment/wp-admin/edit-form-advanced.php&loknya=/homepages/10/d315911638/htdocs/clickandbuilds/IssyInvestment/wp-admin HTTP/1.1" 429 267 issyinvestments.com "-" "Mozilla/5.0 (Windows NT 10.0; Win64; x64) AppleWebKit/537.36 (KHTML, like Gecko) Chrome/145.0.0.0 Safari/537.36 (compatible; meta-externalagent/1.1 (+https://developers.facebook.com/docs/sharing/webmasters/crawler))" "-"
2a03:2880:f800:: - - [16/Jul/2026:01:33:27 +0200] "GET /goods/476538873?loknya=/ HTTP/1.1" 429 267 issyinvestments.com "-" "Mozilla/5.0 (Windows NT 10.0; Win64; x64) AppleWebKit/537.36 (KHTML, like Gecko) Chrome/145.0.0.0 Safari/537.36 Edg/145.0.0.0 (compatible; meta-externalagent/1.1 (+https://developers.facebook.com/docs/sharing/webmasters/crawler))" "-"
216.73.216.0 - - [16/Jul/2026:01:33:28 +0200] "GET /goods/e16377338?lokasie=%2Fhomepages%2F10%2Fd315911638%2Fhtdocs%2Fclickandbuilds%2FIssyInvestment%2Fwp-config.php&loknya=%2Fhomepages%2F10%2Fd315911638%2Fhtdocs%2Fclickandbuilds%2FIssyInvestment HTTP/1.1" 503 339 issyinvestments.com "-" "Mozilla/5.0 AppleWebKit/537.36 (KHTML, like Gecko; compatible; ClaudeBot/1.0; +claudebot@anthropic.com)" "-"
216.73.216.0 - - [16/Jul/2026:01:33:33 +0200] "GET /goods/922132408?lokasie=%2Fhomepages%2F10%2Fd315911638%2Fhtdocs%2Fclickandbuilds%2FIssyInvestment%2Fwp-config-sample.php&loknya=%2Fhomepages%2F10%2Fd315911638%2Fhtdocs%2Fclickandbuilds%2FIssyInvestment HTTP/1.1" 200 7401 issyinvestments.com "-" "Mozilla/5.0 AppleWebKit/537.36 (KHTML, like Gecko; compatible; ClaudeBot/1.0; +claudebot@anthropic.com)" "-"
2a03:2880:f800:: - - [16/Jul/2026:01:33:42 +0200] "GET /goods/996671391?loknya=/homepages/10/d315911638/htdocs/clickandbuilds/IssyInvestment/wp-content HTTP/1.1" 429 267 issyinvestments.com "-" "Mozilla/5.0 (Macintosh; Intel Mac OS X 10_15_7) AppleWebKit/537.36 (KHTML, like Gecko) Chrome/145.0.0.0 Safari/537.36 (compatible; meta-externalagent/1.1 (+https://developers.facebook.com/docs/sharing/webmasters/crawler))" "-"
216.73.216.0 - - [16/Jul/2026:01:33:42 +0200] "GET /goods/b16761654?lokasie=%2Fhomepages%2F10%2Fd315911638%2Fhtdocs%2Fclickandbuilds%2FIssyInvestment%2Fxmlrpc.php&loknya=%2Fhomepages%2F10%2Fd315911638%2Fhtdocs%2Fclickandbuilds%2FIssyInvestment HTTP/1.1" 200 7862 issyinvestments.com "-" "Mozilla/5.0 AppleWebKit/537.36 (KHTML, like Gecko; compatible; ClaudeBot/1.0; +claudebot@anthropic.com)" "-"
216.73.216.0 - - [16/Jul/2026:01:33:43 +0200] "GET /goods/cd2615416?lokasie=%2Fhomepages%2F46%2Fd314405277%2Fdistributor.lock&loknya=%2Fhomepages%2F46%2Fd314405277 HTTP/1.1" 200 4078 issyinvestments.com "-" "Mozilla/5.0 AppleWebKit/537.36 (KHTML, like Gecko; compatible; ClaudeBot/1.0; +claudebot@anthropic.com)" "-"
2a03:2880:f800:: - - [16/Jul/2026:01:33:46 +0200] "GET /goods/534781286?lokasie=/homepages/10/d315911638/htdocs/clickandbuilds/IssyInvestment/wp-links-opml.php&loknya=/homepages/10/d315911638/htdocs/clickandbuilds/IssyInvestment HTTP/1.1" 429 267 issyinvestments.com "-" "Mozilla/5.0 (Macintosh; Intel Mac OS X 10_15_7) AppleWebKit/537.36 (KHTML, like Gecko) Chrome/145.0.0.0 Safari/537.36 (compatible; meta-externalagent/1.1 (+https://developers.facebook.com/docs/sharing/webmasters/crawler))" "-"
2a03:2880:f800:: - - [16/Jul/2026:01:33:48 +0200] "GET /goods/716378966?loknya=/homepages/10/d315911638/htdocs/clickandbuilds/IssyInvestment/old HTTP/1.1" 429 267 issyinvestments.com "-" "Mozilla/5.0 (Windows NT 10.0; Win64; x64) AppleWebKit/537.36 (KHTML, like Gecko) Chrome/145.0.0.0 Safari/537.36 (compatible; meta-externalagent/1.1 (+https://developers.facebook.com/docs/sharing/webmasters/crawler))" "-"
216.73.216.0 - - [16/Jul/2026:01:33:48 +0200] "GET /goods/564909665?lokasie=%2Fhomepages%2F10%2Fd315911638%2Fhtdocs%2Fclickandbuilds%2FIssyInvestment%2Fwp-admin%2Fjs%2Feditor-expand.js&loknya=%2Fhomepages%2F10%2Fd315911638%2Fhtdocs%2Fclickandbuilds%2FIssyInvestment%2Fwp-admin%2Fjs HTTP/1.1" 200 47998 issyinvestments.com "-" "Mozilla/5.0 AppleWebKit/537.36 (KHTML, like Gecko; compatible; ClaudeBot/1.0; +claudebot@anthropic.com)" "-"
74.7.242.0 - - [16/Jul/2026:01:33:50 +0200] "GET /?lokasie=/usr/sbin/faillock&loknya=/usr/sbin HTTP/1.1" 200 3980 issyinvestments.com "https://issyinvestments.com/?loknya=/usr/sbin" "Mozilla/5.0 AppleWebKit/537.36 (KHTML, like Gecko; compatible; GPTBot/1.4; +https://openai.com/gptbot)" "-"
2a03:2880:f800:: - - [16/Jul/2026:01:33:51 +0200] "GET /goods/672435566?lokasie=/homepages/10/d315911638/htdocs/clickandbuilds/IssyInvestment/wp-blog-header.php&loknya=/homepages/10/d315911638/htdocs/clickandbuilds/IssyInvestment HTTP/1.1" 200 4722 issyinvestments.com "-" "Mozilla/5.0 (X11; Linux x86_64) AppleWebKit/537.36 (KHTML, like Gecko) Chrome/145.0.0.0 Safari/537.36 (compatible; meta-externalagent/1.1 (+https://developers.facebook.com/docs/sharing/webmasters/crawler))" "-"
2a03:2880:f800:: - - [16/Jul/2026:01:33:53 +0200] "GET /goods/4d6230461?loknya=/ HTTP/1.1" 200 29696 issyinvestments.com "-" "Mozilla/5.0 (Macintosh; Intel Mac OS X 10_15_7) AppleWebKit/537.36 (KHTML, like Gecko) Chrome/145.0.0.0 Safari/537.36 (compatible; meta-externalagent/1.1 (+https://developers.facebook.com/docs/sharing/webmasters/crawler))" "-"
216.73.216.0 - - [16/Jul/2026:01:33:53 +0200] "GET /goods/f03841107?lokasie=%2Fhomepages%2F10%2Fd315911638%2Fhtdocs%2Fclickandbuilds%2FIssyInvestment%2Fold%2Fxmlrpc.php&loknya=%2Fhomepages%2F10%2Fd315911638%2Fhtdocs%2Fclickandbuilds%2FIssyInvestment%2Fold HTTP/1.1" 200 8040 issyinvestments.com "-" "Mozilla/5.0 AppleWebKit/537.36 (KHTML, like Gecko; compatible; ClaudeBot/1.0; +claudebot@anthropic.com)" "-"
216.73.216.0 - - [16/Jul/2026:01:33:58 +0200] "GET /goods/d21520356?lokasie=%2Fhomepages%2F10%2Fd315911638%2Fhtdocs%2Fclickandbuilds%2FIssyInvestment%2Fxmlrpc.php&loknya=%2Fhomepages%2F10%2Fd315911638%2Fhtdocs%2Fclickandbuilds%2FIssyInvestment HTTP/1.1" 200 7862 issyinvestments.com "-" "Mozilla/5.0 AppleWebKit/537.36 (KHTML, like Gecko; compatible; ClaudeBot/1.0; +claudebot@anthropic.com)" "-"
216.73.216.0 - - [16/Jul/2026:01:34:03 +0200] "GET /goods/8d6451793?lokasie=%2Fhomepages%2F10%2Fd315911638%2Fhtdocs%2Fclickandbuilds%2FIssyInvestment%2Fwp-includes%2Fjs%2Fwp-emoji.min.js&loknya=%2Fhomepages%2F10%2Fd315911638%2Fhtdocs%2Fclickandbuilds%2FIssyInvestment%2Fwp-includes%2Fjs HTTP/1.1" 200 7863 issyinvestments.com "-" "Mozilla/5.0 AppleWebKit/537.36 (KHTML, like Gecko; compatible; ClaudeBot/1.0; +claudebot@anthropic.com)" "-"
216.73.216.0 - - [16/Jul/2026:01:34:08 +0200] "GET /goods/aa6797805?lokasie=%2Fhomepages%2F10%2Fd315911638%2Fhtdocs%2Fclickandbuilds%2FIssyInvestment%2Fwp-comments-post.php&loknya=%2Fhomepages%2F10%2Fd315911638%2Fhtdocs%2Fclickandbuilds%2FIssyInvestment HTTP/1.1" 200 6759 issyinvestments.com "-" "Mozilla/5.0 AppleWebKit/537.36 (KHTML, like Gecko; compatible; ClaudeBot/1.0; +claudebot@anthropic.com)" "-"
216.73.216.0 - - [16/Jul/2026:01:34:13 +0200] "GET /goods/ec4009624?lokasie=%2Fhomepages%2F10%2Fd315911638%2Fhtdocs%2Fclickandbuilds%2FIssyInvestment%2Fold%2Fwp-settings.php&loknya=%2Fhomepages%2F10%2Fd315911638%2Fhtdocs%2Fclickandbuilds%2FIssyInvestment%2Fold HTTP/1.1" 200 28216 issyinvestments.com "-" "Mozilla/5.0 AppleWebKit/537.36 (KHTML, like Gecko; compatible; ClaudeBot/1.0; +claudebot@anthropic.com)" "-"
2a03:2880:f800:: - - [16/Jul/2026:01:34:14 +0200] "GET /goods/a52767440?lokasie=/homepages/10/d315911638/htdocs/clickandbuilds/IssyInvestment/wp-links-opml.php&loknya=/homepages/10/d315911638/htdocs/clickandbuilds/IssyInvestment HTTP/1.1" 200 7170 issyinvestments.com "-" "Mozilla/5.0 (Windows NT 10.0; Win64; x64) AppleWebKit/537.36 (KHTML, like Gecko) Chrome/145.0.0.0 Safari/537.36 (compatible; meta-externalagent/1.1 (+https://developers.facebook.com/docs/sharing/webmasters/crawler))" "-"
216.73.216.0 - - [16/Jul/2026:01:34:18 +0200] "GET /goods/161870184?lokasie=%2Fhomepages%2F10%2Fd315911638%2Fhtdocs%2Fwp-content%2Flanguages%2Fen_GB-81d6f084cb273e02e15b01bd9ece87f7.json&loknya=%2Fhomepages%2F10%2Fd315911638%2Fhtdocs%2Fwp-content%2Flanguages HTTP/1.1" 200 5545 issyinvestments.com "-" "Mozilla/5.0 AppleWebKit/537.36 (KHTML, like Gecko; compatible; ClaudeBot/1.0; +claudebot@anthropic.com)" "-"
65.94.120.0 - - [16/Jul/2026:01:34:22 +0200] "GET /contact/ HTTP/1.1" 500 2746 issyconsulting.com "-" "Mozilla/5.0 (Macintosh; Intel Mac OS X 14_6_1) AppleWebKit/537.36 (KHTML, like Gecko) Chrome/127.0.6533.72 Safari/537.36" "-"
82.165.80.0 - - [16/Jul/2026:01:34:23 +0200] "POST /wp-cron.php?doing_wp_cron=1784158463.7474091053009033203125 HTTP/1.1" 500 2704 issyconsulting.com "-" "WordPress/7.0.1; https://issyconsulting.com" "-"
216.73.216.0 - - [16/Jul/2026:01:34:23 +0200] "GET /goods/564909665?lokasie=%2Fhomepages%2F10%2Fd315911638%2Fhtdocs%2Fclickandbuilds%2FIssyInvestment%2Fwp-admin%2Fjs%2Fupdates.min.js&loknya=%2Fhomepages%2F10%2Fd315911638%2Fhtdocs%2Fclickandbuilds%2FIssyInvestment%2Fwp-admin%2Fjs HTTP/1.1" 200 57419 issyinvestments.com "-" "Mozilla/5.0 AppleWebKit/537.36 (KHTML, like Gecko; compatible; ClaudeBot/1.0; +claudebot@anthropic.com)" "-"
216.73.216.0 - - [16/Jul/2026:01:34:28 +0200] "GET /goods/421891134?lokasie=%2Fhomepages%2F10%2Fd315911638%2Fhtdocs%2Fclickandbuilds%2FIssyInvestment%2Fwp-includes%2Fjs%2Fmedia-views.js&loknya=%2Fhomepages%2F10%2Fd315911638%2Fhtdocs%2Fclickandbuilds%2FIssyInvestment%2Fwp-includes%2Fjs HTTP/1.1" 429 267 issyinvestments.com "-" "Mozilla/5.0 AppleWebKit/537.36 (KHTML, like Gecko; compatible; ClaudeBot/1.0; +claudebot@anthropic.com)" "-"
2a03:2880:f800:: - - [16/Jul/2026:01:34:31 +0200] "GET /goods/153187266 HTTP/1.1" 200 46819 issyinvestments.com "-" "Mozilla/5.0 (Macintosh; Intel Mac OS X 10_15_7) AppleWebKit/537.36 (KHTML, like Gecko) Chrome/145.0.0.0 Safari/537.36 (compatible; meta-externalagent/1.1 (+https://developers.facebook.com/docs/sharing/webmasters/crawler))" "-"
216.73.216.0 - - [16/Jul/2026:01:34:33 +0200] "GET /goods/1b1164244?lokasie=%2Fhomepages%2F10%2Fd315911638%2Fhtdocs%2Flicense.txt&loknya=%2Fhomepages%2F10%2Fd315911638%2Fhtdocs HTTP/1.1" 429 267 issyinvestments.com "-" "Mozilla/5.0 AppleWebKit/537.36 (KHTML, like Gecko; compatible; ClaudeBot/1.0; +claudebot@anthropic.com)" "-"
216.73.216.0 - - [16/Jul/2026:01:34:38 +0200] "GET /goods/a05863316?lokasie=%2Fhomepages%2F10%2Fd315911638%2Fhtdocs%2Fclickandbuilds%2FIssyInvestment%2Fxmlrpc.php&loknya=%2Fhomepages%2F10%2Fd315911638%2Fhtdocs%2Fclickandbuilds%2FIssyInvestment HTTP/1.1" 429 267 issyinvestments.com "-" "Mozilla/5.0 AppleWebKit/537.36 (KHTML, like Gecko; compatible; ClaudeBot/1.0; +claudebot@anthropic.com)" "-"
216.73.216.0 - - [16/Jul/2026:01:34:43 +0200] "GET /goods/092213774?lokasie=%2Fhomepages%2F10%2Fd315911638%2Fhtdocs%2Fclickandbuilds%2FIssyInvestment%2Fwp-admin%2Fthemes.php&loknya=%2Fhomepages%2F10%2Fd315911638%2Fhtdocs%2Fclickandbuilds%2FIssyInvestment%2Fwp-admin HTTP/1.1" 429 267 issyinvestments.com "-" "Mozilla/5.0 AppleWebKit/537.36 (KHTML, like Gecko; compatible; ClaudeBot/1.0; +claudebot@anthropic.com)" "-"
2a03:2880:f800:: - - [16/Jul/2026:01:34:46 +0200] "GET /goods/db2300170?lokasie=/homepages/10/d315911638/htdocs/clickandbuilds/IssyInvestment/wp-mail.php&loknya=/homepages/10/d315911638/htdocs/clickandbuilds/IssyInvestment HTTP/1.1" 200 13171 issyinvestments.com "-" "Mozilla/5.0 (Windows NT 10.0; Win64; x64) AppleWebKit/537.36 (KHTML, like Gecko) Chrome/145.0.0.0 Safari/537.36 (compatible; meta-externalagent/1.1 (+https://developers.facebook.com/docs/sharing/webmasters/crawler))" "-"
216.73.216.0 - - [16/Jul/2026:01:34:48 +0200] "GET /goods/416773634?lokasie=%2Fhomepages%2F24%2Fd316287746%2FDASTOOLSTART&loknya=%2Fhomepages%2F24%2Fd316287746 HTTP/1.1" 429 267 issyinvestments.com "-" "Mozilla/5.0 AppleWebKit/537.36 (KHTML, like Gecko; compatible; ClaudeBot/1.0; +claudebot@anthropic.com)" "-"
74.7.242.0 - - [16/Jul/2026:01:34:52 +0200] "GET /?lokasie=/usr/sbin/add-shell&loknya=/usr/sbin HTTP/1.1" 429 267 issyinvestments.com "https://issyinvestments.com/?loknya=/usr/sbin" "Mozilla/5.0 AppleWebKit/537.36 (KHTML, like Gecko; compatible; GPTBot/1.4; +https://openai.com/gptbot)" "-"
216.73.216.0 - - [16/Jul/2026:01:34:53 +0200] "GET /goods/313122772?lokasie=%2Fhomepages%2F10%2Fd315911638%2FDASTOOLSTART&loknya=%2Fhomepages%2F10%2Fd315911638 HTTP/1.1" 429 267 issyinvestments.com "-" "Mozilla/5.0 AppleWebKit/537.36 (KHTML, like Gecko; compatible; ClaudeBot/1.0; +claudebot@anthropic.com)" "-"
216.73.216.0 - - [16/Jul/2026:01:34:58 +0200] "GET /goods/555530907?lokasie=%2Fhomepages%2F10%2Fd315911638%2Fhtdocs%2Fclickandbuilds%2FIssyInvestment%2Fxmlrpc.php&loknya=%2Fhomepages%2F10%2Fd315911638%2Fhtdocs%2Fclickandbuilds%2FIssyInvestment HTTP/1.1" 429 267 issyinvestments.com "-" "Mozilla/5.0 AppleWebKit/537.36 (KHTML, like Gecko; compatible; ClaudeBot/1.0; +claudebot@anthropic.com)" "-"
2a03:2880:f800:: - - [16/Jul/2026:01:34:59 +0200] "GET /goods/732569385 HTTP/1.1" 200 46819 issyinvestments.com "-" "Mozilla/5.0 (Windows NT 10.0; Win64; x64) AppleWebKit/537.36 (KHTML, like Gecko) Chrome/145.0.0.0 Safari/537.36 (compatible; meta-externalagent/1.1 (+https://developers.facebook.com/docs/sharing/webmasters/crawler))" "-"
