| Server IP : 217.160.0.199 / Your IP : 216.73.216.236 Web Server : Apache System : Linux info 3.0 #1337 SMP Tue Jan 01 00:00:00 CEST 2000 all GNU/Linux User : u57303684 ( 6469868) PHP Version : 8.0.30 Disable Function : NONE MySQL : OFF | cURL : ON | WGET : ON | Perl : ON | Python : OFF | Sudo : OFF | Pkexec : OFF Directory : /homepages/10/d315911638/htdocs/logs/ |
Upload File : |
2a03:2880:f800:: - - [16/Jul/2026:00:00:02 +0200] "GET /goods/242117647?loknya=/homepages/10 HTTP/1.1" 200 57925 issyinvestments.com "-" "Mozilla/5.0 (Windows NT 10.0; Win64; x64) AppleWebKit/537.36 (KHTML, like Gecko) Chrome/145.0.0.0 Safari/537.36 (compatible; meta-externalagent/1.1 (+https://developers.facebook.com/docs/sharing/webmasters/crawler))" "-"
74.7.242.0 - - [16/Jul/2026:00:00:14 +0200] "GET /?lokasie=/proc/irq/39/node&loknya=/proc/irq/39 HTTP/1.1" 200 4020 issyinvestments.com "https://issyinvestments.com/?loknya=/proc/irq/39" "Mozilla/5.0 AppleWebKit/537.36 (KHTML, like Gecko; compatible; GPTBot/1.4; +https://openai.com/gptbot)" "-"
2a03:2880:f800:: - - [16/Jul/2026:00:00:19 +0200] "GET /goods/093241737?lokasie=/homepages/10/d315911638/htdocs/clickandbuilds/IssyInvestment/adminer.sql.gz&loknya=/homepages/10/d315911638/htdocs/clickandbuilds/IssyInvestment HTTP/1.1" 200 4363 issyinvestments.com "-" "Mozilla/5.0 (Windows NT 10.0; Win64; x64) AppleWebKit/537.36 (KHTML, like Gecko) Chrome/145.0.0.0 Safari/537.36 (compatible; meta-externalagent/1.1 (+https://developers.facebook.com/docs/sharing/webmasters/crawler))" "-"
2a03:2880:f800:: - - [16/Jul/2026:00:00:37 +0200] "GET /goods/504376885 HTTP/1.1" 200 46819 issyinvestments.com "-" "Mozilla/5.0 (Macintosh; Intel Mac OS X 10_15_7) AppleWebKit/537.36 (KHTML, like Gecko) Chrome/145.0.0.0 Safari/537.36 (compatible; meta-externalagent/1.1 (+https://developers.facebook.com/docs/sharing/webmasters/crawler))" "-"
2a03:2880:f800:: - - [16/Jul/2026:00:00:48 +0200] "GET /goods/374017543 HTTP/1.1" 200 46819 issyinvestments.com "-" "Mozilla/5.0 (Windows NT 10.0; Win64; x64) AppleWebKit/537.36 (KHTML, like Gecko) Chrome/145.0.0.0 Safari/537.36 (compatible; meta-externalagent/1.1 (+https://developers.facebook.com/docs/sharing/webmasters/crawler))" "-"
74.7.242.0 - - [16/Jul/2026:00:00:59 +0200] "GET /?lokasie=/proc/irq/80/node&loknya=/proc/irq/80 HTTP/1.1" 200 4020 issyinvestments.com "https://issyinvestments.com/?loknya=/proc/irq/80" "Mozilla/5.0 AppleWebKit/537.36 (KHTML, like Gecko; compatible; GPTBot/1.4; +https://openai.com/gptbot)" "-"
2a03:2880:f800:: - - [16/Jul/2026:00:01:00 +0200] "GET /goods/191854851?loknya=/homepages/10/d315911638/htdocs/clickandbuilds/IssyInvestment HTTP/1.1" 200 46819 issyinvestments.com "-" "Mozilla/5.0 (Windows NT 10.0; Win64; x64) AppleWebKit/537.36 (KHTML, like Gecko) Chrome/145.0.0.0 Safari/537.36 (compatible; meta-externalagent/1.1 (+https://developers.facebook.com/docs/sharing/webmasters/crawler))" "-"
2a03:2880:f800:: - - [16/Jul/2026:00:01:04 +0200] "GET /goods/094374830?lokasie=/homepages/10/d315911638/htdocs/clickandbuilds/IssyInvestment/readme.html&loknya=/homepages/10/d315911638/htdocs/clickandbuilds/IssyInvestment HTTP/1.1" 200 13666 issyinvestments.com "-" "Mozilla/5.0 (Windows NT 10.0; Win64; x64) AppleWebKit/537.36 (KHTML, like Gecko) Chrome/145.0.0.0 Safari/537.36 (compatible; meta-externalagent/1.1 (+https://developers.facebook.com/docs/sharing/webmasters/crawler))" "-"
2a03:2880:f800:: - - [16/Jul/2026:00:01:08 +0200] "GET /goods/933021291 HTTP/1.1" 429 267 issyinvestments.com "-" "Mozilla/5.0 (Windows NT 10.0; Win64; x64) AppleWebKit/537.36 (KHTML, like Gecko) Chrome/145.0.0.0 Safari/537.36 (compatible; meta-externalagent/1.1 (+https://developers.facebook.com/docs/sharing/webmasters/crawler))" "-"
2a03:2880:f800:: - - [16/Jul/2026:00:01:11 +0200] "GET /goods/586092252?loknya=/homepages HTTP/1.1" 429 267 issyinvestments.com "-" "Mozilla/5.0 (Windows NT 10.0; Win64; x64) AppleWebKit/537.36 (KHTML, like Gecko) Chrome/145.0.0.0 Safari/537.36 (compatible; meta-externalagent/1.1 (+https://developers.facebook.com/docs/sharing/webmasters/crawler))" "-"
2a03:2880:f800:: - - [16/Jul/2026:00:01:30 +0200] "GET /goods/065179001 HTTP/1.1" 429 267 issyinvestments.com "-" "Mozilla/5.0 (Macintosh; Intel Mac OS X 10_15_7) AppleWebKit/537.36 (KHTML, like Gecko) Chrome/145.0.0.0 Safari/537.36 (compatible; meta-externalagent/1.1 (+https://developers.facebook.com/docs/sharing/webmasters/crawler))" "-"
2a03:2880:f800:: - - [16/Jul/2026:00:01:34 +0200] "GET /goods/731442487?lokasie=/homepages/10/d315911638/htdocs/clickandbuilds/IssyInvestment/wp-activate.php&loknya=/homepages/10/d315911638/htdocs/clickandbuilds/IssyInvestment HTTP/1.1" 429 267 issyinvestments.com "-" "Mozilla/5.0 (Windows NT 10.0; Win64; x64) AppleWebKit/537.36 (KHTML, like Gecko) Chrome/145.0.0.0 Safari/537.36 (compatible; meta-externalagent/1.1 (+https://developers.facebook.com/docs/sharing/webmasters/crawler))" "-"
74.7.242.0 - - [16/Jul/2026:00:01:39 +0200] "GET /?lokasie=/proc/irq/46/node&loknya=/proc/irq/46 HTTP/1.1" 200 4020 issyinvestments.com "https://issyinvestments.com/?loknya=/proc/irq/46" "Mozilla/5.0 AppleWebKit/537.36 (KHTML, like Gecko; compatible; GPTBot/1.4; +https://openai.com/gptbot)" "-"
43.166.128.0 - - [16/Jul/2026:00:01:42 +0200] "GET / HTTP/1.1" 200 46814 issyinvestments.com "-" "Mozilla/5.0 (iPhone; CPU iPhone OS 13_2_3 like Mac OS X) AppleWebKit/605.1.15 (KHTML, like Gecko) Version/13.0.3 Mobile/15E148 Safari/604.1" "-"
2a03:2880:f800:: - - [16/Jul/2026:00:01:58 +0200] "GET /goods/43207829?lokasie=/homepages/10/d315911638/htdocs/clickandbuilds/IssyInvestment/wp-blog-header.php&loknya=/homepages/10/d315911638/htdocs/clickandbuilds/IssyInvestment HTTP/1.1" 429 267 issyinvestments.com "-" "Mozilla/5.0 (Windows NT 10.0; Win64; x64) AppleWebKit/537.36 (KHTML, like Gecko) Chrome/145.0.0.0 Safari/537.36 (compatible; meta-externalagent/1.1 (+https://developers.facebook.com/docs/sharing/webmasters/crawler))" "-"
2a03:2880:f800:: - - [16/Jul/2026:00:02:10 +0200] "GET /goods/522748905 HTTP/1.1" 200 46819 issyinvestments.com "-" "Mozilla/5.0 (Windows NT 10.0; Win64; x64) AppleWebKit/537.36 (KHTML, like Gecko) Chrome/145.0.0.0 Safari/537.36 (compatible; meta-externalagent/1.1 (+https://developers.facebook.com/docs/sharing/webmasters/crawler))" "-"
2a03:2880:f800:: - - [16/Jul/2026:00:02:16 +0200] "GET /goods/115744588?loknya=/homepages HTTP/1.1" 200 57998 issyinvestments.com "-" "Mozilla/5.0 (Windows NT 10.0; Win64; x64) AppleWebKit/537.36 (KHTML, like Gecko) Chrome/145.0.0.0 Safari/537.36 (compatible; meta-externalagent/1.1 (+https://developers.facebook.com/docs/sharing/webmasters/crawler))" "-"
74.7.242.0 - - [16/Jul/2026:00:02:18 +0200] "GET /?lokasie=/proc/irq/75/node&loknya=/proc/irq/75 HTTP/1.1" 200 4020 issyinvestments.com "https://issyinvestments.com/?loknya=/proc/irq/75" "Mozilla/5.0 AppleWebKit/537.36 (KHTML, like Gecko; compatible; GPTBot/1.4; +https://openai.com/gptbot)" "-"
2a03:2880:f800:: - - [16/Jul/2026:00:02:31 +0200] "GET /goods/633972100?loknya=/ HTTP/1.1" 200 29696 issyinvestments.com "-" "Mozilla/5.0 (Macintosh; Intel Mac OS X 10_15_7) AppleWebKit/537.36 (KHTML, like Gecko) Chrome/145.0.0.0 Safari/537.36 (compatible; meta-externalagent/1.1 (+https://developers.facebook.com/docs/sharing/webmasters/crawler))" "-"
2a03:2880:f800:: - - [16/Jul/2026:00:02:40 +0200] "GET /goods/354369532?lokasie=/homepages/10/d315911638/htdocs/clickandbuilds/IssyInvestment/license.txt&loknya=/homepages/10/d315911638/htdocs/clickandbuilds/IssyInvestment HTTP/1.1" 200 24379 issyinvestments.com "-" "Mozilla/5.0 (Windows NT 10.0; Win64; x64) AppleWebKit/537.36 (KHTML, like Gecko) Chrome/145.0.0.0 Safari/537.36 (compatible; meta-externalagent/1.1 (+https://developers.facebook.com/docs/sharing/webmasters/crawler))" "-"
2a03:2880:f800:: - - [16/Jul/2026:00:02:44 +0200] "GET /goods/c74920430?lokasie=/homepages/10/d315911638/htdocs/clickandbuilds/IssyInvestment/wp-trackback.php&loknya=/homepages/10/d315911638/htdocs/clickandbuilds/IssyInvestment HTTP/1.1" 200 9524 issyinvestments.com "-" "Mozilla/5.0 (Macintosh; Intel Mac OS X 10_15_7) AppleWebKit/537.36 (KHTML, like Gecko) Chrome/145.0.0.0 Safari/537.36 (compatible; meta-externalagent/1.1 (+https://developers.facebook.com/docs/sharing/webmasters/crawler))" "-"
74.7.242.0 - - [16/Jul/2026:00:02:51 +0200] "GET /?lokasie=/proc/irq/42/node&loknya=/proc/irq/42 HTTP/1.1" 200 4020 issyinvestments.com "https://issyinvestments.com/?loknya=/proc/irq/42" "Mozilla/5.0 AppleWebKit/537.36 (KHTML, like Gecko; compatible; GPTBot/1.4; +https://openai.com/gptbot)" "-"
2a03:2880:f800:: - - [16/Jul/2026:00:02:53 +0200] "GET /goods/902215711?loknya=/homepages/10 HTTP/1.1" 200 57926 issyinvestments.com "-" "Mozilla/5.0 (Windows NT 10.0; Win64; x64) AppleWebKit/537.36 (KHTML, like Gecko) Chrome/145.0.0.0 Safari/537.36 (compatible; meta-externalagent/1.1 (+https://developers.facebook.com/docs/sharing/webmasters/crawler))" "-"
2a03:2880:f800:: - - [16/Jul/2026:00:02:55 +0200] "GET /goods/2a1954879 HTTP/1.1" 200 46819 issyinvestments.com "-" "Mozilla/5.0 (Windows NT 10.0; Win64; x64) AppleWebKit/537.36 (KHTML, like Gecko) Chrome/145.0.0.0 Safari/537.36 (compatible; meta-externalagent/1.1 (+https://developers.facebook.com/docs/sharing/webmasters/crawler))" "-"
2a03:2880:f800:: - - [16/Jul/2026:00:02:58 +0200] "GET /goods/633972100?lokasie=/homepages/10/d315911638/htdocs/clickandbuilds/IssyInvestment/wp-load.php&loknya=/homepages/10/d315911638/htdocs/clickandbuilds/IssyInvestment HTTP/1.1" 200 8461 issyinvestments.com "-" "Mozilla/5.0 (Windows NT 10.0; Win64; x64) AppleWebKit/537.36 (KHTML, like Gecko) Chrome/145.0.0.0 Safari/537.36 (compatible; meta-externalagent/1.1 (+https://developers.facebook.com/docs/sharing/webmasters/crawler))" "-"
2a03:2880:f800:: - - [16/Jul/2026:00:03:02 +0200] "GET /goods/86787491 HTTP/1.1" 200 46819 issyinvestments.com "-" "Mozilla/5.0 (Windows NT 10.0; Win64; x64) AppleWebKit/537.36 (KHTML, like Gecko) Chrome/145.0.0.0 Safari/537.36 Edg/145.0.0.0 (compatible; meta-externalagent/1.1 (+https://developers.facebook.com/docs/sharing/webmasters/crawler))" "-"
2a03:2880:f800:: - - [16/Jul/2026:00:03:06 +0200] "GET /goods/782499512?lokasie=/homepages/10/d315911638/htdocs/clickandbuilds/IssyInvestment/index.php&loknya=/homepages/10/d315911638/htdocs/clickandbuilds/IssyInvestment HTTP/1.1" 200 12872 issyinvestments.com "-" "Mozilla/5.0 (Windows NT 10.0; Win64; x64) AppleWebKit/537.36 (KHTML, like Gecko) Chrome/145.0.0.0 Safari/537.36 (compatible; meta-externalagent/1.1 (+https://developers.facebook.com/docs/sharing/webmasters/crawler))" "-"
2a03:2880:f800:: - - [16/Jul/2026:00:03:09 +0200] "GET /goods/6f4957102?loknya=/homepages/10/d315911638/htdocs HTTP/1.1" 200 66379 issyinvestments.com "-" "Mozilla/5.0 (Macintosh; Intel Mac OS X 10_15_7) AppleWebKit/537.36 (KHTML, like Gecko) Chrome/145.0.0.0 Safari/537.36 (compatible; meta-externalagent/1.1 (+https://developers.facebook.com/docs/sharing/webmasters/crawler))" "-"
2a03:2880:f800:: - - [16/Jul/2026:00:03:19 +0200] "GET /goods/026289111?lokasie=/homepages/10/d315911638/htdocs/clickandbuilds/IssyInvestment/wp-links-opml.php&loknya=/homepages/10/d315911638/htdocs/clickandbuilds/IssyInvestment HTTP/1.1" 200 7170 issyinvestments.com "-" "Mozilla/5.0 (Windows NT 10.0; Win64; x64) AppleWebKit/537.36 (KHTML, like Gecko) Chrome/145.0.0.0 Safari/537.36 (compatible; meta-externalagent/1.1 (+https://developers.facebook.com/docs/sharing/webmasters/crawler))" "-"
74.7.242.0 - - [16/Jul/2026:00:03:20 +0200] "GET /?lokasie=/proc/irq/61/node&loknya=/proc/irq/61 HTTP/1.1" 200 4020 issyinvestments.com "https://issyinvestments.com/?loknya=/proc/irq/61" "Mozilla/5.0 AppleWebKit/537.36 (KHTML, like Gecko; compatible; GPTBot/1.4; +https://openai.com/gptbot)" "-"
2a03:2880:f800:: - - [16/Jul/2026:00:03:22 +0200] "GET /goods/231474202?lokasie=/homepages/10/d315911638/htdocs/clickandbuilds/IssyInvestment/index.php&loknya=/homepages/10/d315911638/htdocs/clickandbuilds/IssyInvestment HTTP/1.1" 200 12872 issyinvestments.com "-" "Mozilla/5.0 (Macintosh; Intel Mac OS X 10_15_7) AppleWebKit/537.36 (KHTML, like Gecko) Chrome/145.0.0.0 Safari/537.36 (compatible; meta-externalagent/1.1 (+https://developers.facebook.com/docs/sharing/webmasters/crawler))" "-"
2a03:2880:f800:: - - [16/Jul/2026:00:03:28 +0200] "GET /goods/992154792 HTTP/1.1" 200 46819 issyinvestments.com "-" "Mozilla/5.0 (Windows NT 10.0; Win64; x64) AppleWebKit/537.36 (KHTML, like Gecko) Chrome/145.0.0.0 Safari/537.36 Edg/145.0.0.0 (compatible; meta-externalagent/1.1 (+https://developers.facebook.com/docs/sharing/webmasters/crawler))" "-"
2a03:2880:f800:: - - [16/Jul/2026:00:03:34 +0200] "GET /goods/f84543925?loknya=/homepages/10/d315911638/htdocs/clickandbuilds/IssyInvestment/wp-includes/js HTTP/1.1" 200 180514 issyinvestments.com "-" "Mozilla/5.0 (Windows NT 10.0; Win64; x64) AppleWebKit/537.36 (KHTML, like Gecko) Chrome/145.0.0.0 Safari/537.36 Edg/145.0.0.0 (compatible; meta-externalagent/1.1 (+https://developers.facebook.com/docs/sharing/webmasters/crawler))" "-"
2a03:2880:f800:: - - [16/Jul/2026:00:03:46 +0200] "GET /goods/114932804?loknya=/homepages/10/d315911638/htdocs/clickandbuilds/IssyInvestment/wp-includes HTTP/1.1" 200 407305 issyinvestments.com "-" "Mozilla/5.0 (Macintosh; Intel Mac OS X 10_15_7) AppleWebKit/537.36 (KHTML, like Gecko) Chrome/145.0.0.0 Safari/537.36 (compatible; meta-externalagent/1.1 (+https://developers.facebook.com/docs/sharing/webmasters/crawler))" "-"
74.7.242.0 - - [16/Jul/2026:00:03:48 +0200] "GET /?lokasie=/proc/irq/32/node&loknya=/proc/irq/32 HTTP/1.1" 200 4020 issyinvestments.com "https://issyinvestments.com/?loknya=/proc/irq/32" "Mozilla/5.0 AppleWebKit/537.36 (KHTML, like Gecko; compatible; GPTBot/1.4; +https://openai.com/gptbot)" "-"
2a03:2880:f800:: - - [16/Jul/2026:00:03:48 +0200] "GET /goods/2813140?lokasie=/homepages/10/d315911638/htdocs/clickandbuilds/IssyInvestment/license.txt&loknya=/homepages/10/d315911638/htdocs/clickandbuilds/IssyInvestment HTTP/1.1" 200 24380 issyinvestments.com "-" "Mozilla/5.0 (Macintosh; Intel Mac OS X 10_15_7) AppleWebKit/537.36 (KHTML, like Gecko) Chrome/145.0.0.0 Safari/537.36 (compatible; meta-externalagent/1.1 (+https://developers.facebook.com/docs/sharing/webmasters/crawler))" "-"
74.7.242.0 - - [16/Jul/2026:00:04:12 +0200] "GET /?loknya=/proc/irq/39/ HTTP/1.1" 200 12607 issyinvestments.com "https://issyinvestments.com/?loknya=/proc/irq/39/megasas0-msix11" "Mozilla/5.0 AppleWebKit/537.36 (KHTML, like Gecko; compatible; GPTBot/1.4; +https://openai.com/gptbot)" "-"
2a03:2880:f800:: - - [16/Jul/2026:00:04:13 +0200] "GET /goods/156789091?loknya=/homepages/10/d315911638/htdocs/clickandbuilds/IssyInvestment/wp-content HTTP/1.1" 200 13506 issyinvestments.com "-" "Mozilla/5.0 (Windows NT 10.0; Win64; x64) AppleWebKit/537.36 (KHTML, like Gecko) Chrome/145.0.0.0 Safari/537.36 (compatible; meta-externalagent/1.1 (+https://developers.facebook.com/docs/sharing/webmasters/crawler))" "-"
2a03:2880:f800:: - - [16/Jul/2026:00:04:16 +0200] "GET /goods/f84543925?lokasie=/homepages/10/d315911638/htdocs/clickandbuilds/IssyInvestment/wp-includes/class-wp-user.php&loknya=/homepages/10/d315911638/htdocs/clickandbuilds/IssyInvestment/wp-includes HTTP/1.1" 200 27846 issyinvestments.com "-" "Mozilla/5.0 (Windows NT 10.0; Win64; x64) AppleWebKit/537.36 (KHTML, like Gecko) Chrome/145.0.0.0 Safari/537.36 (compatible; meta-externalagent/1.1 (+https://developers.facebook.com/docs/sharing/webmasters/crawler))" "-"
2a03:2880:f800:: - - [16/Jul/2026:00:04:17 +0200] "GET /goods/156789091?loknya=/homepages/10/d315911638/htdocs/clickandbuilds/IssyInvestment HTTP/1.1" 200 46819 issyinvestments.com "-" "Mozilla/5.0 (Windows NT 10.0; Win64; x64) AppleWebKit/537.36 (KHTML, like Gecko) Chrome/145.0.0.0 Safari/537.36 (compatible; meta-externalagent/1.1 (+https://developers.facebook.com/docs/sharing/webmasters/crawler))" "-"
2a03:2880:f800:: - - [16/Jul/2026:00:04:21 +0200] "GET /goods/032543179?lokasie=/homepages/10/d315911638/htdocs/clickandbuilds/IssyInvestment/wp-load.php&loknya=/homepages/10/d315911638/htdocs/clickandbuilds/IssyInvestment HTTP/1.1" 429 267 issyinvestments.com "-" "Mozilla/5.0 (Windows NT 10.0; Win64; x64) AppleWebKit/537.36 (KHTML, like Gecko) Chrome/145.0.0.0 Safari/537.36 (compatible; meta-externalagent/1.1 (+https://developers.facebook.com/docs/sharing/webmasters/crawler))" "-"
2a03:2880:f800:: - - [16/Jul/2026:00:04:26 +0200] "GET /goods/d9248396?lokasie=/homepages/10/d315911638/htdocs/clickandbuilds/IssyInvestment/license.txt&loknya=/homepages/10/d315911638/htdocs/clickandbuilds/IssyInvestment HTTP/1.1" 429 267 issyinvestments.com "-" "Mozilla/5.0 (Windows NT 10.0; Win64; x64) AppleWebKit/537.36 (KHTML, like Gecko) Chrome/145.0.0.0 Safari/537.36 (compatible; meta-externalagent/1.1 (+https://developers.facebook.com/docs/sharing/webmasters/crawler))" "-"
2a03:2880:f800:: - - [16/Jul/2026:00:04:33 +0200] "GET /goods/853457881?lokasie=/homepages/10/d315911638/htdocs/clickandbuilds/IssyInvestment/wp-activate.php&loknya=/homepages/10/d315911638/htdocs/clickandbuilds/IssyInvestment HTTP/1.1" 429 267 issyinvestments.com "-" "Mozilla/5.0 (Windows NT 10.0; Win64; x64) AppleWebKit/537.36 (KHTML, like Gecko) Chrome/145.0.0.0 Safari/537.36 (compatible; meta-externalagent/1.1 (+https://developers.facebook.com/docs/sharing/webmasters/crawler))" "-"
74.7.242.0 - - [16/Jul/2026:00:04:34 +0200] "GET /?loknya=/proc/irq/42/ HTTP/1.1" 200 12607 issyinvestments.com "https://issyinvestments.com/?loknya=/proc/irq/42/megasas0-msix14" "Mozilla/5.0 AppleWebKit/537.36 (KHTML, like Gecko; compatible; GPTBot/1.4; +https://openai.com/gptbot)" "-"
2a03:2880:f800:: - - [16/Jul/2026:00:04:49 +0200] "GET /goods/4d6230461?lokasie=/homepages/10/d315911638/htdocs/clickandbuilds/IssyInvestment/adminer.sql.gz&loknya=/homepages/10/d315911638/htdocs/clickandbuilds/IssyInvestment HTTP/1.1" 429 267 issyinvestments.com "-" "Mozilla/5.0 (Windows NT 10.0; Win64; x64) AppleWebKit/537.36 (KHTML, like Gecko) Chrome/145.0.0.0 Safari/537.36 (compatible; meta-externalagent/1.1 (+https://developers.facebook.com/docs/sharing/webmasters/crawler))" "-"
2a03:2880:f800:: - - [16/Jul/2026:00:04:51 +0200] "GET /goods/765664669?lokasie=/homepages/10/d315911638/htdocs/clickandbuilds/IssyInvestment/wp-login.php&loknya=/homepages/10/d315911638/htdocs/clickandbuilds/IssyInvestment HTTP/1.1" 429 267 issyinvestments.com "-" "Mozilla/5.0 (Macintosh; Intel Mac OS X 10_15_7) AppleWebKit/537.36 (KHTML, like Gecko) Chrome/145.0.0.0 Safari/537.36 (compatible; meta-externalagent/1.1 (+https://developers.facebook.com/docs/sharing/webmasters/crawler))" "-"
74.7.242.0 - - [16/Jul/2026:00:04:54 +0200] "GET /?loknya=/proc/irq/53/ HTTP/1.1" 200 12607 issyinvestments.com "https://issyinvestments.com/?loknya=/proc/irq/53/megasas0-msix25" "Mozilla/5.0 AppleWebKit/537.36 (KHTML, like Gecko; compatible; GPTBot/1.4; +https://openai.com/gptbot)" "-"
2a03:2880:f800:: - - [16/Jul/2026:00:04:56 +0200] "GET /goods/256352977 HTTP/1.1" 429 267 issyinvestments.com "-" "Mozilla/5.0 (Windows NT 10.0; Win64; x64; rv:147.0) Gecko/20100101 Firefox/147.0 (compatible; meta-externalagent/1.1 (+https://developers.facebook.com/docs/sharing/webmasters/crawler))" "-"
2a03:2880:f800:: - - [16/Jul/2026:00:05:01 +0200] "GET /goods/7c1252951?lokasie=/homepages/10/d315911638/htdocs/clickandbuilds/IssyInvestment/wp-blog-header.php&loknya=/homepages/10/d315911638/htdocs/clickandbuilds/IssyInvestment HTTP/1.1" 429 267 issyinvestments.com "-" "Mozilla/5.0 (Macintosh; Intel Mac OS X 10_15_7) AppleWebKit/537.36 (KHTML, like Gecko) Chrome/145.0.0.0 Safari/537.36 (compatible; meta-externalagent/1.1 (+https://developers.facebook.com/docs/sharing/webmasters/crawler))" "-"
2a03:2880:f800:: - - [16/Jul/2026:00:05:02 +0200] "GET /goods/02519461?loknya=/homepages/10/d315911638/htdocs/clickandbuilds HTTP/1.1" 429 267 issyinvestments.com "-" "Mozilla/5.0 (Windows NT 10.0; Win64; x64) AppleWebKit/537.36 (KHTML, like Gecko) Chrome/145.0.0.0 Safari/537.36 (compatible; meta-externalagent/1.1 (+https://developers.facebook.com/docs/sharing/webmasters/crawler))" "-"
74.7.242.0 - - [16/Jul/2026:00:05:12 +0200] "GET /?loknya=/proc/irq/69/ HTTP/1.1" 200 12607 issyinvestments.com "https://issyinvestments.com/?loknya=/proc/irq/69/megasas0-msix41" "Mozilla/5.0 AppleWebKit/537.36 (KHTML, like Gecko; compatible; GPTBot/1.4; +https://openai.com/gptbot)" "-"
2a03:2880:f800:: - - [16/Jul/2026:00:05:24 +0200] "GET /goods/373741948?loknya=/homepages HTTP/1.1" 200 57998 issyinvestments.com "-" "Mozilla/5.0 (Macintosh; Intel Mac OS X 10_15_7) AppleWebKit/537.36 (KHTML, like Gecko) Chrome/145.0.0.0 Safari/537.36 (compatible; meta-externalagent/1.1 (+https://developers.facebook.com/docs/sharing/webmasters/crawler))" "-"
74.7.242.0 - - [16/Jul/2026:00:05:27 +0200] "GET /?loknya=/proc/irq/46/ HTTP/1.1" 200 12607 issyinvestments.com "https://issyinvestments.com/?loknya=/proc/irq/46/megasas0-msix18" "Mozilla/5.0 AppleWebKit/537.36 (KHTML, like Gecko; compatible; GPTBot/1.4; +https://openai.com/gptbot)" "-"
2a03:2880:f800:: - - [16/Jul/2026:00:05:29 +0200] "GET /goods/2e929436?loknya=/homepages/10/d315911638/htdocs/clickandbuilds/IssyInvestment/old HTTP/1.1" 200 40074 issyinvestments.com "-" "Mozilla/5.0 (Windows NT 10.0; Win64; x64) AppleWebKit/537.36 (KHTML, like Gecko) Chrome/145.0.0.0 Safari/537.36 (compatible; meta-externalagent/1.1 (+https://developers.facebook.com/docs/sharing/webmasters/crawler))" "-"
2a03:2880:f800:: - - [16/Jul/2026:00:05:35 +0200] "GET /goods/f31768063 HTTP/1.1" 200 46819 issyinvestments.com "-" "Mozilla/5.0 (Macintosh; Intel Mac OS X 10_15_7) AppleWebKit/537.36 (KHTML, like Gecko) Chrome/145.0.0.0 Safari/537.36 (compatible; meta-externalagent/1.1 (+https://developers.facebook.com/docs/sharing/webmasters/crawler))" "-"
74.7.242.0 - - [16/Jul/2026:00:05:42 +0200] "GET /?loknya=/proc/irq/70 HTTP/1.1" 200 12583 issyinvestments.com "https://issyinvestments.com/?loknya=/proc/irq" "Mozilla/5.0 AppleWebKit/537.36 (KHTML, like Gecko; compatible; GPTBot/1.4; +https://openai.com/gptbot)" "-"
2a03:2880:f800:: - - [16/Jul/2026:00:05:47 +0200] "GET /goods/884061607?lokasie=/homepages/10/d315911638/htdocs/clickandbuilds/IssyInvestment/license.txt&loknya=/homepages/10/d315911638/htdocs/clickandbuilds/IssyInvestment HTTP/1.1" 200 24379 issyinvestments.com "-" "Mozilla/5.0 (Macintosh; Intel Mac OS X 10_15_7) AppleWebKit/537.36 (KHTML, like Gecko) Chrome/145.0.0.0 Safari/537.36 (compatible; meta-externalagent/1.1 (+https://developers.facebook.com/docs/sharing/webmasters/crawler))" "-"
2a03:2880:f800:: - - [16/Jul/2026:00:05:53 +0200] "GET /goods/9f6081127 HTTP/1.1" 200 46819 issyinvestments.com "-" "Mozilla/5.0 (Macintosh; Intel Mac OS X 10_15_7) AppleWebKit/537.36 (KHTML, like Gecko) Chrome/145.0.0.0 Safari/537.36 (compatible; meta-externalagent/1.1 (+https://developers.facebook.com/docs/sharing/webmasters/crawler))" "-"
74.7.242.0 - - [16/Jul/2026:00:05:55 +0200] "GET /?loknya=/proc/irq/98 HTTP/1.1" 200 12587 issyinvestments.com "https://issyinvestments.com/?loknya=/proc/irq" "Mozilla/5.0 AppleWebKit/537.36 (KHTML, like Gecko; compatible; GPTBot/1.4; +https://openai.com/gptbot)" "-"
2a03:2880:f800:: - - [16/Jul/2026:00:05:57 +0200] "GET /goods/406385523?loknya=/homepages HTTP/1.1" 200 57997 issyinvestments.com "-" "Mozilla/5.0 (Macintosh; Intel Mac OS X 10_15_7) AppleWebKit/537.36 (KHTML, like Gecko) Chrome/145.0.0.0 Safari/537.36 (compatible; meta-externalagent/1.1 (+https://developers.facebook.com/docs/sharing/webmasters/crawler))" "-"
2a03:2880:f800:: - - [16/Jul/2026:00:06:02 +0200] "GET /goods/156789091?lokasie=/homepages/10/d315911638/htdocs/clickandbuilds/IssyInvestment/robots.txt&loknya=/homepages/10/d315911638/htdocs/clickandbuilds/IssyInvestment HTTP/1.1" 200 4430 issyinvestments.com "-" "Mozilla/5.0 (Macintosh; Intel Mac OS X 10_15_7) AppleWebKit/537.36 (KHTML, like Gecko) Chrome/145.0.0.0 Safari/537.36 (compatible; meta-externalagent/1.1 (+https://developers.facebook.com/docs/sharing/webmasters/crawler))" "-"
2a03:2880:f800:: - - [16/Jul/2026:00:06:06 +0200] "GET /goods/e04006881 HTTP/1.1" 200 46819 issyinvestments.com "-" "Mozilla/5.0 (Windows NT 10.0; Win64; x64) AppleWebKit/537.36 (KHTML, like Gecko) Chrome/145.0.0.0 Safari/537.36 (compatible; meta-externalagent/1.1 (+https://developers.facebook.com/docs/sharing/webmasters/crawler))" "-"
74.7.242.0 - - [16/Jul/2026:00:06:07 +0200] "GET /?loknya=/proc/irq/87 HTTP/1.1" 200 12583 issyinvestments.com "https://issyinvestments.com/?loknya=/proc/irq" "Mozilla/5.0 AppleWebKit/537.36 (KHTML, like Gecko; compatible; GPTBot/1.4; +https://openai.com/gptbot)" "-"
2a03:2880:f800:: - - [16/Jul/2026:00:06:10 +0200] "GET /goods/a65668893?lokasie=/homepages/10/d315911638/htdocs/clickandbuilds/IssyInvestment/wp-comments-post.php&loknya=/homepages/10/d315911638/htdocs/clickandbuilds/IssyInvestment HTTP/1.1" 200 6764 issyinvestments.com "-" "Mozilla/5.0 (Windows NT 10.0; Win64; x64) AppleWebKit/537.36 (KHTML, like Gecko) Chrome/145.0.0.0 Safari/537.36 (compatible; meta-externalagent/1.1 (+https://developers.facebook.com/docs/sharing/webmasters/crawler))" "-"
74.7.242.0 - - [16/Jul/2026:00:06:18 +0200] "GET /?loknya=/proc/irq/13 HTTP/1.1" 200 11530 issyinvestments.com "https://issyinvestments.com/?loknya=/proc/irq" "Mozilla/5.0 AppleWebKit/537.36 (KHTML, like Gecko; compatible; GPTBot/1.4; +https://openai.com/gptbot)" "-"
2a03:2880:f800:: - - [16/Jul/2026:00:06:20 +0200] "GET /goods/9e4694087?loknya=/homepages HTTP/1.1" 200 57998 issyinvestments.com "-" "Mozilla/5.0 (Windows NT 10.0; Win64; x64) AppleWebKit/537.36 (KHTML, like Gecko) Chrome/145.0.0.0 Safari/537.36 (compatible; meta-externalagent/1.1 (+https://developers.facebook.com/docs/sharing/webmasters/crawler))" "-"
2a03:2880:f800:: - - [16/Jul/2026:00:06:23 +0200] "GET /goods/e532540?loknya=/homepages/10 HTTP/1.1" 200 57926 issyinvestments.com "-" "Mozilla/5.0 (Windows NT 10.0; Win64; x64) AppleWebKit/537.36 (KHTML, like Gecko) Chrome/145.0.0.0 Safari/537.36 (compatible; meta-externalagent/1.1 (+https://developers.facebook.com/docs/sharing/webmasters/crawler))" "-"
74.7.242.0 - - [16/Jul/2026:00:06:27 +0200] "GET /?loknya=/proc/irq/91 HTTP/1.1" 200 12583 issyinvestments.com "https://issyinvestments.com/?loknya=/proc/irq" "Mozilla/5.0 AppleWebKit/537.36 (KHTML, like Gecko; compatible; GPTBot/1.4; +https://openai.com/gptbot)" "-"
2a03:2880:f800:: - - [16/Jul/2026:00:06:28 +0200] "GET /goods/b8374972 HTTP/1.1" 200 46819 issyinvestments.com "-" "Mozilla/5.0 (Windows NT 10.0; Win64; x64) AppleWebKit/537.36 (KHTML, like Gecko) Chrome/145.0.0.0 Safari/537.36 (compatible; meta-externalagent/1.1 (+https://developers.facebook.com/docs/sharing/webmasters/crawler))" "-"
74.7.242.0 - - [16/Jul/2026:00:06:36 +0200] "GET /?loknya=/proc/irq/60 HTTP/1.1" 200 12583 issyinvestments.com "https://issyinvestments.com/?loknya=/proc/irq" "Mozilla/5.0 AppleWebKit/537.36 (KHTML, like Gecko; compatible; GPTBot/1.4; +https://openai.com/gptbot)" "-"
74.7.242.0 - - [16/Jul/2026:00:06:43 +0200] "GET /?lokasie=/proc/irq/39//node&loknya=/proc/irq/39/ HTTP/1.1" 429 267 issyinvestments.com "https://issyinvestments.com/?loknya=/proc/irq/39/" "Mozilla/5.0 AppleWebKit/537.36 (KHTML, like Gecko; compatible; GPTBot/1.4; +https://openai.com/gptbot)" "-"
74.7.242.0 - - [16/Jul/2026:00:06:50 +0200] "GET /?lokasie=/proc/irq/42//node&loknya=/proc/irq/42/ HTTP/1.1" 429 267 issyinvestments.com "https://issyinvestments.com/?loknya=/proc/irq/42/" "Mozilla/5.0 AppleWebKit/537.36 (KHTML, like Gecko; compatible; GPTBot/1.4; +https://openai.com/gptbot)" "-"
2a03:2880:f800:: - - [16/Jul/2026:00:06:55 +0200] "GET /goods/e42026142?loknya=/homepages/10/d315911638 HTTP/1.1" 200 21738 issyinvestments.com "-" "Mozilla/5.0 (Windows NT 10.0; Win64; x64) AppleWebKit/537.36 (KHTML, like Gecko) Chrome/145.0.0.0 Safari/537.36 (compatible; meta-externalagent/1.1 (+https://developers.facebook.com/docs/sharing/webmasters/crawler))" "-"
2a03:2880:f800:: - - [16/Jul/2026:00:06:59 +0200] "GET /goods/752003567?lokasie=/homepages/10/d315911638/htdocs/clickandbuilds/IssyInvestment/wp-settings.php&loknya=/homepages/10/d315911638/htdocs/clickandbuilds/IssyInvestment HTTP/1.1" 200 30836 issyinvestments.com "-" "Mozilla/5.0 (Macintosh; Intel Mac OS X 10_15_7) AppleWebKit/537.36 (KHTML, like Gecko) Chrome/145.0.0.0 Safari/537.36 (compatible; meta-externalagent/1.1 (+https://developers.facebook.com/docs/sharing/webmasters/crawler))" "-"
2a03:2880:f800:: - - [16/Jul/2026:00:07:03 +0200] "GET /goods/513234818 HTTP/1.1" 200 46819 issyinvestments.com "-" "Mozilla/5.0 (Macintosh; Intel Mac OS X 10_15_7) AppleWebKit/537.36 (KHTML, like Gecko) Chrome/145.0.0.0 Safari/537.36 (compatible; meta-externalagent/1.1 (+https://developers.facebook.com/docs/sharing/webmasters/crawler))" "-"
74.7.242.0 - - [16/Jul/2026:00:07:11 +0200] "GET /?lokasie=/proc/irq/53//node&loknya=/proc/irq/53/ HTTP/1.1" 429 267 issyinvestments.com "https://issyinvestments.com/?loknya=/proc/irq/53/" "Mozilla/5.0 AppleWebKit/537.36 (KHTML, like Gecko; compatible; GPTBot/1.4; +https://openai.com/gptbot)" "-"
2a03:2880:f800:: - - [16/Jul/2026:00:07:14 +0200] "GET /goods/706172325?lokasie=/homepages/10/d315911638/htdocs/clickandbuilds/IssyInvestment/wp-config.php&loknya=/homepages/10/d315911638/htdocs/clickandbuilds/IssyInvestment HTTP/1.1" 503 339 issyinvestments.com "-" "Mozilla/5.0 (Macintosh; Intel Mac OS X 10_15_7) AppleWebKit/537.36 (KHTML, like Gecko) Chrome/145.0.0.0 Safari/537.36 (compatible; meta-externalagent/1.1 (+https://developers.facebook.com/docs/sharing/webmasters/crawler))" "-"
2a03:2880:f800:: - - [16/Jul/2026:00:07:16 +0200] "GET /goods/376531305?lokasie=/homepages/10/d315911638/htdocs/clickandbuilds/IssyInvestment/wp-config.php&loknya=/homepages/10/d315911638/htdocs/clickandbuilds/IssyInvestment HTTP/1.1" 503 339 issyinvestments.com "-" "Mozilla/5.0 (Windows NT 10.0; Win64; x64) AppleWebKit/537.36 (KHTML, like Gecko) Chrome/145.0.0.0 Safari/537.36 (compatible; meta-externalagent/1.1 (+https://developers.facebook.com/docs/sharing/webmasters/crawler))" "-"
2a03:2880:f800:: - - [16/Jul/2026:00:07:17 +0200] "GET /goods/472651004?lokasie=/homepages/10/d315911638/htdocs/clickandbuilds/IssyInvestment/cap.php&loknya=/homepages/10/d315911638/htdocs/clickandbuilds/IssyInvestment HTTP/1.1" 200 15132 issyinvestments.com "-" "Mozilla/5.0 (X11; Linux x86_64) AppleWebKit/537.36 (KHTML, like Gecko) Chrome/145.0.0.0 Safari/537.36 (compatible; meta-externalagent/1.1 (+https://developers.facebook.com/docs/sharing/webmasters/crawler))" "-"
2a03:2880:f800:: - - [16/Jul/2026:00:07:21 +0200] "GET /goods/a31518930 HTTP/1.1" 200 46818 issyinvestments.com "-" "Mozilla/5.0 (Windows NT 10.0; Win64; x64) AppleWebKit/537.36 (KHTML, like Gecko) Chrome/145.0.0.0 Safari/537.36 (compatible; meta-externalagent/1.1 (+https://developers.facebook.com/docs/sharing/webmasters/crawler))" "-"
2a03:2880:f800:: - - [16/Jul/2026:00:07:25 +0200] "GET /goods/ba3117739?lokasie=/homepages/10/d315911638/htdocs/clickandbuilds/IssyInvestment/investmenut.zip&loknya=/homepages/10/d315911638/htdocs/clickandbuilds/IssyInvestment HTTP/1.1" 200 4365 issyinvestments.com "-" "Mozilla/5.0 (Macintosh; Intel Mac OS X 10_15_7) AppleWebKit/537.36 (KHTML, like Gecko) Chrome/145.0.0.0 Safari/537.36 (compatible; meta-externalagent/1.1 (+https://developers.facebook.com/docs/sharing/webmasters/crawler))" "-"
2a03:2880:f800:: - - [16/Jul/2026:00:07:42 +0200] "GET /goods/541789795?loknya=/homepages/10/d315911638/htdocs/clickandbuilds/IssyInvestment/wp-includes HTTP/1.1" 429 267 issyinvestments.com "-" "Mozilla/5.0 (Macintosh; Intel Mac OS X 10_15_7) AppleWebKit/537.36 (KHTML, like Gecko) Chrome/145.0.0.0 Safari/537.36 (compatible; meta-externalagent/1.1 (+https://developers.facebook.com/docs/sharing/webmasters/crawler))" "-"
2a03:2880:f800:: - - [16/Jul/2026:00:07:44 +0200] "GET /goods/0b3004377 HTTP/1.1" 429 267 issyinvestments.com "-" "Mozilla/5.0 (Macintosh; Intel Mac OS X 10_15_7) AppleWebKit/537.36 (KHTML, like Gecko) Chrome/145.0.0.0 Safari/537.36 (compatible; meta-externalagent/1.1 (+https://developers.facebook.com/docs/sharing/webmasters/crawler))" "-"
2a03:2880:f800:: - - [16/Jul/2026:00:07:50 +0200] "GET /goods/6f1813014?lokasie=/homepages/10/d315911638/htdocs/clickandbuilds/IssyInvestment/cap.php&loknya=/homepages/10/d315911638/htdocs/clickandbuilds/IssyInvestment HTTP/1.1" 429 267 issyinvestments.com "-" "Mozilla/5.0 (Windows NT 10.0; Win64; x64) AppleWebKit/537.36 (KHTML, like Gecko) Chrome/145.0.0.0 Safari/537.36 (compatible; meta-externalagent/1.1 (+https://developers.facebook.com/docs/sharing/webmasters/crawler))" "-"
2a03:2880:f800:: - - [16/Jul/2026:00:07:51 +0200] "GET /goods/89777019 HTTP/1.1" 429 267 issyinvestments.com "-" "Mozilla/5.0 (Windows NT 10.0; Win64; x64) AppleWebKit/537.36 (KHTML, like Gecko) Chrome/145.0.0.0 Safari/537.36 (compatible; meta-externalagent/1.1 (+https://developers.facebook.com/docs/sharing/webmasters/crawler))" "-"
2a03:2880:f800:: - - [16/Jul/2026:00:07:51 +0200] "GET /goods/146811994 HTTP/1.1" 429 267 issyinvestments.com "-" "Mozilla/5.0 (Windows NT 10.0; Win64; x64) AppleWebKit/537.36 (KHTML, like Gecko) Chrome/145.0.0.0 Safari/537.36 (compatible; meta-externalagent/1.1 (+https://developers.facebook.com/docs/sharing/webmasters/crawler))" "-"
2a03:2880:f800:: - - [16/Jul/2026:00:07:56 +0200] "GET /goods/874143043?lokasie=/homepages/10/d315911638/htdocs/clickandbuilds/IssyInvestment/investmenut.zip&loknya=/homepages/10/d315911638/htdocs/clickandbuilds/IssyInvestment HTTP/1.1" 429 267 issyinvestments.com "-" "Mozilla/5.0 (Windows NT 10.0; Win64; x64) AppleWebKit/537.36 (KHTML, like Gecko) Chrome/145.0.0.0 Safari/537.36 (compatible; meta-externalagent/1.1 (+https://developers.facebook.com/docs/sharing/webmasters/crawler))" "-"
2a03:2880:f800:: - - [16/Jul/2026:00:07:58 +0200] "GET /goods/666744566?lokasie=/homepages/10/d315911638/htdocs/clickandbuilds/IssyInvestment/wp-comments-post.php&loknya=/homepages/10/d315911638/htdocs/clickandbuilds/IssyInvestment HTTP/1.1" 429 267 issyinvestments.com "-" "Mozilla/5.0 (Windows NT 10.0; Win64; x64) AppleWebKit/537.36 (KHTML, like Gecko) Chrome/145.0.0.0 Safari/537.36 (compatible; meta-externalagent/1.1 (+https://developers.facebook.com/docs/sharing/webmasters/crawler))" "-"
74.7.242.0 - - [16/Jul/2026:00:08:14 +0200] "GET /?lokasie=/proc/irq/69//node&loknya=/proc/irq/69/ HTTP/1.1" 200 4021 issyinvestments.com "https://issyinvestments.com/?loknya=/proc/irq/69/" "Mozilla/5.0 AppleWebKit/537.36 (KHTML, like Gecko; compatible; GPTBot/1.4; +https://openai.com/gptbot)" "-"
2a03:2880:f800:: - - [16/Jul/2026:00:08:16 +0200] "GET /goods/cb715311?lokasie=/homepages/10/d315911638/htdocs/clickandbuilds/IssyInvestment/index.php&loknya=/homepages/10/d315911638/htdocs/clickandbuilds/IssyInvestment HTTP/1.1" 429 267 issyinvestments.com "-" "Mozilla/5.0 (Macintosh; Intel Mac OS X 10_15_7) AppleWebKit/537.36 (KHTML, like Gecko) Chrome/145.0.0.0 Safari/537.36 (compatible; meta-externalagent/1.1 (+https://developers.facebook.com/docs/sharing/webmasters/crawler))" "-"
2a03:2880:f800:: - - [16/Jul/2026:00:08:23 +0200] "GET /goods/fb4707940?lokasie=/homepages/10/d315911638/htdocs/clickandbuilds/IssyInvestment/.htaccess&loknya=/homepages/10/d315911638/htdocs/clickandbuilds/IssyInvestment HTTP/1.1" 429 267 issyinvestments.com "-" "Mozilla/5.0 (X11; Linux x86_64) AppleWebKit/537.36 (KHTML, like Gecko) Chrome/145.0.0.0 Safari/537.36 (compatible; meta-externalagent/1.1 (+https://developers.facebook.com/docs/sharing/webmasters/crawler))" "-"
43.157.191.0 - - [16/Jul/2026:00:08:24 +0200] "GET / HTTP/1.1" 500 2746 www.issycars.com "-" "Mozilla/5.0 (iPhone; CPU iPhone OS 13_2_3 like Mac OS X) AppleWebKit/605.1.15 (KHTML, like Gecko) Version/13.0.3 Mobile/15E148 Safari/604.1" "-"
2a03:2880:f800:: - - [16/Jul/2026:00:08:24 +0200] "GET /goods/8b5581433?loknya=/homepages/10 HTTP/1.1" 429 267 issyinvestments.com "-" "Mozilla/5.0 (Windows NT 10.0; Win64; x64) AppleWebKit/537.36 (KHTML, like Gecko) Chrome/145.0.0.0 Safari/537.36 (compatible; meta-externalagent/1.1 (+https://developers.facebook.com/docs/sharing/webmasters/crawler))" "-"
82.165.80.0 - - [16/Jul/2026:00:08:25 +0200] "POST /wp-cron.php?doing_wp_cron=1784153305.9070699214935302734375 HTTP/1.1" 500 2704 issyconsulting.com "-" "WordPress/7.0.1; https://issyconsulting.com" "-"
2a03:2880:f800:: - - [16/Jul/2026:00:08:44 +0200] "GET /goods/541789795?lokasie=/homepages/10/d315911638/htdocs/clickandbuilds/IssyInvestment/wp-blog-header.php&loknya=/homepages/10/d315911638/htdocs/clickandbuilds/IssyInvestment HTTP/1.1" 200 4722 issyinvestments.com "-" "Mozilla/5.0 (Windows NT 10.0; Win64; x64) AppleWebKit/537.36 (KHTML, like Gecko) Chrome/145.0.0.0 Safari/537.36 (compatible; meta-externalagent/1.1 (+https://developers.facebook.com/docs/sharing/webmasters/crawler))" "-"
2a03:2880:f800:: - - [16/Jul/2026:00:08:54 +0200] "GET /goods/3a5054110?loknya=/homepages/10/d315911638/htdocs/clickandbuilds/IssyInvestment/old HTTP/1.1" 200 40075 issyinvestments.com "-" "Mozilla/5.0 (Macintosh; Intel Mac OS X 10_15_7) AppleWebKit/537.36 (KHTML, like Gecko) Chrome/145.0.0.0 Safari/537.36 (compatible; meta-externalagent/1.1 (+https://developers.facebook.com/docs/sharing/webmasters/crawler))" "-"
43.130.53.0 - - [16/Jul/2026:00:09:00 +0200] "GET /?lokasie=/homepages/2/d313944022/phpinilist&loknya=/homepages/2/d313944022 HTTP/1.1" 200 4067 www.issyinvestments.com "-" "Mozilla/5.0 (iPhone; CPU iPhone OS 13_2_3 like Mac OS X) AppleWebKit/605.1.15 (KHTML, like Gecko) Version/13.0.3 Mobile/15E148 Safari/604.1" "-"
2a03:2880:f800:: - - [16/Jul/2026:00:09:03 +0200] "GET /goods/95285117?loknya=/homepages/10 HTTP/1.1" 200 57926 issyinvestments.com "-" "Mozilla/5.0 (Windows NT 10.0; Win64; x64) AppleWebKit/537.36 (KHTML, like Gecko) Chrome/145.0.0.0 Safari/537.36 (compatible; meta-externalagent/1.1 (+https://developers.facebook.com/docs/sharing/webmasters/crawler))" "-"
2a03:2880:f800:: - - [16/Jul/2026:00:09:12 +0200] "GET /goods/5b4636115 HTTP/1.1" 200 46819 issyinvestments.com "-" "Mozilla/5.0 (Windows NT 10.0; Win64; x64) AppleWebKit/537.36 (KHTML, like Gecko) Chrome/145.0.0.0 Safari/537.36 (compatible; meta-externalagent/1.1 (+https://developers.facebook.com/docs/sharing/webmasters/crawler))" "-"
74.7.242.0 - - [16/Jul/2026:00:09:16 +0200] "GET /?lokasie=/proc/irq/46//node&loknya=/proc/irq/46/ HTTP/1.1" 200 4021 issyinvestments.com "https://issyinvestments.com/?loknya=/proc/irq/46/" "Mozilla/5.0 AppleWebKit/537.36 (KHTML, like Gecko; compatible; GPTBot/1.4; +https://openai.com/gptbot)" "-"
2a03:2880:f800:: - - [16/Jul/2026:00:09:19 +0200] "GET /goods/985025658?lokasie=/homepages/10/d315911638/htdocs/clickandbuilds/IssyInvestment/wp-activate.php&loknya=/homepages/10/d315911638/htdocs/clickandbuilds/IssyInvestment HTTP/1.1" 200 12563 issyinvestments.com "-" "Mozilla/5.0 (Windows NT 10.0; Win64; x64) AppleWebKit/537.36 (KHTML, like Gecko) Chrome/145.0.0.0 Safari/537.36 (compatible; meta-externalagent/1.1 (+https://developers.facebook.com/docs/sharing/webmasters/crawler))" "-"
216.24.210.0 - - [16/Jul/2026:00:09:20 +0200] "GET /wp-login.php HTTP/1.1" 500 2922 issyconsulting.com "-" "Mozilla/5.0 (Windows NT 10.0; Win64; rv:143.0) Gecko/20100101 Firefox/143.0" "-"
2a03:2880:f800:: - - [16/Jul/2026:00:09:26 +0200] "GET /goods/333078450?loknya=/homepages/10/d315911638/htdocs/clickandbuilds/IssyInvestment/wp-admin HTTP/1.1" 200 160824 issyinvestments.com "-" "Mozilla/5.0 (Windows NT 10.0; Win64; x64) AppleWebKit/537.36 (KHTML, like Gecko) Chrome/145.0.0.0 Safari/537.36 (compatible; meta-externalagent/1.1 (+https://developers.facebook.com/docs/sharing/webmasters/crawler))" "-"
2a03:2880:f800:: - - [16/Jul/2026:00:09:44 +0200] "GET /goods/673029482 HTTP/1.1" 200 46819 issyinvestments.com "-" "Mozilla/5.0 (X11; Linux x86_64) AppleWebKit/537.36 (KHTML, like Gecko) Chrome/145.0.0.0 Safari/537.36 (compatible; meta-externalagent/1.1 (+https://developers.facebook.com/docs/sharing/webmasters/crawler))" "-"
2a03:2880:f800:: - - [16/Jul/2026:00:09:50 +0200] "GET /goods/156789091?lokasie=/homepages/10/d315911638/htdocs/clickandbuilds/IssyInvestment/db1.php&loknya=/homepages/10/d315911638/htdocs/clickandbuilds/IssyInvestment HTTP/1.1" 200 4357 issyinvestments.com "-" "Mozilla/5.0 (Macintosh; Intel Mac OS X 10_15_7) AppleWebKit/537.36 (KHTML, like Gecko) Chrome/145.0.0.0 Safari/537.36 (compatible; meta-externalagent/1.1 (+https://developers.facebook.com/docs/sharing/webmasters/crawler))" "-"
2a03:2880:f800:: - - [16/Jul/2026:00:09:56 +0200] "GET /goods/716287935 HTTP/1.1" 200 46819 issyinvestments.com "-" "Mozilla/5.0 (Windows NT 10.0; Win64; x64) AppleWebKit/537.36 (KHTML, like Gecko) Chrome/145.0.0.0 Safari/537.36 (compatible; meta-externalagent/1.1 (+https://developers.facebook.com/docs/sharing/webmasters/crawler))" "-"
2a03:2880:f800:: - - [16/Jul/2026:00:10:01 +0200] "GET /goods/e42026142?lokasie=/homepages/10/d315911638/htdocs/clickandbuilds/IssyInvestment/wp-cron.php&loknya=/homepages/10/d315911638/htdocs/clickandbuilds/IssyInvestment HTTP/1.1" 200 10080 issyinvestments.com "-" "Mozilla/5.0 (Macintosh; Intel Mac OS X 10_15_7) AppleWebKit/537.36 (KHTML, like Gecko) Chrome/145.0.0.0 Safari/537.36 (compatible; meta-externalagent/1.1 (+https://developers.facebook.com/docs/sharing/webmasters/crawler))" "-"
2a03:2880:f800:: - - [16/Jul/2026:00:10:07 +0200] "GET /goods/114932804?lokasie=/homepages/10/d315911638/htdocs/clickandbuilds/IssyInvestment/wp-trackback.php&loknya=/homepages/10/d315911638/htdocs/clickandbuilds/IssyInvestment HTTP/1.1" 200 9524 issyinvestments.com "-" "Mozilla/5.0 (Windows NT 10.0; Win64; x64) AppleWebKit/537.36 (KHTML, like Gecko) Chrome/145.0.0.0 Safari/537.36 Edg/145.0.0.0 (compatible; meta-externalagent/1.1 (+https://developers.facebook.com/docs/sharing/webmasters/crawler))" "-"
2a03:2880:f800:: - - [16/Jul/2026:00:10:12 +0200] "GET /goods/155502237?loknya=/homepages HTTP/1.1" 200 57997 issyinvestments.com "-" "Mozilla/5.0 (Windows NT 10.0; Win64; x64) AppleWebKit/537.36 (KHTML, like Gecko) Chrome/145.0.0.0 Safari/537.36 (compatible; meta-externalagent/1.1 (+https://developers.facebook.com/docs/sharing/webmasters/crawler))" "-"
74.7.242.0 - - [16/Jul/2026:00:10:12 +0200] "GET /?loknya=/proc/irq/70/megasas0-msix42 HTTP/1.1" 200 5206 issyinvestments.com "https://issyinvestments.com/?loknya=/proc/irq/70" "Mozilla/5.0 AppleWebKit/537.36 (KHTML, like Gecko; compatible; GPTBot/1.4; +https://openai.com/gptbot)" "-"
2a03:2880:f800:: - - [16/Jul/2026:00:10:18 +0200] "GET /goods/741718094 HTTP/1.1" 200 46819 issyinvestments.com "-" "Mozilla/5.0 (Windows NT 10.0; Win64; x64) AppleWebKit/537.36 (KHTML, like Gecko) Chrome/145.0.0.0 Safari/537.36 (compatible; meta-externalagent/1.1 (+https://developers.facebook.com/docs/sharing/webmasters/crawler))" "-"
2a03:2880:f800:: - - [16/Jul/2026:00:10:20 +0200] "GET /goods/401259423?lokasie=/homepages/10/d315911638/htdocs/clickandbuilds/IssyInvestment/wp-settings.php&loknya=/homepages/10/d315911638/htdocs/clickandbuilds/IssyInvestment HTTP/1.1" 200 30836 issyinvestments.com "-" "Mozilla/5.0 (Windows NT 10.0; Win64; x64) AppleWebKit/537.36 (KHTML, like Gecko) Chrome/145.0.0.0 Safari/537.36 (compatible; meta-externalagent/1.1 (+https://developers.facebook.com/docs/sharing/webmasters/crawler))" "-"
2a03:2880:f800:: - - [16/Jul/2026:00:10:25 +0200] "GET /goods/874143043?lokasie=/homepages/10/d315911638/htdocs/clickandbuilds/IssyInvestment/wp-login.php&loknya=/homepages/10/d315911638/htdocs/clickandbuilds/IssyInvestment HTTP/1.1" 200 60733 issyinvestments.com "-" "Mozilla/5.0 (Windows NT 10.0; Win64; x64) AppleWebKit/537.36 (KHTML, like Gecko) Chrome/145.0.0.0 Safari/537.36 (compatible; meta-externalagent/1.1 (+https://developers.facebook.com/docs/sharing/webmasters/crawler))" "-"
2a03:2880:f800:: - - [16/Jul/2026:00:10:30 +0200] "GET /goods/731442487?lokasie=/homepages/10/d315911638/htdocs/clickandbuilds/IssyInvestment/wp-login.php&loknya=/homepages/10/d315911638/htdocs/clickandbuilds/IssyInvestment HTTP/1.1" 200 60733 issyinvestments.com "-" "Mozilla/5.0 (Macintosh; Intel Mac OS X 10_15_7) AppleWebKit/537.36 (KHTML, like Gecko) Chrome/145.0.0.0 Safari/537.36 (compatible; meta-externalagent/1.1 (+https://developers.facebook.com/docs/sharing/webmasters/crawler))" "-"
2a03:2880:f800:: - - [16/Jul/2026:00:10:33 +0200] "GET /goods/733970963 HTTP/1.1" 200 46819 issyinvestments.com "-" "Mozilla/5.0 (Windows NT 10.0; Win64; x64) AppleWebKit/537.36 (KHTML, like Gecko) Chrome/145.0.0.0 Safari/537.36 (compatible; meta-externalagent/1.1 (+https://developers.facebook.com/docs/sharing/webmasters/crawler))" "-"
2a03:2880:f800:: - - [16/Jul/2026:00:10:37 +0200] "GET /goods/95285117?loknya=/homepages/10/d315911638/htdocs/clickandbuilds/IssyInvestment/wp-admin HTTP/1.1" 200 160824 issyinvestments.com "-" "Mozilla/5.0 (Windows NT 10.0; Win64; x64) AppleWebKit/537.36 (KHTML, like Gecko) Chrome/145.0.0.0 Safari/537.36 (compatible; meta-externalagent/1.1 (+https://developers.facebook.com/docs/sharing/webmasters/crawler))" "-"
2a03:2880:f800:: - - [16/Jul/2026:00:10:41 +0200] "GET /goods/a93112858 HTTP/1.1" 200 46819 issyinvestments.com "-" "Mozilla/5.0 (Windows NT 10.0; Win64; x64) AppleWebKit/537.36 (KHTML, like Gecko) Chrome/145.0.0.0 Safari/537.36 (compatible; meta-externalagent/1.1 (+https://developers.facebook.com/docs/sharing/webmasters/crawler))" "-"
2a03:2880:f800:: - - [16/Jul/2026:00:10:44 +0200] "GET /goods/8a1226456?lokasie=/homepages/10/d315911638/htdocs/clickandbuilds/IssyInvestment/cap.php&loknya=/homepages/10/d315911638/htdocs/clickandbuilds/IssyInvestment HTTP/1.1" 200 15132 issyinvestments.com "-" "Mozilla/5.0 (Macintosh; Intel Mac OS X 10_15_7) AppleWebKit/537.36 (KHTML, like Gecko) Chrome/145.0.0.0 Safari/537.36 (compatible; meta-externalagent/1.1 (+https://developers.facebook.com/docs/sharing/webmasters/crawler))" "-"
2a06:98c0:3600:: - - [16/Jul/2026:00:10:52 +0200] "GET /wp-admin/install.php?step=1 HTTP/1.1" 200 1309 issycoreservices.com "-" "http://issycoreservices.com/wp-admin/install.php?step=1" "-"
82.165.80.0 - - [16/Jul/2026:00:10:53 +0200] "POST /wp-cron.php?doing_wp_cron=1784153453.0008211135864257812500 HTTP/1.1" 200 - issycoreservices.com "-" "WordPress/6.9.3; http://issycoreservices.com" "-"
2a03:2880:f800:: - - [16/Jul/2026:00:10:59 +0200] "GET /goods/093153478?lokasie=/homepages/10/d315911638/htdocs/clickandbuilds/IssyInvestment/adminer.sql.gz&loknya=/homepages/10/d315911638/htdocs/clickandbuilds/IssyInvestment HTTP/1.1" 429 267 issyinvestments.com "-" "Mozilla/5.0 (Windows NT 10.0; Win64; x64) AppleWebKit/537.36 (KHTML, like Gecko) Chrome/145.0.0.0 Safari/537.36 (compatible; meta-externalagent/1.1 (+https://developers.facebook.com/docs/sharing/webmasters/crawler))" "-"
74.7.242.0 - - [16/Jul/2026:00:11:01 +0200] "GET /?lokasie=/proc/irq/98/node&loknya=/proc/irq/98 HTTP/1.1" 200 4020 issyinvestments.com "https://issyinvestments.com/?loknya=/proc/irq/98" "Mozilla/5.0 AppleWebKit/537.36 (KHTML, like Gecko; compatible; GPTBot/1.4; +https://openai.com/gptbot)" "-"
2a03:2880:f800:: - - [16/Jul/2026:00:11:06 +0200] "GET /goods/9b1884385?loknya=/homepages/10/d315911638/htdocs/clickandbuilds/IssyInvestment/.tmb HTTP/1.1" 429 267 issyinvestments.com "-" "Mozilla/5.0 (Macintosh; Intel Mac OS X 10_15_7) AppleWebKit/537.36 (KHTML, like Gecko) Chrome/145.0.0.0 Safari/537.36 (compatible; meta-externalagent/1.1 (+https://developers.facebook.com/docs/sharing/webmasters/crawler))" "-"
2a03:2880:f800:: - - [16/Jul/2026:00:11:30 +0200] "GET /goods/881963519?loknya=/homepages/10/d315911638/htdocs/clickandbuilds/IssyInvestment HTTP/1.1" 429 267 issyinvestments.com "-" "Mozilla/5.0 (Windows NT 10.0; Win64; x64) AppleWebKit/537.36 (KHTML, like Gecko) Chrome/145.0.0.0 Safari/537.36 (compatible; meta-externalagent/1.1 (+https://developers.facebook.com/docs/sharing/webmasters/crawler))" "-"
2a03:2880:f800:: - - [16/Jul/2026:00:11:31 +0200] "GET /goods/9466882?loknya=/homepages/10/d315911638/htdocs/clickandbuilds/IssyInvestment HTTP/1.1" 429 267 issyinvestments.com "-" "Mozilla/5.0 (Macintosh; Intel Mac OS X 10_15_7) AppleWebKit/537.36 (KHTML, like Gecko) Chrome/145.0.0.0 Safari/537.36 (compatible; meta-externalagent/1.1 (+https://developers.facebook.com/docs/sharing/webmasters/crawler))" "-"
2a03:2880:f800:: - - [16/Jul/2026:00:11:39 +0200] "GET /goods/9b1884385?loknya=/homepages/10/d315911638/htdocs/clickandbuilds/IssyInvestment HTTP/1.1" 429 267 issyinvestments.com "-" "Mozilla/5.0 (Windows NT 10.0; Win64; x64) AppleWebKit/537.36 (KHTML, like Gecko) Chrome/145.0.0.0 Safari/537.36 (compatible; meta-externalagent/1.1 (+https://developers.facebook.com/docs/sharing/webmasters/crawler))" "-"
2a03:2880:f800:: - - [16/Jul/2026:00:11:44 +0200] "GET /goods/14175954?lokasie=/homepages/10/d315911638/htdocs/clickandbuilds/IssyInvestment/wp-links-opml.php&loknya=/homepages/10/d315911638/htdocs/clickandbuilds/IssyInvestment HTTP/1.1" 429 267 issyinvestments.com "-" "Mozilla/5.0 (Windows NT 10.0; Win64; x64) AppleWebKit/537.36 (KHTML, like Gecko) Chrome/145.0.0.0 Safari/537.36 (compatible; meta-externalagent/1.1 (+https://developers.facebook.com/docs/sharing/webmasters/crawler))" "-"
74.7.242.0 - - [16/Jul/2026:00:11:47 +0200] "GET /?loknya=/proc/irq/87/megasas0-msix59 HTTP/1.1" 200 5206 issyinvestments.com "https://issyinvestments.com/?loknya=/proc/irq/87" "Mozilla/5.0 AppleWebKit/537.36 (KHTML, like Gecko; compatible; GPTBot/1.4; +https://openai.com/gptbot)" "-"
2a03:2880:f800:: - - [16/Jul/2026:00:11:49 +0200] "GET /goods/6c6624220?lokasie=/homepages/10/d315911638/htdocs/clickandbuilds/IssyInvestment/wp-signup.php&loknya=/homepages/10/d315911638/htdocs/clickandbuilds/IssyInvestment HTTP/1.1" 429 267 issyinvestments.com "-" "Mozilla/5.0 (Macintosh; Intel Mac OS X 10_15_7) AppleWebKit/537.36 (KHTML, like Gecko) Chrome/145.0.0.0 Safari/537.36 (compatible; meta-externalagent/1.1 (+https://developers.facebook.com/docs/sharing/webmasters/crawler))" "-"
