216.73.216.0 - - [16/Jul/2026:01:04:28 +0200] "GET /goods/946773514?lokasie=%2Fhomepages%2F10%2Fd315911638%2Fhtdocs%2Fclickandbuilds%2FIssyInvestment%2Fwp-admin%2Fmenu.php&loknya=%2Fhomepages%2F10%2Fd315911638%2Fhtdocs%2Fclickandbuilds%2FIssyInvestment%2Fwp-admin HTTP/1.1" 429 267 issyinvestments.com "-" "Mozilla/5.0 AppleWebKit/537.36 (KHTML, like Gecko; compatible; ClaudeBot/1.0; +claudebot@anthropic.com)" "-"
185.177.72.0 - - [16/Jul/2026:01:04:28 +0200] "GET /Mail/InvoiceMail%2ephp HTTP/1.1" 500 2746 issyconsulting.com "-" "curl/8.7.1" "-"
185.177.72.0 - - [16/Jul/2026:01:04:29 +0200] "GET /app/Mail/ HTTP/1.1" 500 2746 issyconsulting.com "-" "curl/8.7.1" "-"
185.177.72.0 - - [16/Jul/2026:01:04:30 +0200] "GET /app/Notifications/ HTTP/1.1" 500 2746 issyconsulting.com "-" "curl/8.7.1" "-"
185.177.72.0 - - [16/Jul/2026:01:04:31 +0200] "GET /app/Notifications/ResetPassword%2ephp HTTP/1.1" 500 2746 issyconsulting.com "-" "curl/8.7.1" "-"
185.177.72.0 - - [16/Jul/2026:01:04:32 +0200] "GET /app/Notifications/InvoicePaid%2ephp HTTP/1.1" 500 2746 issyconsulting.com "-" "curl/8.7.1" "-"
216.73.216.0 - - [16/Jul/2026:01:04:33 +0200] "GET /goods/751756981?lokasie=%2Fhomepages%2F10%2Fd315911638%2Fhtdocs%2Fclickandbuilds%2FIssyInvestment%2Fwp-includes%2Fclass-wp-http-streams.php&loknya=%2Fhomepages%2F10%2Fd315911638%2Fhtdocs%2Fclickandbuilds%2FIssyInvestment%2Fwp-includes HTTP/1.1" 429 267 issyinvestments.com "-" "Mozilla/5.0 AppleWebKit/537.36 (KHTML, like Gecko; compatible; ClaudeBot/1.0; +claudebot@anthropic.com)" "-"
185.177.72.0 - - [16/Jul/2026:01:04:33 +0200] "GET /site-packages/sendgrid/sendgrid%2epy HTTP/1.1" 500 2746 issyconsulting.com "-" "curl/8.7.1" "-"
2a03:2880:f800:: - - [16/Jul/2026:01:04:34 +0200] "GET /goods/7d3461321?loknya=/homepages/10 HTTP/1.1" 200 57926 issyinvestments.com "-" "Mozilla/5.0 (Windows NT 10.0; Win64; x64) AppleWebKit/537.36 (KHTML, like Gecko) Chrome/145.0.0.0 Safari/537.36 (compatible; meta-externalagent/1.1 (+https://developers.facebook.com/docs/sharing/webmasters/crawler))" "-"
185.177.72.0 - - [16/Jul/2026:01:04:34 +0200] "GET /site-packages/sendgrid/helpers/mail/mail%2epy HTTP/1.1" 500 2746 issyconsulting.com "-" "curl/8.7.1" "-"
185.177.72.0 - - [16/Jul/2026:01:04:35 +0200] "GET /site-packages/sendgrid/helpers/mail/ HTTP/1.1" 500 2746 issyconsulting.com "-" "curl/8.7.1" "-"
185.177.72.0 - - [16/Jul/2026:01:04:36 +0200] "GET /requirements%2etxt HTTP/1.1" 500 2746 issyconsulting.com "-" "curl/8.7.1" "-"
185.177.72.0 - - [16/Jul/2026:01:04:37 +0200] "GET /Pipfile HTTP/1.1" 500 2746 issyconsulting.com "-" "curl/8.7.1" "-"
216.73.216.0 - - [16/Jul/2026:01:04:38 +0200] "GET /goods/e04588052?lokasie=%2Fhomepages%2F10%2Fd315911638%2Fhtdocs%2Fclickandbuilds%2FIssyInvestment%2Fwp-includes%2Fbookmark-template.php&loknya=%2Fhomepages%2F10%2Fd315911638%2Fhtdocs%2Fclickandbuilds%2FIssyInvestment%2Fwp-includes HTTP/1.1" 429 267 issyinvestments.com "-" "Mozilla/5.0 AppleWebKit/537.36 (KHTML, like Gecko; compatible; ClaudeBot/1.0; +claudebot@anthropic.com)" "-"
185.177.72.0 - - [16/Jul/2026:01:04:38 +0200] "GET /%2egithub/workflows/email%2eyml HTTP/1.1" 403 1271 issyconsulting.com "-" "curl/8.7.1" "-"
185.177.72.0 - - [16/Jul/2026:01:04:38 +0200] "GET /%2ecircleci/config%2eyml HTTP/1.1" 500 2746 issyconsulting.com "-" "curl/8.7.1" "-"
185.177.72.0 - - [16/Jul/2026:01:04:39 +0200] "GET /%2etravis%2eyml HTTP/1.1" 500 2746 issyconsulting.com "-" "curl/8.7.1" "-"
185.177.72.0 - - [16/Jul/2026:01:04:40 +0200] "GET /webhooks/sendgrid%2ejs HTTP/1.1" 500 2746 issyconsulting.com "-" "curl/8.7.1" "-"
185.177.72.0 - - [16/Jul/2026:01:04:41 +0200] "GET /api/webhooks/email-events%2ejs HTTP/1.1" 500 2746 issyconsulting.com "-" "curl/8.7.1" "-"
185.177.72.0 - - [16/Jul/2026:01:04:42 +0200] "GET /routes/webhooks/sendgrid%2ejs HTTP/1.1" 500 2746 issyconsulting.com "-" "curl/8.7.1" "-"
216.73.216.0 - - [16/Jul/2026:01:04:43 +0200] "GET /goods/501725677?lokasie=%2Fhomepages%2F10%2Fd315911638%2Fhtdocs%2Fclickandbuilds%2FIssyInvestment%2Fold%2Fwp-admin%2Fupload.php&loknya=%2Fhomepages%2F10%2Fd315911638%2Fhtdocs%2Fclickandbuilds%2FIssyInvestment%2Fold%2Fwp-admin HTTP/1.1" 429 267 issyinvestments.com "-" "Mozilla/5.0 AppleWebKit/537.36 (KHTML, like Gecko; compatible; ClaudeBot/1.0; +claudebot@anthropic.com)" "-"
2a03:2880:f800:: - - [16/Jul/2026:01:04:43 +0200] "GET /goods/926812083 HTTP/1.1" 200 46819 issyinvestments.com "-" "Mozilla/5.0 (X11; Linux x86_64) AppleWebKit/537.36 (KHTML, like Gecko) Chrome/145.0.0.0 Safari/537.36 (compatible; meta-externalagent/1.1 (+https://developers.facebook.com/docs/sharing/webmasters/crawler))" "-"
185.177.72.0 - - [16/Jul/2026:01:04:43 +0200] "GET /src/webhooks/bounce%2ehandler%2ets HTTP/1.1" 500 2746 issyconsulting.com "-" "curl/8.7.1" "-"
185.177.72.0 - - [16/Jul/2026:01:04:44 +0200] "GET /src/webhooks/unsubscribe%2ehandler%2ets HTTP/1.1" 500 2746 issyconsulting.com "-" "curl/8.7.1" "-"
185.177.72.0 - - [16/Jul/2026:01:04:45 +0200] "GET /apps/notifications/ HTTP/1.1" 500 2746 issyconsulting.com "-" "curl/8.7.1" "-"
185.177.72.0 - - [16/Jul/2026:01:04:46 +0200] "GET /%2esendgrid/config%2eyml HTTP/1.1" 500 2746 issyconsulting.com "-" "curl/8.7.1" "-"
185.177.72.0 - - [16/Jul/2026:01:04:47 +0200] "GET /%2esendgrid/credentials HTTP/1.1" 500 2746 issyconsulting.com "-" "curl/8.7.1" "-"
216.73.216.0 - - [16/Jul/2026:01:04:48 +0200] "GET /goods/193123045?lokasie=%2Fhomepages%2F10%2Fd315911638%2Fhtdocs%2Fclickandbuilds%2FIssyInvestment%2Fwp-includes%2Fvars.php&loknya=%2Fhomepages%2F10%2Fd315911638%2Fhtdocs%2Fclickandbuilds%2FIssyInvestment%2Fwp-includes HTTP/1.1" 429 267 issyinvestments.com "-" "Mozilla/5.0 AppleWebKit/537.36 (KHTML, like Gecko; compatible; ClaudeBot/1.0; +claudebot@anthropic.com)" "-"
185.177.72.0 - - [16/Jul/2026:01:04:48 +0200] "GET /%2econfig/sendgrid/ HTTP/1.1" 500 2746 issyconsulting.com "-" "curl/8.7.1" "-"
185.177.72.0 - - [16/Jul/2026:01:04:49 +0200] "GET /%2esendgrid%2eyaml HTTP/1.1" 500 2746 issyconsulting.com "-" "curl/8.7.1" "-"
185.177.72.0 - - [16/Jul/2026:01:04:50 +0200] "GET /usr/local/bin/sendgrid HTTP/1.1" 500 2746 issyconsulting.com "-" "curl/8.7.1" "-"
2a03:2880:f800:: - - [16/Jul/2026:01:04:51 +0200] "GET /goods/401259423?lokasie=/homepages/10/d315911638/htdocs/clickandbuilds/IssyInvestment/wp-mail.php&loknya=/homepages/10/d315911638/htdocs/clickandbuilds/IssyInvestment HTTP/1.1" 200 13170 issyinvestments.com "-" "Mozilla/5.0 (Windows NT 10.0; Win64; x64) AppleWebKit/537.36 (KHTML, like Gecko) Chrome/145.0.0.0 Safari/537.36 (compatible; meta-externalagent/1.1 (+https://developers.facebook.com/docs/sharing/webmasters/crawler))" "-"
185.177.72.0 - - [16/Jul/2026:01:04:52 +0200] "GET /usr/local/lib/sendgrid/ HTTP/1.1" 500 2746 issyconsulting.com "-" "curl/8.7.1" "-"
185.177.72.0 - - [16/Jul/2026:01:04:53 +0200] "GET /k8s/secrets/sendgrid-secret%2eyaml HTTP/1.1" 500 2746 issyconsulting.com "-" "curl/8.7.1" "-"
216.73.216.0 - - [16/Jul/2026:01:04:54 +0200] "GET /goods/d01204569?lokasie=%2Fhomepages%2F10%2Fd315911638%2Fhtdocs%2Fclickandbuilds%2FIssyInvestment%2Fwp-admin%2Fexport.php&loknya=%2Fhomepages%2F10%2Fd315911638%2Fhtdocs%2Fclickandbuilds%2FIssyInvestment%2Fwp-admin HTTP/1.1" 429 267 issyinvestments.com "-" "Mozilla/5.0 AppleWebKit/537.36 (KHTML, like Gecko; compatible; ClaudeBot/1.0; +claudebot@anthropic.com)" "-"
185.177.72.0 - - [16/Jul/2026:01:04:54 +0200] "GET /k8s/configmaps/email%2eyaml HTTP/1.1" 500 2746 issyconsulting.com "-" "curl/8.7.1" "-"
185.177.72.0 - - [16/Jul/2026:01:04:55 +0200] "GET /helm/values%2eproduction%2eyaml HTTP/1.1" 500 2746 issyconsulting.com "-" "curl/8.7.1" "-"
82.165.80.0 - - [16/Jul/2026:01:04:56 +0200] "POST /wp-cron.php?doing_wp_cron=1784156696.2480900287628173828125 HTTP/1.1" 500 2704 issyconsulting.com "-" "WordPress/7.0.1; https://issyconsulting.com" "-"
185.177.72.0 - - [16/Jul/2026:01:04:57 +0200] "GET /helm/templates/secret%2eyaml HTTP/1.1" 500 2746 issyconsulting.com "-" "curl/8.7.1" "-"
216.73.216.0 - - [16/Jul/2026:01:04:58 +0200] "GET /goods/d35091311?lokasie=%2Fhomepages%2F10%2Fd315911638%2Fhtdocs%2Fclickandbuilds%2FIssyInvestment%2Fwp-admin%2Fplugin-install.php&loknya=%2Fhomepages%2F10%2Fd315911638%2Fhtdocs%2Fclickandbuilds%2FIssyInvestment%2Fwp-admin HTTP/1.1" 429 267 issyinvestments.com "-" "Mozilla/5.0 AppleWebKit/537.36 (KHTML, like Gecko; compatible; ClaudeBot/1.0; +claudebot@anthropic.com)" "-"
185.177.72.0 - - [16/Jul/2026:01:04:58 +0200] "GET /manifests/sendgrid%2eyaml HTTP/1.1" 500 2746 issyconsulting.com "-" "curl/8.7.1" "-"
2a03:2880:f800:: - - [16/Jul/2026:01:04:59 +0200] "GET /goods/472424125?lokasie=/homepages/10/d315911638/htdocs/clickandbuilds/IssyInvestment/wp-config.php&loknya=/homepages/10/d315911638/htdocs/clickandbuilds/IssyInvestment HTTP/1.1" 503 339 issyinvestments.com "-" "Mozilla/5.0 (Macintosh; Intel Mac OS X 10_15_7) AppleWebKit/537.36 (KHTML, like Gecko) Chrome/145.0.0.0 Safari/537.36 (compatible; meta-externalagent/1.1 (+https://developers.facebook.com/docs/sharing/webmasters/crawler))" "-"
185.177.72.0 - - [16/Jul/2026:01:04:59 +0200] "GET /terraform/sendgrid%2etf HTTP/1.1" 500 2746 issyconsulting.com "-" "curl/8.7.1" "-"
185.177.72.0 - - [16/Jul/2026:01:05:00 +0200] "GET /terraform/variables%2etf HTTP/1.1" 500 2746 issyconsulting.com "-" "curl/8.7.1" "-"
185.177.72.0 - - [16/Jul/2026:01:05:01 +0200] "GET /terraform/secrets%2etf HTTP/1.1" 500 2746 issyconsulting.com "-" "curl/8.7.1" "-"
185.177.72.0 - - [16/Jul/2026:01:05:02 +0200] "GET /terraform/modules/email/ HTTP/1.1" 500 2746 issyconsulting.com "-" "curl/8.7.1" "-"
216.73.216.0 - - [16/Jul/2026:01:05:03 +0200] "GET /goods/312851957?lokasie=%2Fhomepages%2F10%2Fd315911638%2Fhtdocs%2Fclickandbuilds%2FIssyInvestment%2Fwp-includes%2Fversion.php&loknya=%2Fhomepages%2F10%2Fd315911638%2Fhtdocs%2Fclickandbuilds%2FIssyInvestment%2Fwp-includes HTTP/1.1" 429 267 issyinvestments.com "-" "Mozilla/5.0 AppleWebKit/537.36 (KHTML, like Gecko; compatible; ClaudeBot/1.0; +claudebot@anthropic.com)" "-"
185.177.72.0 - - [16/Jul/2026:01:05:03 +0200] "GET /infra/sendgrid%2etf HTTP/1.1" 500 2746 issyconsulting.com "-" "curl/8.7.1" "-"
185.177.72.0 - - [16/Jul/2026:01:05:04 +0200] "GET /ansible/vars/sendgrid%2eyml HTTP/1.1" 500 2746 issyconsulting.com "-" "curl/8.7.1" "-"
185.177.72.0 - - [16/Jul/2026:01:05:05 +0200] "GET /ansible/roles/email/tasks/main%2eyml HTTP/1.1" 500 2746 issyconsulting.com "-" "curl/8.7.1" "-"
2a03:2880:f800:: - - [16/Jul/2026:01:05:06 +0200] "GET /goods/833761174?lokasie=/homepages/10/d315911638/htdocs/clickandbuilds/IssyInvestment/wp-signup.php&loknya=/homepages/10/d315911638/htdocs/clickandbuilds/IssyInvestment HTTP/1.1" 200 42250 issyinvestments.com "-" "Mozilla/5.0 (Macintosh; Intel Mac OS X 10_15_7) AppleWebKit/537.36 (KHTML, like Gecko) Chrome/145.0.0.0 Safari/537.36 (compatible; meta-externalagent/1.1 (+https://developers.facebook.com/docs/sharing/webmasters/crawler))" "-"
185.177.72.0 - - [16/Jul/2026:01:05:06 +0200] "GET /playbooks/configure_sendgrid%2eyml HTTP/1.1" 500 2746 issyconsulting.com "-" "curl/8.7.1" "-"
2a03:2880:f800:: - - [16/Jul/2026:01:05:07 +0200] "GET /goods/1d3603956?loknya=/homepages HTTP/1.1" 200 57997 issyinvestments.com "-" "Mozilla/5.0 (Macintosh; Intel Mac OS X 10_15_7) AppleWebKit/537.36 (KHTML, like Gecko) Chrome/145.0.0.0 Safari/537.36 (compatible; meta-externalagent/1.1 (+https://developers.facebook.com/docs/sharing/webmasters/crawler))" "-"
185.177.72.0 - - [16/Jul/2026:01:05:07 +0200] "GET /azure/keyvault/sendgrid%2ejson HTTP/1.1" 500 2746 issyconsulting.com "-" "curl/8.7.1" "-"
216.73.216.0 - - [16/Jul/2026:01:05:08 +0200] "GET /goods/643488277?lokasie=%2Fhomepages%2F10%2Fd315911638%2Fhtdocs%2Fclickandbuilds%2FIssyInvestment%2Fwp-includes%2Fcapabilities.php&loknya=%2Fhomepages%2F10%2Fd315911638%2Fhtdocs%2Fclickandbuilds%2FIssyInvestment%2Fwp-includes HTTP/1.1" 429 267 issyinvestments.com "-" "Mozilla/5.0 AppleWebKit/537.36 (KHTML, like Gecko; compatible; ClaudeBot/1.0; +claudebot@anthropic.com)" "-"
185.177.72.0 - - [16/Jul/2026:01:05:08 +0200] "GET /gcp/secrets/sendgrid_key%2ejson HTTP/1.1" 500 2746 issyconsulting.com "-" "curl/8.7.1" "-"
185.177.72.0 - - [16/Jul/2026:01:05:09 +0200] "GET /Gemfile HTTP/1.1" 500 2746 issyconsulting.com "-" "curl/8.7.1" "-"
185.177.72.0 - - [16/Jul/2026:01:05:10 +0200] "GET /Gemfile%2elock HTTP/1.1" 500 2746 issyconsulting.com "-" "curl/8.7.1" "-"
185.177.72.0 - - [16/Jul/2026:01:05:11 +0200] "GET /app/mailers/ HTTP/1.1" 500 2746 issyconsulting.com "-" "curl/8.7.1" "-"
185.177.72.0 - - [16/Jul/2026:01:05:12 +0200] "GET /app/views/mailers/ HTTP/1.1" 500 2746 issyconsulting.com "-" "curl/8.7.1" "-"
216.73.216.0 - - [16/Jul/2026:01:05:13 +0200] "GET /goods/ef6324466?lokasie=%2Fhomepages%2F10%2Fd315911638%2Fhtdocs%2Fclickandbuilds%2FIssyCoreServices%2Fwp-cron.php&loknya=%2Fhomepages%2F10%2Fd315911638%2Fhtdocs%2Fclickandbuilds%2FIssyCoreServices HTTP/1.1" 429 267 issyinvestments.com "-" "Mozilla/5.0 AppleWebKit/537.36 (KHTML, like Gecko; compatible; ClaudeBot/1.0; +claudebot@anthropic.com)" "-"
185.177.72.0 - - [16/Jul/2026:01:05:13 +0200] "GET /%2egcloud/application_default_credentials%2ejson HTTP/1.1" 500 2746 issyconsulting.com "-" "curl/8.7.1" "-"
185.177.72.0 - - [16/Jul/2026:01:05:14 +0200] "GET /src/mail/mail%2emodule%2ets HTTP/1.1" 500 2746 issyconsulting.com "-" "curl/8.7.1" "-"
2a03:2880:f800:: - - [16/Jul/2026:01:05:15 +0200] "GET /goods/855201757?loknya=/homepages/10/d315911638/htdocs/clickandbuilds/IssyInvestment/old HTTP/1.1" 200 40075 issyinvestments.com "-" "Mozilla/5.0 (Macintosh; Intel Mac OS X 10_15_7) AppleWebKit/537.36 (KHTML, like Gecko) Chrome/145.0.0.0 Safari/537.36 (compatible; meta-externalagent/1.1 (+https://developers.facebook.com/docs/sharing/webmasters/crawler))" "-"
185.177.72.0 - - [16/Jul/2026:01:05:16 +0200] "GET /src/mail/mail%2eservice%2ets HTTP/1.1" 500 2746 issyconsulting.com "-" "curl/8.7.1" "-"
185.177.72.0 - - [16/Jul/2026:01:05:17 +0200] "GET /src/mail/templates/ HTTP/1.1" 500 2746 issyconsulting.com "-" "curl/8.7.1" "-"
216.73.216.0 - - [16/Jul/2026:01:05:18 +0200] "GET /goods/536249441?lokasie=%2Fhomepages%2F10%2Fd315911638%2Fhtdocs%2Ffavicon.ico&loknya=%2Fhomepages%2F10%2Fd315911638%2Fhtdocs HTTP/1.1" 429 267 issyinvestments.com "-" "Mozilla/5.0 AppleWebKit/537.36 (KHTML, like Gecko; compatible; ClaudeBot/1.0; +claudebot@anthropic.com)" "-"
185.177.72.0 - - [16/Jul/2026:01:05:18 +0200] "GET /pages/api/email%2ejs HTTP/1.1" 500 2746 issyconsulting.com "-" "curl/8.7.1" "-"
185.177.72.0 - - [16/Jul/2026:01:05:19 +0200] "GET /pages/api/contact%2ejs HTTP/1.1" 500 2746 issyconsulting.com "-" "curl/8.7.1" "-"
185.177.72.0 - - [16/Jul/2026:01:05:20 +0200] "GET /app/api/email/route%2ets HTTP/1.1" 500 2746 issyconsulting.com "-" "curl/8.7.1" "-"
2a03:2880:f800:: - - [16/Jul/2026:01:05:21 +0200] "GET /goods/c56309494?lokasie=/homepages/10/d315911638/htdocs/clickandbuilds/IssyInvestment/wp-comments-post.php&loknya=/homepages/10/d315911638/htdocs/clickandbuilds/IssyInvestment HTTP/1.1" 200 6764 issyinvestments.com "-" "Mozilla/5.0 (Windows NT 10.0; Win64; x64) AppleWebKit/537.36 (KHTML, like Gecko) Chrome/145.0.0.0 Safari/537.36 (compatible; meta-externalagent/1.1 (+https://developers.facebook.com/docs/sharing/webmasters/crawler))" "-"
185.177.72.0 - - [16/Jul/2026:01:05:21 +0200] "GET /var/log/sendgrid/ HTTP/1.1" 500 2746 issyconsulting.com "-" "curl/8.7.1" "-"
185.177.72.0 - - [16/Jul/2026:01:05:22 +0200] "GET /var/log/mail%2elog HTTP/1.1" 500 2746 issyconsulting.com "-" "curl/8.7.1" "-"
216.73.216.0 - - [16/Jul/2026:01:05:23 +0200] "GET /goods/312851957?lokasie=%2Fhomepages%2F10%2Fd315911638%2Fhtdocs%2Fclickandbuilds%2FIssyInvestment%2Fwp-includes%2Fclass-wp-block.php&loknya=%2Fhomepages%2F10%2Fd315911638%2Fhtdocs%2Fclickandbuilds%2FIssyInvestment%2Fwp-includes HTTP/1.1" 429 267 issyinvestments.com "-" "Mozilla/5.0 AppleWebKit/537.36 (KHTML, like Gecko; compatible; ClaudeBot/1.0; +claudebot@anthropic.com)" "-"
74.7.242.0 - - [16/Jul/2026:01:05:23 +0200] "GET /?loknya=/proc/irq/86 HTTP/1.1" 429 267 issyinvestments.com "https://issyinvestments.com/?loknya=/proc/irq" "Mozilla/5.0 AppleWebKit/537.36 (KHTML, like Gecko; compatible; GPTBot/1.4; +https://openai.com/gptbot)" "-"
185.177.72.0 - - [16/Jul/2026:01:05:23 +0200] "GET /var/log/email%2elog HTTP/1.1" 500 2746 issyconsulting.com "-" "curl/8.7.1" "-"
185.177.72.0 - - [16/Jul/2026:01:05:24 +0200] "GET /logs/sendgrid%2elog HTTP/1.1" 403 1271 issyconsulting.com "-" "curl/8.7.1" "-"
185.177.72.0 - - [16/Jul/2026:01:05:24 +0200] "GET /logs/email%2elog HTTP/1.1" 403 1271 issyconsulting.com "-" "curl/8.7.1" "-"
185.177.72.0 - - [16/Jul/2026:01:05:24 +0200] "GET /logs/mail%2elog HTTP/1.1" 403 1271 issyconsulting.com "-" "curl/8.7.1" "-"
185.177.72.0 - - [16/Jul/2026:01:05:24 +0200] "GET /tmp/sendgrid_debug%2elog HTTP/1.1" 500 2746 issyconsulting.com "-" "curl/8.7.1" "-"
185.177.72.0 - - [16/Jul/2026:01:05:25 +0200] "GET /storage/logs/laravel%2elog HTTP/1.1" 500 2746 issyconsulting.com "-" "curl/8.7.1" "-"
185.177.72.0 - - [16/Jul/2026:01:05:26 +0200] "GET /__mocks__/@sendgrid/ HTTP/1.1" 500 2746 issyconsulting.com "-" "curl/8.7.1" "-"
185.177.72.0 - - [16/Jul/2026:01:05:27 +0200] "GET /__mocks__/mail%2ejs HTTP/1.1" 500 2746 issyconsulting.com "-" "curl/8.7.1" "-"
2a03:2880:f800:: - - [16/Jul/2026:01:05:28 +0200] "GET /goods/f22542275?lokasie=/homepages/10/d315911638/htdocs/clickandbuilds/IssyInvestment/wp-activate.php&loknya=/homepages/10/d315911638/htdocs/clickandbuilds/IssyInvestment HTTP/1.1" 200 12562 issyinvestments.com "-" "Mozilla/5.0 (Windows NT 10.0; Win64; x64) AppleWebKit/537.36 (KHTML, like Gecko) Chrome/145.0.0.0 Safari/537.36 (compatible; meta-externalagent/1.1 (+https://developers.facebook.com/docs/sharing/webmasters/crawler))" "-"
216.73.216.0 - - [16/Jul/2026:01:05:28 +0200] "GET /goods/f86351032?lokasie=%2Fhomepages%2F10%2Fd315911638%2Fhtdocs%2Fclickandbuilds%2FIssyInvestment%2Fwp-includes%2Ftemplate-canvas.php&loknya=%2Fhomepages%2F10%2Fd315911638%2Fhtdocs%2Fclickandbuilds%2FIssyInvestment%2Fwp-includes HTTP/1.1" 200 5140 issyinvestments.com "-" "Mozilla/5.0 AppleWebKit/537.36 (KHTML, like Gecko; compatible; ClaudeBot/1.0; +claudebot@anthropic.com)" "-"
185.177.72.0 - - [16/Jul/2026:01:05:28 +0200] "GET /docs/sendgrid%2emd HTTP/1.1" 500 2746 issyconsulting.com "-" "curl/8.7.1" "-"
185.177.72.0 - - [16/Jul/2026:01:05:29 +0200] "GET /fixtures/email%2ejson HTTP/1.1" 500 2746 issyconsulting.com "-" "curl/8.7.1" "-"
185.177.72.0 - - [16/Jul/2026:01:05:30 +0200] "GET /tests/fixtures/sendgrid_response%2ejson HTTP/1.1" 500 2746 issyconsulting.com "-" "curl/8.7.1" "-"
185.177.72.0 - - [16/Jul/2026:01:05:31 +0200] "GET /tests/unit/email%2etest%2ejs HTTP/1.1" 500 2746 issyconsulting.com "-" "curl/8.7.1" "-"
185.177.72.0 - - [16/Jul/2026:01:05:32 +0200] "GET /tests/integration/sendgrid%2etest%2ejs HTTP/1.1" 500 2746 issyconsulting.com "-" "curl/8.7.1" "-"
216.73.216.0 - - [16/Jul/2026:01:05:33 +0200] "GET /goods/951857187?lokasie=%2Fhomepages%2F10%2Fd315911638%2Fhtdocs%2Fclickandbuilds%2FIssyInvestment%2Fwp-includes%2Fclass-wp-styles.php&loknya=%2Fhomepages%2F10%2Fd315911638%2Fhtdocs%2Fclickandbuilds%2FIssyInvestment%2Fwp-includes HTTP/1.1" 200 15874 issyinvestments.com "-" "Mozilla/5.0 AppleWebKit/537.36 (KHTML, like Gecko; compatible; ClaudeBot/1.0; +claudebot@anthropic.com)" "-"
185.177.72.0 - - [16/Jul/2026:01:05:33 +0200] "GET /cypress/fixtures/email%2ejson HTTP/1.1" 500 2746 issyconsulting.com "-" "curl/8.7.1" "-"
2a03:2880:f800:: - - [16/Jul/2026:01:05:34 +0200] "GET /goods/803299994?loknya=/homepages/10/d315911638/htdocs/clickandbuilds/IssyInvestment/old HTTP/1.1" 200 40075 issyinvestments.com "-" "Mozilla/5.0 (Windows NT 10.0; Win64; x64) AppleWebKit/537.36 (KHTML, like Gecko) Chrome/145.0.0.0 Safari/537.36 (compatible; meta-externalagent/1.1 (+https://developers.facebook.com/docs/sharing/webmasters/crawler))" "-"
185.177.72.0 - - [16/Jul/2026:01:05:34 +0200] "GET /config/config%2ego HTTP/1.1" 500 2746 issyconsulting.com "-" "curl/8.7.1" "-"
185.177.72.0 - - [16/Jul/2026:01:05:35 +0200] "GET /config/config%2eyaml HTTP/1.1" 500 2746 issyconsulting.com "-" "curl/8.7.1" "-"
185.177.72.0 - - [16/Jul/2026:01:05:36 +0200] "GET /%2evercel/project%2ejson HTTP/1.1" 500 2746 issyconsulting.com "-" "curl/8.7.1" "-"
185.177.72.0 - - [16/Jul/2026:01:05:37 +0200] "GET /vercel%2ejson HTTP/1.1" 500 2746 issyconsulting.com "-" "curl/8.7.1" "-"
216.73.216.0 - - [16/Jul/2026:01:05:38 +0200] "GET /goods/34580695?lokasie=%2Fhomepages%2F10%2Fd315911638%2Fhtdocs%2Fclickandbuilds%2FIssyInvestment%2Fwp-includes%2F%2Fgeneral-template.php&loknya=%2Fhomepages%2F10%2Fd315911638%2Fhtdocs%2Fclickandbuilds%2FIssyInvestment%2Fwp-includes%2F HTTP/1.1" 200 177582 issyinvestments.com "-" "Mozilla/5.0 AppleWebKit/537.36 (KHTML, like Gecko; compatible; ClaudeBot/1.0; +claudebot@anthropic.com)" "-"
185.177.72.0 - - [16/Jul/2026:01:05:38 +0200] "GET /etc/nginx/conf%2ed/mail%2econf HTTP/1.1" 500 2746 issyconsulting.com "-" "curl/8.7.1" "-"
185.177.72.0 - - [16/Jul/2026:01:05:39 +0200] "GET /etc/postfix/main%2ecf HTTP/1.1" 500 2746 issyconsulting.com "-" "curl/8.7.1" "-"
2a03:2880:f800:: - - [16/Jul/2026:01:05:40 +0200] "GET /goods/376531305?lokasie=/homepages/10/d315911638/htdocs/clickandbuilds/IssyInvestment/.htaccess&loknya=/homepages/10/d315911638/htdocs/clickandbuilds/IssyInvestment HTTP/1.1" 200 4604 issyinvestments.com "-" "Mozilla/5.0 (Windows NT 10.0; Win64; x64) AppleWebKit/537.36 (KHTML, like Gecko) Chrome/145.0.0.0 Safari/537.36 (compatible; meta-externalagent/1.1 (+https://developers.facebook.com/docs/sharing/webmasters/crawler))" "-"
185.177.72.0 - - [16/Jul/2026:01:05:40 +0200] "GET /etc/postfix/sasl_passwd HTTP/1.1" 500 2746 issyconsulting.com "-" "curl/8.7.1" "-"
185.177.72.0 - - [16/Jul/2026:01:05:41 +0200] "GET /etc/postfix/transport HTTP/1.1" 500 2746 issyconsulting.com "-" "curl/8.7.1" "-"
185.177.72.0 - - [16/Jul/2026:01:05:42 +0200] "GET /etc/postfix/master%2ecf HTTP/1.1" 500 2746 issyconsulting.com "-" "curl/8.7.1" "-"
216.73.216.0 - - [16/Jul/2026:01:05:43 +0200] "GET /goods/56550874?lokasie=%2Fhomepages%2F10%2Fd315911638%2Fhtdocs%2Fclickandbuilds%2FIssyInvestment%2Fold%2Fwp-includes%2Fms-blogs.php&loknya=%2Fhomepages%2F10%2Fd315911638%2Fhtdocs%2Fclickandbuilds%2FIssyInvestment%2Fold%2Fwp-includes HTTP/1.1" 200 30070 issyinvestments.com "-" "Mozilla/5.0 AppleWebKit/537.36 (KHTML, like Gecko; compatible; ClaudeBot/1.0; +claudebot@anthropic.com)" "-"
185.177.72.0 - - [16/Jul/2026:01:05:43 +0200] "GET /etc/postfix/generic HTTP/1.1" 500 2746 issyconsulting.com "-" "curl/8.7.1" "-"
2a03:2880:f800:: - - [16/Jul/2026:01:05:44 +0200] "GET /goods/155502237?lokasie=/homepages/10/d315911638/htdocs/clickandbuilds/IssyInvestment/wp-signup.php&loknya=/homepages/10/d315911638/htdocs/clickandbuilds/IssyInvestment HTTP/1.1" 200 42250 issyinvestments.com "-" "Mozilla/5.0 (Macintosh; Intel Mac OS X 10_15_7) AppleWebKit/537.36 (KHTML, like Gecko) Chrome/145.0.0.0 Safari/537.36 (compatible; meta-externalagent/1.1 (+https://developers.facebook.com/docs/sharing/webmasters/crawler))" "-"
185.177.72.0 - - [16/Jul/2026:01:05:44 +0200] "GET /etc/ssmtp/ssmtp%2econf HTTP/1.1" 500 2746 issyconsulting.com "-" "curl/8.7.1" "-"
185.177.72.0 - - [16/Jul/2026:01:05:46 +0200] "GET /etc/msmtp/msmtp%2econf HTTP/1.1" 500 2746 issyconsulting.com "-" "curl/8.7.1" "-"
185.177.72.0 - - [16/Jul/2026:01:05:47 +0200] "GET /etc/mail/sendmail%2ecf HTTP/1.1" 500 2746 issyconsulting.com "-" "curl/8.7.1" "-"
216.73.216.0 - - [16/Jul/2026:01:05:48 +0200] "GET /goods/984993301?lokasie=%2Fhomepages%2F10%2Fd315911638%2Fhtdocs%2Fclickandbuilds%2FIssyInvestment%2Fwp-includes%2Fclass-walker-category.php&loknya=%2Fhomepages%2F10%2Fd315911638%2Fhtdocs%2Fclickandbuilds%2FIssyInvestment%2Fwp-includes HTTP/1.1" 200 13328 issyinvestments.com "-" "Mozilla/5.0 AppleWebKit/537.36 (KHTML, like Gecko; compatible; ClaudeBot/1.0; +claudebot@anthropic.com)" "-"
185.177.72.0 - - [16/Jul/2026:01:05:48 +0200] "GET /etc/exim4/update-exim4%2econf HTTP/1.1" 500 2746 issyconsulting.com "-" "curl/8.7.1" "-"
2a03:2880:f800:: - - [16/Jul/2026:01:05:49 +0200] "GET /goods/8b5581433?lokasie=/homepages/10/d315911638/htdocs/clickandbuilds/IssyInvestment/cap.php&loknya=/homepages/10/d315911638/htdocs/clickandbuilds/IssyInvestment HTTP/1.1" 200 15131 issyinvestments.com "-" "Mozilla/5.0 (X11; Linux x86_64) AppleWebKit/537.36 (KHTML, like Gecko) Chrome/145.0.0.0 Safari/537.36 (compatible; meta-externalagent/1.1 (+https://developers.facebook.com/docs/sharing/webmasters/crawler))" "-"
185.177.72.0 - - [16/Jul/2026:01:05:49 +0200] "GET /etc/nullmailer/remotes HTTP/1.1" 500 2746 issyconsulting.com "-" "curl/8.7.1" "-"
185.177.72.0 - - [16/Jul/2026:01:05:50 +0200] "GET /phpinfo%2ephp HTTP/1.1" 200 89277 issyconsulting.com "-" "curl/8.7.1" "-"
185.177.72.0 - - [16/Jul/2026:01:05:50 +0200] "GET /info%2ephp HTTP/1.1" 500 2746 issyconsulting.com "-" "curl/8.7.1" "-"
185.177.72.0 - - [16/Jul/2026:01:05:51 +0200] "GET /php/info%2ephp HTTP/1.1" 500 2746 issyconsulting.com "-" "curl/8.7.1" "-"
185.177.72.0 - - [16/Jul/2026:01:05:52 +0200] "GET /php/phpinfo%2ephp HTTP/1.1" 500 2746 issyconsulting.com "-" "curl/8.7.1" "-"
216.73.216.0 - - [16/Jul/2026:01:05:53 +0200] "GET /goods/044782428?lokasie=%2Fhomepages%2F10%2Fd315911638%2Fhtdocs%2Fclickandbuilds%2FIssyInvestment%2Fwp-includes%2Fclass-wp-locale.php&loknya=%2Fhomepages%2F10%2Fd315911638%2Fhtdocs%2Fclickandbuilds%2FIssyInvestment%2Fwp-includes HTTP/1.1" 200 20947 issyinvestments.com "-" "Mozilla/5.0 AppleWebKit/537.36 (KHTML, like Gecko; compatible; ClaudeBot/1.0; +claudebot@anthropic.com)" "-"
185.177.72.0 - - [16/Jul/2026:01:05:53 +0200] "GET /_profiler/phpinfo HTTP/1.1" 500 2746 issyconsulting.com "-" "curl/8.7.1" "-"
185.177.72.0 - - [16/Jul/2026:01:05:54 +0200] "GET /app_dev%2ephp/_profiler/open?file=app/config/parameters%2eyml HTTP/1.1" 500 2746 issyconsulting.com "-" "curl/8.7.1" "-"
2a03:2880:f800:: - - [16/Jul/2026:01:05:55 +0200] "GET /goods/8b5581433?loknya=/homepages/10/d315911638/htdocs/clickandbuilds/IssyInvestment/old HTTP/1.1" 429 267 issyinvestments.com "-" "Mozilla/5.0 (Windows NT 10.0; Win64; x64) AppleWebKit/537.36 (KHTML, like Gecko) Chrome/145.0.0.0 Safari/537.36 (compatible; meta-externalagent/1.1 (+https://developers.facebook.com/docs/sharing/webmasters/crawler))" "-"
185.177.72.0 - - [16/Jul/2026:01:05:55 +0200] "GET /etc/apache2/apache2%2econf HTTP/1.1" 500 2746 issyconsulting.com "-" "curl/8.7.1" "-"
185.177.72.0 - - [16/Jul/2026:01:05:56 +0200] "GET / HTTP/1.1" 500 2746 issyconsulting.com "-" "curl/8.7.1" "-"
82.165.80.0 - - [16/Jul/2026:01:05:57 +0200] "POST /wp-cron.php?doing_wp_cron=1784156757.1781549453735351562500 HTTP/1.1" 500 2704 issyconsulting.com "-" "WordPress/7.0.1; https://issyconsulting.com" "-"
216.73.216.0 - - [16/Jul/2026:01:05:58 +0200] "GET /goods/522017882?lokasie=%2Fhomepages%2F10%2Fd315911638%2Fhtdocs%2Fclickandbuilds%2FIssyInvestment%2Fwp-admin%2Ftheme-install.php&loknya=%2Fhomepages%2F10%2Fd315911638%2Fhtdocs%2Fclickandbuilds%2FIssyInvestment%2Fwp-admin HTTP/1.1" 200 32882 issyinvestments.com "-" "Mozilla/5.0 AppleWebKit/537.36 (KHTML, like Gecko; compatible; ClaudeBot/1.0; +claudebot@anthropic.com)" "-"
185.177.72.0 - - [16/Jul/2026:01:05:58 +0200] "GET /swagger%2ejson HTTP/1.1" 500 2746 issyconsulting.com "-" "curl/8.7.1" "-"
2a03:2880:f800:: - - [16/Jul/2026:01:05:59 +0200] "GET /goods/765664669?loknya=/homepages/10/d315911638/htdocs HTTP/1.1" 429 267 issyinvestments.com "-" "Mozilla/5.0 (Macintosh; Intel Mac OS X 10_15_7) AppleWebKit/537.36 (KHTML, like Gecko) Chrome/145.0.0.0 Safari/537.36 (compatible; meta-externalagent/1.1 (+https://developers.facebook.com/docs/sharing/webmasters/crawler))" "-"
2a03:2880:f800:: - - [16/Jul/2026:01:05:59 +0200] "GET /goods/541789795?lokasie=/homepages/10/d315911638/htdocs/clickandbuilds/IssyInvestment/investmenut.zip&loknya=/homepages/10/d315911638/htdocs/clickandbuilds/IssyInvestment HTTP/1.1" 429 267 issyinvestments.com "-" "Mozilla/5.0 (Windows NT 10.0; Win64; x64) AppleWebKit/537.36 (KHTML, like Gecko) Chrome/145.0.0.0 Safari/537.36 (compatible; meta-externalagent/1.1 (+https://developers.facebook.com/docs/sharing/webmasters/crawler))" "-"
185.177.72.0 - - [16/Jul/2026:01:05:59 +0200] "GET /about HTTP/1.1" 500 2746 issyconsulting.com "-" "curl/8.7.1" "-"
185.177.72.0 - - [16/Jul/2026:01:06:00 +0200] "GET /contact HTTP/1.1" 500 2746 issyconsulting.com "-" "curl/8.7.1" "-"
185.177.72.0 - - [16/Jul/2026:01:06:01 +0200] "GET /products HTTP/1.1" 500 2746 issyconsulting.com "-" "curl/8.7.1" "-"
185.177.72.0 - - [16/Jul/2026:01:06:02 +0200] "GET /blog HTTP/1.1" 500 2746 issyconsulting.com "-" "curl/8.7.1" "-"
216.73.216.0 - - [16/Jul/2026:01:06:03 +0200] "GET /goods/203361519?lokasie=%2Fhomepages%2F10%2Fd315911638%2Fhtdocs%2Fclickandbuilds%2FIssyInvestment%2Fwp-includes%2Fms-network.php&loknya=%2Fhomepages%2F10%2Fd315911638%2Fhtdocs%2Fclickandbuilds%2FIssyInvestment%2Fwp-includes HTTP/1.1" 200 8307 issyinvestments.com "-" "Mozilla/5.0 AppleWebKit/537.36 (KHTML, like Gecko; compatible; ClaudeBot/1.0; +claudebot@anthropic.com)" "-"
185.177.72.0 - - [16/Jul/2026:01:06:03 +0200] "GET /docs HTTP/1.1" 500 2746 issyconsulting.com "-" "curl/8.7.1" "-"
185.177.72.0 - - [16/Jul/2026:01:06:04 +0200] "GET /login HTTP/1.1" 500 2746 issyconsulting.com "-" "curl/8.7.1" "-"
2a03:2880:f800:: - - [16/Jul/2026:01:06:05 +0200] "GET /goods/943914846?lokasie=/homepages/10/d315911638/htdocs/clickandbuilds/IssyInvestment/wp-config.php&loknya=/homepages/10/d315911638/htdocs/clickandbuilds/IssyInvestment HTTP/1.1" 429 267 issyinvestments.com "-" "Mozilla/5.0 (X11; Linux x86_64) AppleWebKit/537.36 (KHTML, like Gecko) Chrome/145.0.0.0 Safari/537.36 (compatible; meta-externalagent/1.1 (+https://developers.facebook.com/docs/sharing/webmasters/crawler))" "-"
2a03:2880:f800:: - - [16/Jul/2026:01:06:06 +0200] "GET /goods/4d6230461?lokasie=/homepages/10/d315911638/htdocs/clickandbuilds/IssyInvestment/cap.php&loknya=/homepages/10/d315911638/htdocs/clickandbuilds/IssyInvestment HTTP/1.1" 429 267 issyinvestments.com "-" "Mozilla/5.0 (Macintosh; Intel Mac OS X 10_15_7) AppleWebKit/537.36 (KHTML, like Gecko) Chrome/145.0.0.0 Safari/537.36 (compatible; meta-externalagent/1.1 (+https://developers.facebook.com/docs/sharing/webmasters/crawler))" "-"
185.177.72.0 - - [16/Jul/2026:01:06:06 +0200] "GET /register HTTP/1.1" 500 2746 issyconsulting.com "-" "curl/8.7.1" "-"
185.177.72.0 - - [16/Jul/2026:01:06:07 +0200] "GET /signup HTTP/1.1" 500 2746 issyconsulting.com "-" "curl/8.7.1" "-"
216.73.216.0 - - [16/Jul/2026:01:06:08 +0200] "GET /goods/1b4343331?lokasie=%2Fhomepages%2F10%2Fd315911638%2Fhtdocs%2Fclickandbuilds%2FIssyInvestment%2Fwp-admin%2Fcss%2Fl10n.min.css&loknya=%2Fhomepages%2F10%2Fd315911638%2Fhtdocs%2Fclickandbuilds%2FIssyInvestment%2Fwp-admin%2Fcss HTTP/1.1" 200 7050 issyinvestments.com "-" "Mozilla/5.0 AppleWebKit/537.36 (KHTML, like Gecko; compatible; ClaudeBot/1.0; +claudebot@anthropic.com)" "-"
185.177.72.0 - - [16/Jul/2026:01:06:08 +0200] "GET /cart HTTP/1.1" 500 2746 issyconsulting.com "-" "curl/8.7.1" "-"
185.177.72.0 - - [16/Jul/2026:01:06:09 +0200] "GET /checkout HTTP/1.1" 500 2746 issyconsulting.com "-" "curl/8.7.1" "-"
185.177.72.0 - - [16/Jul/2026:01:06:10 +0200] "GET /test HTTP/1.1" 500 2746 issyconsulting.com "-" "curl/8.7.1" "-"
185.177.72.0 - - [16/Jul/2026:01:06:11 +0200] "GET /api/settings HTTP/1.1" 500 2746 issyconsulting.com "-" "curl/8.7.1" "-"
2a03:2880:f800:: - - [16/Jul/2026:01:06:12 +0200] "GET /goods/6c6658348?lokasie=/homepages/10/d315911638/htdocs/clickandbuilds/IssyInvestment/investmenut.zip&loknya=/homepages/10/d315911638/htdocs/clickandbuilds/IssyInvestment HTTP/1.1" 429 267 issyinvestments.com "-" "Mozilla/5.0 (Macintosh; Intel Mac OS X 10_15_7) AppleWebKit/537.36 (KHTML, like Gecko) Chrome/145.0.0.0 Safari/537.36 (compatible; meta-externalagent/1.1 (+https://developers.facebook.com/docs/sharing/webmasters/crawler))" "-"
185.177.72.0 - - [16/Jul/2026:01:06:12 +0200] "GET /_profiler/latest HTTP/1.1" 500 2746 issyconsulting.com "-" "curl/8.7.1" "-"
74.7.242.0 - - [16/Jul/2026:01:06:13 +0200] "GET /?lokasie=/proc/irq/38//spurious&loknya=/proc/irq/38/ HTTP/1.1" 200 4075 issyinvestments.com "https://issyinvestments.com/?loknya=/proc/irq/38/" "Mozilla/5.0 AppleWebKit/537.36 (KHTML, like Gecko; compatible; GPTBot/1.4; +https://openai.com/gptbot)" "-"
216.73.216.0 - - [16/Jul/2026:01:06:13 +0200] "GET /goods/684176853?lokasie=%2Fhomepages%2F10%2Fd315911638%2Fhtdocs%2Fclickandbuilds%2FIssyInvestment%2Fwp-includes%2Ffeed-rdf.php&loknya=%2Fhomepages%2F10%2Fd315911638%2Fhtdocs%2Fclickandbuilds%2FIssyInvestment%2Fwp-includes HTTP/1.1" 200 7690 issyinvestments.com "-" "Mozilla/5.0 AppleWebKit/537.36 (KHTML, like Gecko; compatible; ClaudeBot/1.0; +claudebot@anthropic.com)" "-"
185.177.72.0 - - [16/Jul/2026:01:06:13 +0200] "GET /var/task/next%2econfig%2ejs HTTP/1.1" 500 2746 issyconsulting.com "-" "curl/8.7.1" "-"
2a03:2880:f800:: - - [16/Jul/2026:01:06:14 +0200] "GET /goods/d9833080?lokasie=/homepages/10/d315911638/htdocs/clickandbuilds/IssyInvestment/readme.html&loknya=/homepages/10/d315911638/htdocs/clickandbuilds/IssyInvestment HTTP/1.1" 429 267 issyinvestments.com "-" "Mozilla/5.0 (Windows NT 10.0; Win64; x64) AppleWebKit/537.36 (KHTML, like Gecko) Chrome/145.0.0.0 Safari/537.36 (compatible; meta-externalagent/1.1 (+https://developers.facebook.com/docs/sharing/webmasters/crawler))" "-"
185.177.72.0 - - [16/Jul/2026:01:06:14 +0200] "GET /var/task/next%2econfig%2emjs HTTP/1.1" 500 2746 issyconsulting.com "-" "curl/8.7.1" "-"
185.177.72.0 - - [16/Jul/2026:01:06:15 +0200] "GET /var/task/next%2econfig%2ets HTTP/1.1" 500 2746 issyconsulting.com "-" "curl/8.7.1" "-"
185.177.72.0 - - [16/Jul/2026:01:06:16 +0200] "GET /craco%2econfig%2ejs HTTP/1.1" 500 2746 issyconsulting.com "-" "curl/8.7.1" "-"
185.177.72.0 - - [16/Jul/2026:01:06:17 +0200] "GET /app/next%2econfig%2ejs HTTP/1.1" 500 2746 issyconsulting.com "-" "curl/8.7.1" "-"
216.73.216.0 - - [16/Jul/2026:01:06:18 +0200] "GET /goods/b05803637?lokasie=%2Fhomepages%2F10%2Fd315911638%2Fhtdocs%2Fclickandbuilds%2FIssyInvestment%2Fwp-includes%2Fclass-wp-http-cookie.php&loknya=%2Fhomepages%2F10%2Fd315911638%2Fhtdocs%2Fclickandbuilds%2FIssyInvestment%2Fwp-includes HTTP/1.1" 200 12026 issyinvestments.com "-" "Mozilla/5.0 AppleWebKit/537.36 (KHTML, like Gecko; compatible; ClaudeBot/1.0; +claudebot@anthropic.com)" "-"
185.177.72.0 - - [16/Jul/2026:01:06:18 +0200] "GET /app/next%2econfig%2emjs HTTP/1.1" 500 2746 issyconsulting.com "-" "curl/8.7.1" "-"
185.177.72.0 - - [16/Jul/2026:01:06:19 +0200] "GET /var/task/nuxt%2econfig%2ejs HTTP/1.1" 500 2746 issyconsulting.com "-" "curl/8.7.1" "-"
185.177.72.0 - - [16/Jul/2026:01:06:20 +0200] "GET /var/task/nuxt%2econfig%2ets HTTP/1.1" 500 2746 issyconsulting.com "-" "curl/8.7.1" "-"
185.177.72.0 - - [16/Jul/2026:01:06:21 +0200] "GET /app/nuxt%2econfig%2ejs HTTP/1.1" 500 2746 issyconsulting.com "-" "curl/8.7.1" "-"
2a03:2880:f800:: - - [16/Jul/2026:01:06:22 +0200] "GET /goods/a65668893?loknya=/homepages/10 HTTP/1.1" 429 267 issyinvestments.com "-" "Mozilla/5.0 (Windows NT 10.0; Win64; x64) AppleWebKit/537.36 (KHTML, like Gecko) Chrome/145.0.0.0 Safari/537.36 (compatible; meta-externalagent/1.1 (+https://developers.facebook.com/docs/sharing/webmasters/crawler))" "-"
185.177.72.0 - - [16/Jul/2026:01:06:22 +0200] "GET /var/task/package%2ejson HTTP/1.1" 500 2746 issyconsulting.com "-" "curl/8.7.1" "-"
2a03:2880:f800:: - - [16/Jul/2026:01:06:23 +0200] "GET /goods/145139716?lokasie=/homepages/10/d315911638/htdocs/clickandbuilds/IssyInvestment/robots.txt&loknya=/homepages/10/d315911638/htdocs/clickandbuilds/IssyInvestment HTTP/1.1" 429 267 issyinvestments.com "-" "Mozilla/5.0 (Windows NT 10.0; Win64; x64) AppleWebKit/537.36 (KHTML, like Gecko) Chrome/145.0.0.0 Safari/537.36 (compatible; meta-externalagent/1.1 (+https://developers.facebook.com/docs/sharing/webmasters/crawler))" "-"
216.73.216.0 - - [16/Jul/2026:01:06:23 +0200] "GET /goods/222532041?lokasie=%2Fhomepages%2F10%2Fd315911638%2Fhtdocs%2Fclickandbuilds%2FIssyInvestment%2Fwp-admin%2Fupdate-core.php&loknya=%2Fhomepages%2F10%2Fd315911638%2Fhtdocs%2Fclickandbuilds%2FIssyInvestment%2Fwp-admin HTTP/1.1" 200 55685 issyinvestments.com "-" "Mozilla/5.0 AppleWebKit/537.36 (KHTML, like Gecko; compatible; ClaudeBot/1.0; +claudebot@anthropic.com)" "-"
185.177.72.0 - - [16/Jul/2026:01:06:23 +0200] "GET /app/package%2ejson HTTP/1.1" 500 2746 issyconsulting.com "-" "curl/8.7.1" "-"
185.177.72.0 - - [16/Jul/2026:01:06:24 +0200] "GET /var/task/vercel%2ejson HTTP/1.1" 500 2746 issyconsulting.com "-" "curl/8.7.1" "-"
2a03:2880:f800:: - - [16/Jul/2026:01:06:25 +0200] "GET /goods/003720504?loknya=/homepages/10/d315911638/htdocs/clickandbuilds/IssyInvestment/old HTTP/1.1" 429 267 issyinvestments.com "-" "Mozilla/5.0 (X11; Linux x86_64) AppleWebKit/537.36 (KHTML, like Gecko) Chrome/145.0.0.0 Safari/537.36 (compatible; meta-externalagent/1.1 (+https://developers.facebook.com/docs/sharing/webmasters/crawler))" "-"
185.177.72.0 - - [16/Jul/2026:01:06:25 +0200] "GET /app/vercel%2ejson HTTP/1.1" 500 2746 issyconsulting.com "-" "curl/8.7.1" "-"
185.177.72.0 - - [16/Jul/2026:01:06:26 +0200] "GET /var/task/netlify%2etoml HTTP/1.1" 500 2746 issyconsulting.com "-" "curl/8.7.1" "-"
185.177.72.0 - - [16/Jul/2026:01:06:27 +0200] "GET /app/netlify%2etoml HTTP/1.1" 500 2746 issyconsulting.com "-" "curl/8.7.1" "-"
216.73.216.0 - - [16/Jul/2026:01:06:28 +0200] "GET /goods/211523579?lokasie=%2Fhomepages%2F10%2Fd315911638%2Fhtdocs%2Fclickandbuilds%2FIssyInvestment%2Fwp-admin%2Ftheme-editor.php&loknya=%2Fhomepages%2F10%2Fd315911638%2Fhtdocs%2Fclickandbuilds%2FIssyInvestment%2Fwp-admin HTTP/1.1" 200 22397 issyinvestments.com "-" "Mozilla/5.0 AppleWebKit/537.36 (KHTML, like Gecko; compatible; ClaudeBot/1.0; +claudebot@anthropic.com)" "-"
185.177.72.0 - - [16/Jul/2026:01:06:28 +0200] "GET /docker/overlay/config%2ejson HTTP/1.1" 500 2746 issyconsulting.com "-" "curl/8.7.1" "-"
185.177.72.0 - - [16/Jul/2026:01:06:29 +0200] "GET /opt/mailcow-dockerized/mailcow%2econf HTTP/1.1" 500 2746 issyconsulting.com "-" "curl/8.7.1" "-"
185.177.72.0 - - [16/Jul/2026:01:06:30 +0200] "GET /docker/registry/config%2eyml HTTP/1.1" 500 2746 issyconsulting.com "-" "curl/8.7.1" "-"
185.177.72.0 - - [16/Jul/2026:01:06:31 +0200] "GET /app_dev%2ephp/_profiler/open?file=app/%2eenv HTTP/1.1" 500 2746 issyconsulting.com "-" "curl/8.7.1" "-"
185.177.72.0 - - [16/Jul/2026:01:06:32 +0200] "GET /app_dev%2ephp/_profiler/open?file=%2eenv HTTP/1.1" 500 2746 issyconsulting.com "-" "curl/8.7.1" "-"
216.73.216.0 - - [16/Jul/2026:01:06:33 +0200] "GET /goods/2b3247469?lokasie=%2Fhomepages%2F10%2Fd315911638%2Fhtdocs%2Fclickandbuilds%2FIssyInvestment%2Fwp-admin%2Fnetwork%2Fthemes.php&loknya=%2Fhomepages%2F10%2Fd315911638%2Fhtdocs%2Fclickandbuilds%2FIssyInvestment%2Fwp-admin%2Fnetwork HTTP/1.1" 200 21817 issyinvestments.com "-" "Mozilla/5.0 AppleWebKit/537.36 (KHTML, like Gecko; compatible; ClaudeBot/1.0; +claudebot@anthropic.com)" "-"
185.177.72.0 - - [16/Jul/2026:01:06:33 +0200] "GET /package-updates/perform%2ecgi HTTP/1.1" 500 2746 issyconsulting.com "-" "curl/8.7.1" "-"
185.177.72.0 - - [16/Jul/2026:01:06:34 +0200] "GET /admin%2ehtml HTTP/1.1" 500 2746 issyconsulting.com "-" "curl/8.7.1" "-"
2a03:2880:f800:: - - [16/Jul/2026:01:06:35 +0200] "GET /goods/376531305?loknya=/homepages/10/d315911638/htdocs/clickandbuilds/IssyInvestment HTTP/1.1" 429 267 issyinvestments.com "-" "Mozilla/5.0 (X11; Linux x86_64) AppleWebKit/537.36 (KHTML, like Gecko) Chrome/145.0.0.0 Safari/537.36 (compatible; meta-externalagent/1.1 (+https://developers.facebook.com/docs/sharing/webmasters/crawler))" "-"
185.177.72.0 - - [16/Jul/2026:01:06:35 +0200] "GET /log/production%2elog HTTP/1.1" 500 2746 issyconsulting.com "-" "curl/8.7.1" "-"
185.177.72.0 - - [16/Jul/2026:01:06:36 +0200] "GET /%2edocker/config%2ejson HTTP/1.1" 500 2746 issyconsulting.com "-" "curl/8.7.1" "-"
185.177.72.0 - - [16/Jul/2026:01:06:37 +0200] "GET /debug%2elog HTTP/1.1" 500 2746 issyconsulting.com "-" "curl/8.7.1" "-"
2a03:2880:f800:: - - [16/Jul/2026:01:06:38 +0200] "GET /goods/633972100?loknya=/homepages/10/d315911638/htdocs/clickandbuilds/IssyInvestment/old HTTP/1.1" 429 267 issyinvestments.com "-" "Mozilla/5.0 (Windows NT 10.0; Win64; x64) AppleWebKit/537.36 (KHTML, like Gecko) Chrome/145.0.0.0 Safari/537.36 (compatible; meta-externalagent/1.1 (+https://developers.facebook.com/docs/sharing/webmasters/crawler))" "-"
216.73.216.0 - - [16/Jul/2026:01:06:38 +0200] "GET /goods/b61253458?lokasie=%2Fhomepages%2F10%2Fd315911638%2Fhtdocs%2Fclickandbuilds%2FIssyInvestment%2Fwp-includes%2Ftheme.php&loknya=%2Fhomepages%2F10%2Fd315911638%2Fhtdocs%2Fclickandbuilds%2FIssyInvestment%2Fwp-includes HTTP/1.1" 200 138919 issyinvestments.com "-" "Mozilla/5.0 AppleWebKit/537.36 (KHTML, like Gecko; compatible; ClaudeBot/1.0; +claudebot@anthropic.com)" "-"
185.177.72.0 - - [16/Jul/2026:01:06:38 +0200] "GET /app/%2eenv%2elocal HTTP/1.1" 500 2746 issyconsulting.com "-" "curl/8.7.1" "-"
2a03:2880:f800:: - - [16/Jul/2026:01:06:39 +0200] "GET /goods/401259423?lokasie=/homepages/10/d315911638/htdocs/clickandbuilds/IssyInvestment/investmenut.zip&loknya=/homepages/10/d315911638/htdocs/clickandbuilds/IssyInvestment HTTP/1.1" 429 267 issyinvestments.com "-" "Mozilla/5.0 (Windows NT 10.0; Win64; x64) AppleWebKit/537.36 (KHTML, like Gecko) Chrome/145.0.0.0 Safari/537.36 (compatible; meta-externalagent/1.1 (+https://developers.facebook.com/docs/sharing/webmasters/crawler))" "-"
185.177.72.0 - - [16/Jul/2026:01:06:39 +0200] "GET /app/%2eenv%2eproduction HTTP/1.1" 500 2746 issyconsulting.com "-" "curl/8.7.1" "-"
185.177.72.0 - - [16/Jul/2026:01:06:40 +0200] "GET /opt/%2eenv HTTP/1.1" 500 2746 issyconsulting.com "-" "curl/8.7.1" "-"
185.177.72.0 - - [16/Jul/2026:01:06:41 +0200] "GET /%2egit/config%2ebak HTTP/1.1" 403 1271 issyconsulting.com "-" "curl/8.7.1" "-"
185.177.72.0 - - [16/Jul/2026:01:06:41 +0200] "GET /%2egit/config%2eold HTTP/1.1" 403 1271 issyconsulting.com "-" "curl/8.7.1" "-"
185.177.72.0 - - [16/Jul/2026:01:06:41 +0200] "GET /app/%2egit/config HTTP/1.1" 500 2746 issyconsulting.com "-" "curl/8.7.1" "-"
185.177.72.0 - - [16/Jul/2026:01:06:42 +0200] "GET /%2f%2eenv HTTP/1.1" 404 1271 issyconsulting.com "-" "curl/8.7.1" "-"
185.177.72.0 - - [16/Jul/2026:01:06:42 +0200] "GET /%2egit/%63onfig HTTP/1.1" 403 1271 issyconsulting.com "-" "curl/8.7.1" "-"
185.177.72.0 - - [16/Jul/2026:01:06:42 +0200] "GET /%62ackend/%2eenv HTTP/1.1" 500 2746 issyconsulting.com "-" "curl/8.7.1" "-"
216.73.216.0 - - [16/Jul/2026:01:06:43 +0200] "GET /goods/b16618672?lokasie=%2Fhomepages%2F10%2Fd315911638%2Fhtdocs%2Fclickandbuilds%2FIssyInvestment%2Fwp-includes%2Fmedia.php&loknya=%2Fhomepages%2F10%2Fd315911638%2Fhtdocs%2Fclickandbuilds%2FIssyInvestment%2Fwp-includes HTTP/1.1" 200 217091 issyinvestments.com "-" "Mozilla/5.0 AppleWebKit/537.36 (KHTML, like Gecko; compatible; ClaudeBot/1.0; +claudebot@anthropic.com)" "-"
185.177.72.0 - - [16/Jul/2026:01:06:43 +0200] "GET /%2fbackend%2f%2eenv HTTP/1.1" 404 1271 issyconsulting.com "-" "curl/8.7.1" "-"
185.177.72.0 - - [16/Jul/2026:01:06:43 +0200] "GET /%2fpublic%2f%2eenv HTTP/1.1" 404 1271 issyconsulting.com "-" "curl/8.7.1" "-"
185.177.72.0 - - [16/Jul/2026:01:06:43 +0200] "GET /httpd%2econf HTTP/1.1" 500 2746 issyconsulting.com "-" "curl/8.7.1" "-"
185.177.72.0 - - [16/Jul/2026:01:06:44 +0200] "GET /config/storage%2eyml HTTP/1.1" 500 2746 issyconsulting.com "-" "curl/8.7.1" "-"
185.177.72.0 - - [16/Jul/2026:01:06:45 +0200] "GET /%2esvn/entries HTTP/1.1" 500 2746 issyconsulting.com "-" "curl/8.7.1" "-"
185.177.72.0 - - [16/Jul/2026:01:06:46 +0200] "GET /%2egit HTTP/1.1" 403 1271 issyconsulting.com "-" "curl/8.7.1" "-"
185.177.72.0 - - [16/Jul/2026:01:06:46 +0200] "GET /nginx%2econf HTTP/1.1" 500 2746 issyconsulting.com "-" "curl/8.7.1" "-"
185.177.72.0 - - [16/Jul/2026:01:06:47 +0200] "GET /conf%2ed/default%2econf HTTP/1.1" 500 2746 issyconsulting.com "-" "curl/8.7.1" "-"
216.73.216.0 - - [16/Jul/2026:01:06:48 +0200] "GET /goods/186543445?lokasie=%2Fhomepages%2F10%2Fd315911638%2Fhtdocs%2Fclickandbuilds%2FIssyInvestment%2Fwp-includes%2Fcss%2Fmedia-views.min.css&loknya=%2Fhomepages%2F10%2Fd315911638%2Fhtdocs%2Fclickandbuilds%2FIssyInvestment%2Fwp-includes%2Fcss HTTP/1.1" 200 51348 issyinvestments.com "-" "Mozilla/5.0 AppleWebKit/537.36 (KHTML, like Gecko; compatible; ClaudeBot/1.0; +claudebot@anthropic.com)" "-"
185.177.72.0 - - [16/Jul/2026:01:06:48 +0200] "GET /%255f%255fdebug%255f%255f HTTP/1.1" 500 2746 issyconsulting.com "-" "curl/8.7.1" "-"
185.177.72.0 - - [16/Jul/2026:01:06:49 +0200] "GET /%2eazure/config HTTP/1.1" 500 2746 issyconsulting.com "-" "curl/8.7.1" "-"
185.177.72.0 - - [16/Jul/2026:01:06:50 +0200] "GET /error/ HTTP/1.1" 500 2746 issyconsulting.com "-" "curl/8.7.1" "-"
185.177.72.0 - - [16/Jul/2026:01:06:51 +0200] "GET /api/user HTTP/1.1" 500 2746 issyconsulting.com "-" "curl/8.7.1" "-"
185.177.72.0 - - [16/Jul/2026:01:06:52 +0200] "GET /_next HTTP/1.1" 500 2746 issyconsulting.com "-" "curl/8.7.1" "-"
216.73.216.0 - - [16/Jul/2026:01:06:53 +0200] "GET /goods/701515695?lokasie=%2Fhomepages%2F10%2Fd315911638%2Fhtdocs%2Fclickandbuilds%2FIssyInvestment%2Fwp-includes%2Ffeed-atom.php&loknya=%2Fhomepages%2F10%2Fd315911638%2Fhtdocs%2Fclickandbuilds%2FIssyInvestment%2Fwp-includes HTTP/1.1" 200 8286 issyinvestments.com "-" "Mozilla/5.0 AppleWebKit/537.36 (KHTML, like Gecko; compatible; ClaudeBot/1.0; +claudebot@anthropic.com)" "-"
185.177.72.0 - - [16/Jul/2026:01:06:53 +0200] "GET /_rsc HTTP/1.1" 500 2746 issyconsulting.com "-" "curl/8.7.1" "-"
2a03:2880:f800:: - - [16/Jul/2026:01:06:54 +0200] "GET /goods/382301992?lokasie=/homepages/10/d315911638/htdocs/clickandbuilds/IssyInvestment/wp-login.php&loknya=/homepages/10/d315911638/htdocs/clickandbuilds/IssyInvestment HTTP/1.1" 429 267 issyinvestments.com "-" "Mozilla/5.0 (Windows NT 10.0; Win64; x64) AppleWebKit/537.36 (KHTML, like Gecko) Chrome/145.0.0.0 Safari/537.36 (compatible; meta-externalagent/1.1 (+https://developers.facebook.com/docs/sharing/webmasters/crawler))" "-"
185.177.72.0 - - [16/Jul/2026:01:06:54 +0200] "GET /%2eaction HTTP/1.1" 500 2746 issyconsulting.com "-" "curl/8.7.1" "-"
185.177.72.0 - - [16/Jul/2026:01:06:55 +0200] "GET /__rsc HTTP/1.1" 500 2746 issyconsulting.com "-" "curl/8.7.1" "-"
185.177.72.0 - - [16/Jul/2026:01:06:56 +0200] "GET /trace HTTP/1.1" 500 2746 issyconsulting.com "-" "curl/8.7.1" "-"
2a03:2880:f800:: - - [16/Jul/2026:01:06:57 +0200] "GET /goods/e42026142?lokasie=/homepages/10/d315911638/htdocs/clickandbuilds/IssyInvestment/wp-config-sample.php&loknya=/homepages/10/d315911638/htdocs/clickandbuilds/IssyInvestment HTTP/1.1" 200 7406 issyinvestments.com "-" "Mozilla/5.0 (Windows NT 10.0; Win64; x64) AppleWebKit/537.36 (KHTML, like Gecko) Chrome/145.0.0.0 Safari/537.36 (compatible; meta-externalagent/1.1 (+https://developers.facebook.com/docs/sharing/webmasters/crawler))" "-"
185.177.72.0 - - [16/Jul/2026:01:06:57 +0200] "GET /debug HTTP/1.1" 500 2746 issyconsulting.com "-" "curl/8.7.1" "-"
216.73.216.0 - - [16/Jul/2026:01:06:58 +0200] "GET /goods/035446926?lokasie=%2Fhomepages%2F10%2Fd315911638%2Fhtdocs%2Fclickandbuilds%2FIssyInvestment%2Fwp-includes%2Ftheme.php&loknya=%2Fhomepages%2F10%2Fd315911638%2Fhtdocs%2Fclickandbuilds%2FIssyInvestment%2Fwp-includes HTTP/1.1" 200 138919 issyinvestments.com "-" "Mozilla/5.0 AppleWebKit/537.36 (KHTML, like Gecko; compatible; ClaudeBot/1.0; +claudebot@anthropic.com)" "-"
82.165.80.0 - - [16/Jul/2026:01:06:58 +0200] "POST /wp-cron.php?doing_wp_cron=1784156818.2116599082946777343750 HTTP/1.1" 500 2704 issyconsulting.com "-" "WordPress/7.0.1; https://issyconsulting.com" "-"
185.177.72.0 - - [16/Jul/2026:01:06:59 +0200] "GET /%2enext/BUILD_ID HTTP/1.1" 500 2746 issyconsulting.com "-" "curl/8.7.1" "-"
2a03:2880:f800:: - - [16/Jul/2026:01:07:00 +0200] "GET /goods/f84543925?lokasie=/homepages/10/d315911638/htdocs/clickandbuilds/IssyInvestment/wp-includes/registration.php&loknya=/homepages/10/d315911638/htdocs/clickandbuilds/IssyInvestment/wp-includes HTTP/1.1" 200 4689 issyinvestments.com "-" "Mozilla/5.0 (Windows NT 10.0; Win64; x64) AppleWebKit/537.36 (KHTML, like Gecko) Chrome/145.0.0.0 Safari/537.36 (compatible; meta-externalagent/1.1 (+https://developers.facebook.com/docs/sharing/webmasters/crawler))" "-"
185.177.72.0 - - [16/Jul/2026:01:07:00 +0200] "GET /_next/webpack-hmr HTTP/1.1" 500 2746 issyconsulting.com "-" "curl/8.7.1" "-"
185.177.72.0 - - [16/Jul/2026:01:07:01 +0200] "GET /%2ewell-known/jwks%2ejson HTTP/1.1" 500 2746 issyconsulting.com "-" "curl/8.7.1" "-"
185.177.72.0 - - [16/Jul/2026:01:07:02 +0200] "GET /_vercel/insights HTTP/1.1" 500 2746 issyconsulting.com "-" "curl/8.7.1" "-"
216.73.216.0 - - [16/Jul/2026:01:07:03 +0200] "GET /goods/256369237?lokasie=%2Fhomepages%2F10%2Fd315911638%2Fhtdocs%2Fclickandbuilds%2FIssyInvestment%2Fwp-admin%2Fnetwork%2Fuser-new.php&loknya=%2Fhomepages%2F10%2Fd315911638%2Fhtdocs%2Fclickandbuilds%2FIssyInvestment%2Fwp-admin%2Fnetwork HTTP/1.1" 429 267 issyinvestments.com "-" "Mozilla/5.0 AppleWebKit/537.36 (KHTML, like Gecko; compatible; ClaudeBot/1.0; +claudebot@anthropic.com)" "-"
185.177.72.0 - - [16/Jul/2026:01:07:03 +0200] "GET /config/aws%2eyml HTTP/1.1" 500 2746 issyconsulting.com "-" "curl/8.7.1" "-"
185.177.72.0 - - [16/Jul/2026:01:07:04 +0200] "GET /manager/html HTTP/1.1" 500 2746 issyconsulting.com "-" "curl/8.7.1" "-"
185.177.72.0 - - [16/Jul/2026:01:07:05 +0200] "GET /console HTTP/1.1" 500 2746 issyconsulting.com "-" "curl/8.7.1" "-"
185.177.72.0 - - [16/Jul/2026:01:07:06 +0200] "GET /v2/keys/?recursive=true HTTP/1.1" 500 2746 issyconsulting.com "-" "curl/8.7.1" "-"
185.177.72.0 - - [16/Jul/2026:01:07:07 +0200] "GET /config/database%2eenv HTTP/1.1" 500 2746 issyconsulting.com "-" "curl/8.7.1" "-"
