216.73.217.0 - - [16/Jul/2026:02:34:03 +0200] "GET /goods/204185942?lokasie=%2Fhomepages%2F10%2Fd315911638%2Fhtdocs%2Fclickandbuilds%2FIssyInvestment%2Fwp-includes%2Fl10n.php&loknya=%2Fhomepages%2F10%2Fd315911638%2Fhtdocs%2Fclickandbuilds%2FIssyInvestment%2Fwp-includes HTTP/1.1" 200 68121 issyinvestments.com "-" "Mozilla/5.0 AppleWebKit/537.36 (KHTML, like Gecko; compatible; ClaudeBot/1.0; +claudebot@anthropic.com)" "-"
2a03:2880:f800:: - - [16/Jul/2026:02:34:05 +0200] "GET /goods/833761174?loknya=/homepages/10/d315911638/htdocs/clickandbuilds/IssyInvestment/wp-content HTTP/1.1" 200 13506 issyinvestments.com "-" "Mozilla/5.0 (Windows NT 10.0; Win64; x64) AppleWebKit/537.36 (KHTML, like Gecko) Chrome/145.0.0.0 Safari/537.36 (compatible; meta-externalagent/1.1 (+https://developers.facebook.com/docs/sharing/webmasters/crawler))" "-"
216.73.217.0 - - [16/Jul/2026:02:34:08 +0200] "GET /goods/a8821968?lokasie=%2Fhomepages%2F10%2Fd315911638%2Fhtdocs%2Fclickandbuilds%2FIssyInvestment%2Fwp-admin%2Fadmin-footer.php&loknya=%2Fhomepages%2F10%2Fd315911638%2Fhtdocs%2Fclickandbuilds%2FIssyInvestment%2Fwp-admin HTTP/1.1" 200 7697 issyinvestments.com "-" "Mozilla/5.0 AppleWebKit/537.36 (KHTML, like Gecko; compatible; ClaudeBot/1.0; +claudebot@anthropic.com)" "-"
2a03:2880:f800:: - - [16/Jul/2026:02:34:10 +0200] "GET /goods/e06453021?lokasie=/homepages/10/d315911638/htdocs/clickandbuilds/IssyInvestment/wp-cron.php&loknya=/homepages/10/d315911638/htdocs/clickandbuilds/IssyInvestment HTTP/1.1" 200 10079 issyinvestments.com "-" "Mozilla/5.0 (Macintosh; Intel Mac OS X 10_15_7) AppleWebKit/537.36 (KHTML, like Gecko) Chrome/145.0.0.0 Safari/537.36 (compatible; meta-externalagent/1.1 (+https://developers.facebook.com/docs/sharing/webmasters/crawler))" "-"
216.73.217.0 - - [16/Jul/2026:02:34:13 +0200] "GET /goods/ef6324466?lokasie=%2Fhomepages%2F10%2Fd315911638%2Fhtdocs%2Fclickandbuilds%2FIssyCoreServices%2Freadme.html&loknya=%2Fhomepages%2F10%2Fd315911638%2Fhtdocs%2Fclickandbuilds%2FIssyCoreServices HTTP/1.1" 200 13696 issyinvestments.com "-" "Mozilla/5.0 AppleWebKit/537.36 (KHTML, like Gecko; compatible; ClaudeBot/1.0; +claudebot@anthropic.com)" "-"
2a03:2880:f800:: - - [16/Jul/2026:02:34:16 +0200] "GET /goods/14175954?lokasie=/homepages/10/d315911638/htdocs/clickandbuilds/IssyInvestment/wp-trackback.php&loknya=/homepages/10/d315911638/htdocs/clickandbuilds/IssyInvestment HTTP/1.1" 200 9523 issyinvestments.com "-" "Mozilla/5.0 (Windows NT 10.0; Win64; x64) AppleWebKit/537.36 (KHTML, like Gecko) Chrome/145.0.0.0 Safari/537.36 (compatible; meta-externalagent/1.1 (+https://developers.facebook.com/docs/sharing/webmasters/crawler))" "-"
216.73.217.0 - - [16/Jul/2026:02:34:18 +0200] "GET /goods/271899287?lokasie=%2Fhomepages%2F10%2Fd315911638%2Fhtdocs%2Fclickandbuilds%2FIssyInvestment%2Fwp-admin%2Finstall-helper.php&loknya=%2Fhomepages%2F10%2Fd315911638%2Fhtdocs%2Fclickandbuilds%2FIssyInvestment%2Fwp-admin HTTP/1.1" 200 11628 issyinvestments.com "-" "Mozilla/5.0 AppleWebKit/537.36 (KHTML, like Gecko; compatible; ClaudeBot/1.0; +claudebot@anthropic.com)" "-"
2a03:2880:f800:: - - [16/Jul/2026:02:34:20 +0200] "GET /goods/b94516183?loknya=/homepages/10/d315911638/htdocs/clickandbuilds HTTP/1.1" 200 12835 issyinvestments.com "-" "Mozilla/5.0 (Windows NT 10.0; Win64; x64) AppleWebKit/537.36 (KHTML, like Gecko) Chrome/145.0.0.0 Safari/537.36 (compatible; meta-externalagent/1.1 (+https://developers.facebook.com/docs/sharing/webmasters/crawler))" "-"
216.73.217.0 - - [16/Jul/2026:02:34:23 +0200] "GET /goods/092244853?lokasie=%2Fhomepages%2F10%2Fd315911638%2Fhtdocs%2Fclickandbuilds%2FIssyInvestment%2Fwp-admin%2Foptions-head.php&loknya=%2Fhomepages%2F10%2Fd315911638%2Fhtdocs%2Fclickandbuilds%2FIssyInvestment%2Fwp-admin HTTP/1.1" 200 4974 issyinvestments.com "-" "Mozilla/5.0 AppleWebKit/537.36 (KHTML, like Gecko; compatible; ClaudeBot/1.0; +claudebot@anthropic.com)" "-"
2a03:2880:f800:: - - [16/Jul/2026:02:34:25 +0200] "GET /goods/a53950295 HTTP/1.1" 200 46819 issyinvestments.com "-" "Mozilla/5.0 (Windows NT 10.0; Win64; x64) AppleWebKit/537.36 (KHTML, like Gecko) Chrome/145.0.0.0 Safari/537.36 (compatible; meta-externalagent/1.1 (+https://developers.facebook.com/docs/sharing/webmasters/crawler))" "-"
216.73.217.0 - - [16/Jul/2026:02:34:28 +0200] "GET /goods/8b6637913?lokasie=%2Fhomepages%2F10%2Fd315911638%2Fhtdocs%2Fclickandbuilds%2FIssyInvestment%2Fwp-includes%2Fmedia-template.php&loknya=%2Fhomepages%2F10%2Fd315911638%2Fhtdocs%2Fclickandbuilds%2FIssyInvestment%2Fwp-includes HTTP/1.1" 200 85037 issyinvestments.com "-" "Mozilla/5.0 AppleWebKit/537.36 (KHTML, like Gecko; compatible; ClaudeBot/1.0; +claudebot@anthropic.com)" "-"
2a03:2880:f800:: - - [16/Jul/2026:02:34:29 +0200] "GET /goods/9b5828097?lokasie=/homepages/10/d315911638/htdocs/clickandbuilds/IssyInvestment/wp-cron.php&loknya=/homepages/10/d315911638/htdocs/clickandbuilds/IssyInvestment HTTP/1.1" 429 267 issyinvestments.com "-" "Mozilla/5.0 (Windows NT 10.0; Win64; x64) AppleWebKit/537.36 (KHTML, like Gecko) Chrome/145.0.0.0 Safari/537.36 (compatible; meta-externalagent/1.1 (+https://developers.facebook.com/docs/sharing/webmasters/crawler))" "-"
216.73.217.0 - - [16/Jul/2026:02:34:33 +0200] "GET /goods/60827570?lokasie=%2Fkunden%2Fetc%2Fprotocols&loknya=%2Fkunden%2Fetc HTTP/1.1" 200 6934 issyinvestments.com "-" "Mozilla/5.0 AppleWebKit/537.36 (KHTML, like Gecko; compatible; ClaudeBot/1.0; +claudebot@anthropic.com)" "-"
2a03:2880:f800:: - - [16/Jul/2026:02:34:33 +0200] "GET /goods/996671391?lokasie=/homepages/10/d315911638/htdocs/clickandbuilds/IssyInvestment/xmlrpc.php&loknya=/homepages/10/d315911638/htdocs/clickandbuilds/IssyInvestment HTTP/1.1" 429 267 issyinvestments.com "-" "Mozilla/5.0 (Macintosh; Intel Mac OS X 10_15_7) AppleWebKit/537.36 (KHTML, like Gecko) Chrome/145.0.0.0 Safari/537.36 (compatible; meta-externalagent/1.1 (+https://developers.facebook.com/docs/sharing/webmasters/crawler))" "-"
2a03:2880:f800:: - - [16/Jul/2026:02:34:34 +0200] "GET /goods/666744566?lokasie=/homepages/10/d315911638/htdocs/clickandbuilds/IssyInvestment/wp-config.php&loknya=/homepages/10/d315911638/htdocs/clickandbuilds/IssyInvestment HTTP/1.1" 429 267 issyinvestments.com "-" "Mozilla/5.0 (Windows NT 10.0; Win64; x64) AppleWebKit/537.36 (KHTML, like Gecko) Chrome/145.0.0.0 Safari/537.36 (compatible; meta-externalagent/1.1 (+https://developers.facebook.com/docs/sharing/webmasters/crawler))" "-"
216.73.217.0 - - [16/Jul/2026:02:34:38 +0200] "GET /goods/4b5565631?lokasie=%2Fhomepages%2F10%2Fd315911638%2Fhtdocs%2Fclickandbuilds%2FIssyInvestment%2Fwp-includes%2F%2Ftheme.json&loknya=%2Fhomepages%2F10%2Fd315911638%2Fhtdocs%2Fclickandbuilds%2FIssyInvestment%2Fwp-includes%2F HTTP/1.1" 200 15428 issyinvestments.com "-" "Mozilla/5.0 AppleWebKit/537.36 (KHTML, like Gecko; compatible; ClaudeBot/1.0; +claudebot@anthropic.com)" "-"
2a03:2880:f800:: - - [16/Jul/2026:02:34:38 +0200] "GET /goods/261512704?lokasie=/homepages/10/d315911638/htdocs/clickandbuilds/IssyInvestment/index.php&loknya=/homepages/10/d315911638/htdocs/clickandbuilds/IssyInvestment HTTP/1.1" 429 267 issyinvestments.com "-" "Mozilla/5.0 (Windows NT 10.0; Win64; x64) AppleWebKit/537.36 (KHTML, like Gecko) Chrome/145.0.0.0 Safari/537.36 (compatible; meta-externalagent/1.1 (+https://developers.facebook.com/docs/sharing/webmasters/crawler))" "-"
2a03:2880:f800:: - - [16/Jul/2026:02:34:40 +0200] "GET /goods/941319412?lokasie=/homepages/10/d315911638/htdocs/clickandbuilds/IssyInvestment/robots.txt&loknya=/homepages/10/d315911638/htdocs/clickandbuilds/IssyInvestment HTTP/1.1" 429 267 issyinvestments.com "-" "Mozilla/5.0 (Windows NT 10.0; Win64; x64) AppleWebKit/537.36 (KHTML, like Gecko) Chrome/145.0.0.0 Safari/537.36 (compatible; meta-externalagent/1.1 (+https://developers.facebook.com/docs/sharing/webmasters/crawler))" "-"
216.73.217.0 - - [16/Jul/2026:02:34:43 +0200] "GET /goods/63224759?lokasie=%2Fhomepages%2F10%2Fd315911638%2Fhtdocs%2Fclickandbuilds%2FIssyInvestment%2Fwp-admin%2Foptions-general.php&loknya=%2Fhomepages%2F10%2Fd315911638%2Fhtdocs%2Fclickandbuilds%2FIssyInvestment%2Fwp-admin HTTP/1.1" 200 25155 issyinvestments.com "-" "Mozilla/5.0 AppleWebKit/537.36 (KHTML, like Gecko; compatible; ClaudeBot/1.0; +claudebot@anthropic.com)" "-"
2a03:2880:f800:: - - [16/Jul/2026:02:34:45 +0200] "GET /goods/f84543925?lokasie=/homepages/10/d315911638/htdocs/clickandbuilds/IssyInvestment/wp-includes/class-wp-widget-factory.php&loknya=/homepages/10/d315911638/htdocs/clickandbuilds/IssyInvestment/wp-includes HTTP/1.1" 429 267 issyinvestments.com "-" "Mozilla/5.0 (Windows NT 10.0; Win64; x64) AppleWebKit/537.36 (KHTML, like Gecko) Chrome/145.0.0.0 Safari/537.36 (compatible; meta-externalagent/1.1 (+https://developers.facebook.com/docs/sharing/webmasters/crawler))" "-"
2a03:2880:f800:: - - [16/Jul/2026:02:34:46 +0200] "GET /goods/a52767440?loknya=/homepages/10/d315911638/htdocs/clickandbuilds/IssyInvestment/.tmb HTTP/1.1" 429 267 issyinvestments.com "-" "Mozilla/5.0 (X11; Linux x86_64) AppleWebKit/537.36 (KHTML, like Gecko) Chrome/145.0.0.0 Safari/537.36 (compatible; meta-externalagent/1.1 (+https://developers.facebook.com/docs/sharing/webmasters/crawler))" "-"
216.73.217.0 - - [16/Jul/2026:02:34:48 +0200] "GET /goods/1d5870986?lokasie=%2Fhomepages%2F10%2Fd315911638%2Fhtdocs%2Fclickandbuilds%2FIssyInvestment%2Fwp-admin%2Fabout.php&loknya=%2Fhomepages%2F10%2Fd315911638%2Fhtdocs%2Fclickandbuilds%2FIssyInvestment%2Fwp-admin HTTP/1.1" 200 31601 issyinvestments.com "-" "Mozilla/5.0 AppleWebKit/537.36 (KHTML, like Gecko; compatible; ClaudeBot/1.0; +claudebot@anthropic.com)" "-"
216.73.217.0 - - [16/Jul/2026:02:34:53 +0200] "GET /goods/ef6324466?lokasie=%2Fhomepages%2F10%2Fd315911638%2Fhtdocs%2Fclickandbuilds%2FIssyCoreServices%2F.htpvtef4.appconfig.php&loknya=%2Fhomepages%2F10%2Fd315911638%2Fhtdocs%2Fclickandbuilds%2FIssyCoreServices HTTP/1.1" 200 4504 issyinvestments.com "-" "Mozilla/5.0 AppleWebKit/537.36 (KHTML, like Gecko; compatible; ClaudeBot/1.0; +claudebot@anthropic.com)" "-"
2a03:2880:f800:: - - [16/Jul/2026:02:34:54 +0200] "GET /goods/c54098227?lokasie=/homepages/10/d315911638/htdocs/clickandbuilds/IssyInvestment/wp-load.php&loknya=/homepages/10/d315911638/htdocs/clickandbuilds/IssyInvestment HTTP/1.1" 429 267 issyinvestments.com "-" "Mozilla/5.0 (Windows NT 10.0; Win64; x64) AppleWebKit/537.36 (KHTML, like Gecko) Chrome/145.0.0.0 Safari/537.36 (compatible; meta-externalagent/1.1 (+https://developers.facebook.com/docs/sharing/webmasters/crawler))" "-"
2a03:2880:f800:: - - [16/Jul/2026:02:34:56 +0200] "GET /goods/152390883?lokasie=/homepages/10/d315911638/htdocs/clickandbuilds/IssyInvestment/wp-comments-post.php&loknya=/homepages/10/d315911638/htdocs/clickandbuilds/IssyInvestment HTTP/1.1" 429 267 issyinvestments.com "-" "Mozilla/5.0 (Macintosh; Intel Mac OS X 10_15_7) AppleWebKit/537.36 (KHTML, like Gecko) Chrome/145.0.0.0 Safari/537.36 (compatible; meta-externalagent/1.1 (+https://developers.facebook.com/docs/sharing/webmasters/crawler))" "-"
216.73.217.0 - - [16/Jul/2026:02:34:58 +0200] "GET /goods/a8821968?lokasie=%2Fhomepages%2F10%2Fd315911638%2Fhtdocs%2Fclickandbuilds%2FIssyInvestment%2Fwp-admin%2Fprivacy-policy-guide.php&loknya=%2Fhomepages%2F10%2Fd315911638%2Fhtdocs%2Fclickandbuilds%2FIssyInvestment%2Fwp-admin HTTP/1.1" 200 8880 issyinvestments.com "-" "Mozilla/5.0 AppleWebKit/537.36 (KHTML, like Gecko; compatible; ClaudeBot/1.0; +claudebot@anthropic.com)" "-"
74.7.242.0 - - [16/Jul/2026:02:35:00 +0200] "GET /?lokasie=/usr/bin/mc&loknya=/usr/bin HTTP/1.1" 200 3971 issyinvestments.com "https://issyinvestments.com/?loknya=/usr/bin" "Mozilla/5.0 AppleWebKit/537.36 (KHTML, like Gecko; compatible; GPTBot/1.4; +https://openai.com/gptbot)" "-"
216.73.217.0 - - [16/Jul/2026:02:35:03 +0200] "GET /goods/271899287?lokasie=%2Fhomepages%2F10%2Fd315911638%2Fhtdocs%2Fclickandbuilds%2FIssyInvestment%2Fwp-admin%2Fpress-this.php&loknya=%2Fhomepages%2F10%2Fd315911638%2Fhtdocs%2Fclickandbuilds%2FIssyInvestment%2Fwp-admin HTTP/1.1" 200 7007 issyinvestments.com "-" "Mozilla/5.0 AppleWebKit/537.36 (KHTML, like Gecko; compatible; ClaudeBot/1.0; +claudebot@anthropic.com)" "-"
2a03:2880:f800:: - - [16/Jul/2026:02:35:05 +0200] "GET /goods/642964768?loknya=/homepages/10 HTTP/1.1" 429 267 issyinvestments.com "-" "Mozilla/5.0 (Macintosh; Intel Mac OS X 10_15_7) AppleWebKit/537.36 (KHTML, like Gecko) Chrome/145.0.0.0 Safari/537.36 (compatible; meta-externalagent/1.1 (+https://developers.facebook.com/docs/sharing/webmasters/crawler))" "-"
2a03:2880:f800:: - - [16/Jul/2026:02:35:06 +0200] "GET /goods/1d3603956?lokasie=/homepages/10/d315911638/htdocs/clickandbuilds/IssyInvestment/license.txt&loknya=/homepages/10/d315911638/htdocs/clickandbuilds/IssyInvestment HTTP/1.1" 429 267 issyinvestments.com "-" "Mozilla/5.0 (Windows NT 10.0; Win64; x64) AppleWebKit/537.36 (KHTML, like Gecko) Chrome/145.0.0.0 Safari/537.36 (compatible; meta-externalagent/1.1 (+https://developers.facebook.com/docs/sharing/webmasters/crawler))" "-"
216.73.217.0 - - [16/Jul/2026:02:35:08 +0200] "GET /goods/f03841107?lokasie=%2Fhomepages%2F10%2Fd315911638%2Fhtdocs%2Fclickandbuilds%2FIssyInvestment%2Fwp-includes%2Fpomo%2Fmo.php&loknya=%2Fhomepages%2F10%2Fd315911638%2Fhtdocs%2Fclickandbuilds%2FIssyInvestment%2Fwp-includes%2Fpomo HTTP/1.1" 200 14451 issyinvestments.com "-" "Mozilla/5.0 AppleWebKit/537.36 (KHTML, like Gecko; compatible; ClaudeBot/1.0; +claudebot@anthropic.com)" "-"
2a03:2880:f800:: - - [16/Jul/2026:02:35:09 +0200] "GET /goods/874143043?loknya=/homepages/10/d315911638/htdocs/clickandbuilds/IssyInvestment/old HTTP/1.1" 429 267 issyinvestments.com "-" "Mozilla/5.0 (Windows NT 10.0; Win64; x64) AppleWebKit/537.36 (KHTML, like Gecko) Chrome/145.0.0.0 Safari/537.36 (compatible; meta-externalagent/1.1 (+https://developers.facebook.com/docs/sharing/webmasters/crawler))" "-"
2a03:2880:f800:: - - [16/Jul/2026:02:35:10 +0200] "GET /goods/964350831?loknya=/homepages/10/d315911638/htdocs/clickandbuilds/IssyInvestment HTTP/1.1" 429 267 issyinvestments.com "-" "Mozilla/5.0 (Macintosh; Intel Mac OS X 10_15_7) AppleWebKit/537.36 (KHTML, like Gecko) Chrome/145.0.0.0 Safari/537.36 (compatible; meta-externalagent/1.1 (+https://developers.facebook.com/docs/sharing/webmasters/crawler))" "-"
216.73.217.0 - - [16/Jul/2026:02:35:13 +0200] "GET /goods/c11113296?lokasie=%2Fhomepages%2F10%2Fd315911638%2Fhtdocs%2Fclickandbuilds%2Fissyaccounting%2Fwp-config.php&loknya=%2Fhomepages%2F10%2Fd315911638%2Fhtdocs%2Fclickandbuilds%2Fissyaccounting HTTP/1.1" 429 267 issyinvestments.com "-" "Mozilla/5.0 AppleWebKit/537.36 (KHTML, like Gecko; compatible; ClaudeBot/1.0; +claudebot@anthropic.com)" "-"
216.73.217.0 - - [16/Jul/2026:02:35:18 +0200] "GET /goods/092244853?lokasie=%2Fhomepages%2F10%2Fd315911638%2Fhtdocs%2Fclickandbuilds%2FIssyInvestment%2Fwp-admin%2Foptions-writing.php&loknya=%2Fhomepages%2F10%2Fd315911638%2Fhtdocs%2Fclickandbuilds%2FIssyInvestment%2Fwp-admin HTTP/1.1" 429 267 issyinvestments.com "-" "Mozilla/5.0 AppleWebKit/537.36 (KHTML, like Gecko; compatible; ClaudeBot/1.0; +claudebot@anthropic.com)" "-"
216.73.217.0 - - [16/Jul/2026:02:35:23 +0200] "GET /goods/b85060545?lokasie=%2Fhomepages%2F10%2Fd315911638%2Fhtdocs%2Fclickandbuilds%2FIssyInvestment%2Fwp-includes%2Fmedia-template.php&loknya=%2Fhomepages%2F10%2Fd315911638%2Fhtdocs%2Fclickandbuilds%2FIssyInvestment%2Fwp-includes HTTP/1.1" 429 267 issyinvestments.com "-" "Mozilla/5.0 AppleWebKit/537.36 (KHTML, like Gecko; compatible; ClaudeBot/1.0; +claudebot@anthropic.com)" "-"
2a03:2880:f800:: - - [16/Jul/2026:02:35:23 +0200] "GET /goods/293444877 HTTP/1.1" 429 267 issyinvestments.com "-" "Mozilla/5.0 (Macintosh; Intel Mac OS X 10_15_7) AppleWebKit/537.36 (KHTML, like Gecko) Chrome/145.0.0.0 Safari/537.36 (compatible; meta-externalagent/1.1 (+https://developers.facebook.com/docs/sharing/webmasters/crawler))" "-"
2a03:2880:f800:: - - [16/Jul/2026:02:35:26 +0200] "GET /goods/752003567?lokasie=/homepages/10/d315911638/htdocs/clickandbuilds/IssyInvestment/wp-blog-header.php&loknya=/homepages/10/d315911638/htdocs/clickandbuilds/IssyInvestment HTTP/1.1" 429 267 issyinvestments.com "-" "Mozilla/5.0 (Macintosh; Intel Mac OS X 10_15_7) AppleWebKit/537.36 (KHTML, like Gecko) Chrome/145.0.0.0 Safari/537.36 (compatible; meta-externalagent/1.1 (+https://developers.facebook.com/docs/sharing/webmasters/crawler))" "-"
216.73.217.0 - - [16/Jul/2026:02:35:28 +0200] "GET /goods/222532041?lokasie=%2Fhomepages%2F10%2Fd315911638%2Fhtdocs%2Fclickandbuilds%2FIssyInvestment%2Fwp-admin%2Foptions-head.php&loknya=%2Fhomepages%2F10%2Fd315911638%2Fhtdocs%2Fclickandbuilds%2FIssyInvestment%2Fwp-admin HTTP/1.1" 429 267 issyinvestments.com "-" "Mozilla/5.0 AppleWebKit/537.36 (KHTML, like Gecko; compatible; ClaudeBot/1.0; +claudebot@anthropic.com)" "-"
2a03:2880:f800:: - - [16/Jul/2026:02:35:28 +0200] "GET /goods/b13266758?lokasie=/homepages/10/d315911638/htdocs/clickandbuilds/IssyInvestment/index.php&loknya=/homepages/10/d315911638/htdocs/clickandbuilds/IssyInvestment HTTP/1.1" 429 267 issyinvestments.com "-" "Mozilla/5.0 (Windows NT 10.0; Win64; x64) AppleWebKit/537.36 (KHTML, like Gecko) Chrome/145.0.0.0 Safari/537.36 (compatible; meta-externalagent/1.1 (+https://developers.facebook.com/docs/sharing/webmasters/crawler))" "-"
2a03:2880:f800:: - - [16/Jul/2026:02:35:31 +0200] "GET /goods/353263541?lokasie=/homepages/10/d315911638/htdocs/clickandbuilds/IssyInvestment/wp-settings.php&loknya=/homepages/10/d315911638/htdocs/clickandbuilds/IssyInvestment HTTP/1.1" 200 30836 issyinvestments.com "-" "Mozilla/5.0 (Windows NT 10.0; Win64; x64) AppleWebKit/537.36 (KHTML, like Gecko) Chrome/145.0.0.0 Safari/537.36 (compatible; meta-externalagent/1.1 (+https://developers.facebook.com/docs/sharing/webmasters/crawler))" "-"
2a03:2880:f800:: - - [16/Jul/2026:02:35:33 +0200] "GET /goods/cf1143152?lokasie=/homepages/10/d315911638/htdocs/clickandbuilds/IssyInvestment/readme.html&loknya=/homepages/10/d315911638/htdocs/clickandbuilds/IssyInvestment HTTP/1.1" 200 13665 issyinvestments.com "-" "Mozilla/5.0 (Windows NT 10.0; Win64; x64) AppleWebKit/537.36 (KHTML, like Gecko) Chrome/145.0.0.0 Safari/537.36 (compatible; meta-externalagent/1.1 (+https://developers.facebook.com/docs/sharing/webmasters/crawler))" "-"
216.73.217.0 - - [16/Jul/2026:02:35:33 +0200] "GET /goods/425108242?lokasie=%2Fhomepages%2F10%2Fd315911638%2Fhtdocs%2Fclickandbuilds%2FIssyInvestment%2Fwp-admin%2Fload-styles.php&loknya=%2Fhomepages%2F10%2Fd315911638%2Fhtdocs%2Fclickandbuilds%2FIssyInvestment%2Fwp-admin HTTP/1.1" 429 267 issyinvestments.com "-" "Mozilla/5.0 AppleWebKit/537.36 (KHTML, like Gecko; compatible; ClaudeBot/1.0; +claudebot@anthropic.com)" "-"
216.73.217.0 - - [16/Jul/2026:02:35:38 +0200] "GET /goods/34580695?lokasie=%2Fhomepages%2F10%2Fd315911638%2Fhtdocs%2Fclickandbuilds%2FIssyInvestment%2Fwp-includes%2F%2Fcanonical.php&loknya=%2Fhomepages%2F10%2Fd315911638%2Fhtdocs%2Fclickandbuilds%2FIssyInvestment%2Fwp-includes%2F HTTP/1.1" 429 267 issyinvestments.com "-" "Mozilla/5.0 AppleWebKit/537.36 (KHTML, like Gecko; compatible; ClaudeBot/1.0; +claudebot@anthropic.com)" "-"
216.73.217.0 - - [16/Jul/2026:02:35:43 +0200] "GET /goods/993787654?lokasie=%2Fhomepages%2F10%2Fd315911638%2Fhtdocs%2Fclickandbuilds%2FIssyInvestment%2Fwp-admin%2Finstall-helper.php&loknya=%2Fhomepages%2F10%2Fd315911638%2Fhtdocs%2Fclickandbuilds%2FIssyInvestment%2Fwp-admin HTTP/1.1" 429 267 issyinvestments.com "-" "Mozilla/5.0 AppleWebKit/537.36 (KHTML, like Gecko; compatible; ClaudeBot/1.0; +claudebot@anthropic.com)" "-"
216.73.217.0 - - [16/Jul/2026:02:35:48 +0200] "GET /goods/8f547921?lokasie=%2Fhomepages%2F10%2Fd315911638%2Fhtdocs%2Fllms.txt&loknya=%2Fhomepages%2F10%2Fd315911638%2Fhtdocs HTTP/1.1" 429 267 issyinvestments.com "-" "Mozilla/5.0 AppleWebKit/537.36 (KHTML, like Gecko; compatible; ClaudeBot/1.0; +claudebot@anthropic.com)" "-"
2a03:2880:f800:: - - [16/Jul/2026:02:35:51 +0200] "GET /goods/25692186 HTTP/1.1" 200 46819 issyinvestments.com "-" "Mozilla/5.0 (Windows NT 10.0; Win64; x64) AppleWebKit/537.36 (KHTML, like Gecko) Chrome/145.0.0.0 Safari/537.36 (compatible; meta-externalagent/1.1 (+https://developers.facebook.com/docs/sharing/webmasters/crawler))" "-"
216.73.217.0 - - [16/Jul/2026:02:35:53 +0200] "GET /goods/456736195?lokasie=%2Fhomepages%2F10%2Fd315911638%2Fhtdocs%2Fclickandbuilds%2FIssyInvestment%2Fwp-admin%2Finstall.php&loknya=%2Fhomepages%2F10%2Fd315911638%2Fhtdocs%2Fclickandbuilds%2FIssyInvestment%2Fwp-admin HTTP/1.1" 429 267 issyinvestments.com "-" "Mozilla/5.0 AppleWebKit/537.36 (KHTML, like Gecko; compatible; ClaudeBot/1.0; +claudebot@anthropic.com)" "-"
74.7.242.0 - - [16/Jul/2026:02:35:57 +0200] "GET /?lokasie=/proc//mdstat&loknya=/proc/ HTTP/1.1" 429 267 issyinvestments.com "https://issyinvestments.com/?loknya=/proc/" "Mozilla/5.0 AppleWebKit/537.36 (KHTML, like Gecko; compatible; GPTBot/1.4; +https://openai.com/gptbot)" "-"
216.73.217.0 - - [16/Jul/2026:02:35:58 +0200] "GET /goods/082429879?lokasie=%2Fhomepages%2F10%2Fd315911638%2Fhtdocs%2Fclickandbuilds%2FIssyInvestment%2Fwp-admin%2Foptions-reading.php&loknya=%2Fhomepages%2F10%2Fd315911638%2Fhtdocs%2Fclickandbuilds%2FIssyInvestment%2Fwp-admin HTTP/1.1" 429 267 issyinvestments.com "-" "Mozilla/5.0 AppleWebKit/537.36 (KHTML, like Gecko; compatible; ClaudeBot/1.0; +claudebot@anthropic.com)" "-"
216.73.217.0 - - [16/Jul/2026:02:36:04 +0200] "GET /goods/c36515576?lokasie=%2Fhomepages%2F10%2Fd315911638%2Fhtdocs%2Fclickandbuilds%2FIssyInvestment%2Fwp-admin%2Foptions-reading.php&loknya=%2Fhomepages%2F10%2Fd315911638%2Fhtdocs%2Fclickandbuilds%2FIssyInvestment%2Fwp-admin HTTP/1.1" 429 267 issyinvestments.com "-" "Mozilla/5.0 AppleWebKit/537.36 (KHTML, like Gecko; compatible; ClaudeBot/1.0; +claudebot@anthropic.com)" "-"
2a03:2880:f800:: - - [16/Jul/2026:02:36:07 +0200] "GET /goods/4d6230461?lokasie=/homepages/10/d315911638/htdocs/clickandbuilds/IssyInvestment/wp-login.php&loknya=/homepages/10/d315911638/htdocs/clickandbuilds/IssyInvestment HTTP/1.1" 200 60733 issyinvestments.com "-" "Mozilla/5.0 (Windows NT 10.0; Win64; x64) AppleWebKit/537.36 (KHTML, like Gecko) Chrome/145.0.0.0 Safari/537.36 (compatible; meta-externalagent/1.1 (+https://developers.facebook.com/docs/sharing/webmasters/crawler))" "-"
216.73.217.0 - - [16/Jul/2026:02:36:09 +0200] "GET /goods/975745534?lokasie=%2Fhomepages%2F10%2Fd315911638%2Fhtdocs%2Fclickandbuilds%2FIssyInvestment%2Fwp-admin%2Flink.php&loknya=%2Fhomepages%2F10%2Fd315911638%2Fhtdocs%2Fclickandbuilds%2FIssyInvestment%2Fwp-admin HTTP/1.1" 429 267 issyinvestments.com "-" "Mozilla/5.0 AppleWebKit/537.36 (KHTML, like Gecko; compatible; ClaudeBot/1.0; +claudebot@anthropic.com)" "-"
216.73.217.0 - - [16/Jul/2026:02:36:14 +0200] "GET /goods/222373220?lokasie=%2Fhomepages%2F10%2Fd315911638%2Fhtdocs%2Fclickandbuilds%2FIssyInvestment%2Fwp-admin%2Fupgrade.php&loknya=%2Fhomepages%2F10%2Fd315911638%2Fhtdocs%2Fclickandbuilds%2FIssyInvestment%2Fwp-admin HTTP/1.1" 200 10914 issyinvestments.com "-" "Mozilla/5.0 AppleWebKit/537.36 (KHTML, like Gecko; compatible; ClaudeBot/1.0; +claudebot@anthropic.com)" "-"
216.73.217.0 - - [16/Jul/2026:02:36:19 +0200] "GET /goods/a81656633?lokasie=%2Fhomepages%2F10%2Fd315911638%2Fhtdocs%2Fclickandbuilds%2FIssyInvestment%2Fwp-admin%2Fjs%2Fnav-menu.js&loknya=%2Fhomepages%2F10%2Fd315911638%2Fhtdocs%2Fclickandbuilds%2FIssyInvestment%2Fwp-admin%2Fjs HTTP/1.1" 200 56648 issyinvestments.com "-" "Mozilla/5.0 AppleWebKit/537.36 (KHTML, like Gecko; compatible; ClaudeBot/1.0; +claudebot@anthropic.com)" "-"
2a03:2880:f800:: - - [16/Jul/2026:02:36:21 +0200] "GET /goods/696778227 HTTP/1.1" 200 46819 issyinvestments.com "-" "Mozilla/5.0 (Windows NT 10.0; Win64; x64) AppleWebKit/537.36 (KHTML, like Gecko) Chrome/145.0.0.0 Safari/537.36 (compatible; meta-externalagent/1.1 (+https://developers.facebook.com/docs/sharing/webmasters/crawler))" "-"
216.73.217.0 - - [16/Jul/2026:02:36:24 +0200] "GET /goods/932601598?lokasie=%2Fhomepages%2F10%2Fd315912249%2FDASTOOLSTART&loknya=%2Fhomepages%2F10%2Fd315912249 HTTP/1.1" 200 4073 issyinvestments.com "-" "Mozilla/5.0 AppleWebKit/537.36 (KHTML, like Gecko; compatible; ClaudeBot/1.0; +claudebot@anthropic.com)" "-"
216.73.217.0 - - [16/Jul/2026:02:36:29 +0200] "GET /goods/f56827865?lokasie=%2Fhomepages%2F10%2Fd315911638%2Fhtdocs%2Fclickandbuilds%2FIssyInvestment%2Fwp-admin%2Foptions-general.php&loknya=%2Fhomepages%2F10%2Fd315911638%2Fhtdocs%2Fclickandbuilds%2FIssyInvestment%2Fwp-admin HTTP/1.1" 200 25155 issyinvestments.com "-" "Mozilla/5.0 AppleWebKit/537.36 (KHTML, like Gecko; compatible; ClaudeBot/1.0; +claudebot@anthropic.com)" "-"
2a03:2880:f800:: - - [16/Jul/2026:02:36:32 +0200] "GET /goods/d42822918 HTTP/1.1" 200 46819 issyinvestments.com "-" "Mozilla/5.0 (Macintosh; Intel Mac OS X 10.15; rv:147.0) Gecko/20100101 Firefox/147.0 (compatible; meta-externalagent/1.1 (+https://developers.facebook.com/docs/sharing/webmasters/crawler))" "-"
216.73.217.0 - - [16/Jul/2026:02:36:34 +0200] "GET /goods/18297186?lokasie=%2Fhomepages%2F10%2Fd315911638%2Fhtdocs%2Fclickandbuilds%2FIssyInvestment%2Fwp-admin%2Foptions-reading.php&loknya=%2Fhomepages%2F10%2Fd315911638%2Fhtdocs%2Fclickandbuilds%2FIssyInvestment%2Fwp-admin HTTP/1.1" 200 16848 issyinvestments.com "-" "Mozilla/5.0 AppleWebKit/537.36 (KHTML, like Gecko; compatible; ClaudeBot/1.0; +claudebot@anthropic.com)" "-"
216.73.217.0 - - [16/Jul/2026:02:36:39 +0200] "GET /goods/643488277?lokasie=%2Fhomepages%2F10%2Fd315911638%2Fhtdocs%2Fclickandbuilds%2FIssyInvestment%2Fwp-includes%2Fhttp.php&loknya=%2Fhomepages%2F10%2Fd315911638%2Fhtdocs%2Fclickandbuilds%2FIssyInvestment%2Fwp-includes HTTP/1.1" 200 28544 issyinvestments.com "-" "Mozilla/5.0 AppleWebKit/537.36 (KHTML, like Gecko; compatible; ClaudeBot/1.0; +claudebot@anthropic.com)" "-"
2a03:2880:f800:: - - [16/Jul/2026:02:36:43 +0200] "GET /goods/953855185 HTTP/1.1" 200 46819 issyinvestments.com "-" "Mozilla/5.0 (Macintosh; Intel Mac OS X 10_15_7) AppleWebKit/537.36 (KHTML, like Gecko) Chrome/145.0.0.0 Safari/537.36 (compatible; meta-externalagent/1.1 (+https://developers.facebook.com/docs/sharing/webmasters/crawler))" "-"
216.73.217.0 - - [16/Jul/2026:02:36:44 +0200] "GET /goods/c36515576?lokasie=%2Fhomepages%2F10%2Fd315911638%2Fhtdocs%2Fclickandbuilds%2FIssyInvestment%2Fwp-admin%2Fmoderation.php&loknya=%2Fhomepages%2F10%2Fd315911638%2Fhtdocs%2Fclickandbuilds%2FIssyInvestment%2Fwp-admin HTTP/1.1" 200 4779 issyinvestments.com "-" "Mozilla/5.0 AppleWebKit/537.36 (KHTML, like Gecko; compatible; ClaudeBot/1.0; +claudebot@anthropic.com)" "-"
74.7.242.0 - - [16/Jul/2026:02:36:48 +0200] "GET /?lokasie=/usr/bin/hg&loknya=/usr/bin HTTP/1.1" 200 5152 issyinvestments.com "https://issyinvestments.com/?loknya=/usr/bin" "Mozilla/5.0 AppleWebKit/537.36 (KHTML, like Gecko; compatible; GPTBot/1.4; +https://openai.com/gptbot)" "-"
216.73.217.0 - - [16/Jul/2026:02:36:49 +0200] "GET /goods/a81656633?lokasie=%2Fhomepages%2F10%2Fd315911638%2Fhtdocs%2Fclickandbuilds%2FIssyInvestment%2Fwp-admin%2Fjs%2Fprivacy-tools.js&loknya=%2Fhomepages%2F10%2Fd315911638%2Fhtdocs%2Fclickandbuilds%2FIssyInvestment%2Fwp-admin%2Fjs HTTP/1.1" 200 15627 issyinvestments.com "-" "Mozilla/5.0 AppleWebKit/537.36 (KHTML, like Gecko; compatible; ClaudeBot/1.0; +claudebot@anthropic.com)" "-"
2a03:2880:f800:: - - [16/Jul/2026:02:36:53 +0200] "GET /goods/47966947?lokasie=/homepages/10/d315911638/htdocs/clickandbuilds/IssyInvestment/wp-config-sample.php&loknya=/homepages/10/d315911638/htdocs/clickandbuilds/IssyInvestment HTTP/1.1" 200 7405 issyinvestments.com "-" "Mozilla/5.0 (Windows NT 10.0; Win64; x64) AppleWebKit/537.36 (KHTML, like Gecko) Chrome/145.0.0.0 Safari/537.36 (compatible; meta-externalagent/1.1 (+https://developers.facebook.com/docs/sharing/webmasters/crawler))" "-"
216.73.217.0 - - [16/Jul/2026:02:36:54 +0200] "GET /goods/033525107?lokasie=%2Fhomepages%2F10%2Fd315911638%2Fhtdocs%2Fclickandbuilds%2FIssyInvestment%2Fwp-admin%2Findex.php&loknya=%2Fhomepages%2F10%2Fd315911638%2Fhtdocs%2Fclickandbuilds%2FIssyInvestment%2Fwp-admin HTTP/1.1" 200 13130 issyinvestments.com "-" "Mozilla/5.0 AppleWebKit/537.36 (KHTML, like Gecko; compatible; ClaudeBot/1.0; +claudebot@anthropic.com)" "-"
216.73.217.0 - - [16/Jul/2026:02:36:59 +0200] "GET /goods/071468555?lokasie=%2Fhomepages%2F10%2Fd315911638%2Fhtdocs%2Fclickandbuilds%2FIssyInvestment%2Fwp-admin%2Foptions-reading.php&loknya=%2Fhomepages%2F10%2Fd315911638%2Fhtdocs%2Fclickandbuilds%2FIssyInvestment%2Fwp-admin HTTP/1.1" 200 16848 issyinvestments.com "-" "Mozilla/5.0 AppleWebKit/537.36 (KHTML, like Gecko; compatible; ClaudeBot/1.0; +claudebot@anthropic.com)" "-"
2a03:2880:f800:: - - [16/Jul/2026:02:37:01 +0200] "GET /goods/706172325?lokasie=/homepages/10/d315911638/htdocs/clickandbuilds/IssyInvestment/.htaccess&loknya=/homepages/10/d315911638/htdocs/clickandbuilds/IssyInvestment HTTP/1.1" 200 4604 issyinvestments.com "-" "Mozilla/5.0 (Macintosh; Intel Mac OS X 10_15_7) AppleWebKit/537.36 (KHTML, like Gecko) Chrome/145.0.0.0 Safari/537.36 (compatible; meta-externalagent/1.1 (+https://developers.facebook.com/docs/sharing/webmasters/crawler))" "-"
216.73.217.0 - - [16/Jul/2026:02:37:04 +0200] "GET /goods/411759111?lokasie=%2Fhomepages%2F10%2Fd315911638%2Fhtdocs%2Fclickandbuilds%2FIssyInvestment%2Fwp-includes%2Fjs%2Fplupload%2Fhandlers.js&loknya=%2Fhomepages%2F10%2Fd315911638%2Fhtdocs%2Fclickandbuilds%2FIssyInvestment%2Fwp-includes%2Fjs%2Fplupload HTTP/1.1" 200 25633 issyinvestments.com "-" "Mozilla/5.0 AppleWebKit/537.36 (KHTML, like Gecko; compatible; ClaudeBot/1.0; +claudebot@anthropic.com)" "-"
66.249.66.0 - - [16/Jul/2026:02:37:05 +0200] "GET /contents/event/kansyasai HTTP/1.1" 200 187566 issyinvestments.com "-" "Mozilla/5.0 (Linux; Android 6.0.1; Nexus 5X Build/MMB29P) AppleWebKit/537.36 (KHTML, like Gecko) Chrome/150.0.7871.114 Mobile Safari/537.36 (compatible; Googlebot/2.1; +http://www.google.com/bot.html)" "-"
216.73.217.0 - - [16/Jul/2026:02:37:09 +0200] "GET /goods/18297186?lokasie=%2Fhomepages%2F10%2Fd315911638%2Fhtdocs%2Fclickandbuilds%2FIssyInvestment%2Fwp-admin%2Fmoderation.php&loknya=%2Fhomepages%2F10%2Fd315911638%2Fhtdocs%2Fclickandbuilds%2FIssyInvestment%2Fwp-admin HTTP/1.1" 200 4779 issyinvestments.com "-" "Mozilla/5.0 AppleWebKit/537.36 (KHTML, like Gecko; compatible; ClaudeBot/1.0; +claudebot@anthropic.com)" "-"
2a03:2880:f800:: - - [16/Jul/2026:02:37:10 +0200] "GET /goods/165378092 HTTP/1.1" 200 46819 issyinvestments.com "-" "Mozilla/5.0 (Windows NT 10.0; Win64; x64) AppleWebKit/537.36 (KHTML, like Gecko) Chrome/145.0.0.0 Safari/537.36 (compatible; meta-externalagent/1.1 (+https://developers.facebook.com/docs/sharing/webmasters/crawler))" "-"
66.249.66.0 - - [16/Jul/2026:02:37:15 +0200] "GET /shop/storeSearch/CriteriaInput HTTP/1.1" 200 203080 issyinvestments.com "-" "Mozilla/5.0 (Linux; Android 6.0.1; Nexus 5X Build/MMB29P) AppleWebKit/537.36 (KHTML, like Gecko) Chrome/150.0.7871.114 Mobile Safari/537.36 (compatible; Googlebot/2.1; +http://www.google.com/bot.html)" "-"
216.73.217.0 - - [16/Jul/2026:02:37:15 +0200] "GET /goods/285420146?lokasie=%2Fhomepages%2F10%2Fd315911638%2Fhtdocs%2Fclickandbuilds%2FIssyInvestment%2Fwp-admin%2Fupgrade.php&loknya=%2Fhomepages%2F10%2Fd315911638%2Fhtdocs%2Fclickandbuilds%2FIssyInvestment%2Fwp-admin HTTP/1.1" 200 10914 issyinvestments.com "-" "Mozilla/5.0 AppleWebKit/537.36 (KHTML, like Gecko; compatible; ClaudeBot/1.0; +claudebot@anthropic.com)" "-"
2a03:2880:f800:: - - [16/Jul/2026:02:37:17 +0200] "GET /goods/f84543925?lokasie=/homepages/10/d315911638/htdocs/clickandbuilds/IssyInvestment/wp-includes/class-wp-site.php&loknya=/homepages/10/d315911638/htdocs/clickandbuilds/IssyInvestment/wp-includes HTTP/1.1" 200 12075 issyinvestments.com "-" "Mozilla/5.0 (Windows NT 10.0; Win64; x64) AppleWebKit/537.36 (KHTML, like Gecko) Chrome/145.0.0.0 Safari/537.36 (compatible; meta-externalagent/1.1 (+https://developers.facebook.com/docs/sharing/webmasters/crawler))" "-"
216.73.217.0 - - [16/Jul/2026:02:37:19 +0200] "GET /goods/475088646?lokasie=%2Fkunden%2Fproc%2Fdma&loknya=%2Fkunden%2Fproc HTTP/1.1" 200 4001 issyinvestments.com "-" "Mozilla/5.0 AppleWebKit/537.36 (KHTML, like Gecko; compatible; ClaudeBot/1.0; +claudebot@anthropic.com)" "-"
2a03:2880:f800:: - - [16/Jul/2026:02:37:24 +0200] "GET /goods/e06453021?lokasie=/homepages/10/d315911638/htdocs/clickandbuilds/IssyInvestment/wp-settings.php&loknya=/homepages/10/d315911638/htdocs/clickandbuilds/IssyInvestment HTTP/1.1" 200 30836 issyinvestments.com "-" "Mozilla/5.0 (Windows NT 10.0; Win64; x64) AppleWebKit/537.36 (KHTML, like Gecko) Chrome/145.0.0.0 Safari/537.36 (compatible; meta-externalagent/1.1 (+https://developers.facebook.com/docs/sharing/webmasters/crawler))" "-"
216.73.217.0 - - [16/Jul/2026:02:37:24 +0200] "GET /goods/536249441?lokasie=%2Fhomepages%2F10%2Fd315911638%2Fhtdocs%2Frobots.txt&loknya=%2Fhomepages%2F10%2Fd315911638%2Fhtdocs HTTP/1.1" 200 4141 issyinvestments.com "-" "Mozilla/5.0 AppleWebKit/537.36 (KHTML, like Gecko; compatible; ClaudeBot/1.0; +claudebot@anthropic.com)" "-"
216.73.217.0 - - [16/Jul/2026:02:37:29 +0200] "GET /goods/092244853?lokasie=%2Fhomepages%2F10%2Fd315911638%2Fhtdocs%2F%2Flicense.txt&loknya=%2Fhomepages%2F10%2Fd315911638%2Fhtdocs%2F HTTP/1.1" 200 24150 issyinvestments.com "-" "Mozilla/5.0 AppleWebKit/537.36 (KHTML, like Gecko; compatible; ClaudeBot/1.0; +claudebot@anthropic.com)" "-"
2a03:2880:f800:: - - [16/Jul/2026:02:37:31 +0200] "GET /goods/732255167?loknya=/ HTTP/1.1" 200 29696 issyinvestments.com "-" "Mozilla/5.0 (Windows NT 10.0; Win64; x64) AppleWebKit/537.36 (KHTML, like Gecko) Chrome/145.0.0.0 Safari/537.36 (compatible; meta-externalagent/1.1 (+https://developers.facebook.com/docs/sharing/webmasters/crawler))" "-"
216.73.217.0 - - [16/Jul/2026:02:37:34 +0200] "GET /goods/67739849?lokasie=%2Fhomepages%2F10%2Fd315911638%2Fhtdocs%2Fclickandbuilds%2FIssyInvestment%2Fwp-admin%2Flink.php&loknya=%2Fhomepages%2F10%2Fd315911638%2Fhtdocs%2Fclickandbuilds%2FIssyInvestment%2Fwp-admin HTTP/1.1" 200 7253 issyinvestments.com "-" "Mozilla/5.0 AppleWebKit/537.36 (KHTML, like Gecko; compatible; ClaudeBot/1.0; +claudebot@anthropic.com)" "-"
2a03:2880:f800:: - - [16/Jul/2026:02:37:36 +0200] "GET /goods/234901328?lokasie=/homepages/10/d315911638/htdocs/clickandbuilds/IssyInvestment/wp-login.php&loknya=/homepages/10/d315911638/htdocs/clickandbuilds/IssyInvestment HTTP/1.1" 200 60732 issyinvestments.com "-" "Mozilla/5.0 (X11; Linux x86_64) AppleWebKit/537.36 (KHTML, like Gecko) Chrome/145.0.0.0 Safari/537.36 (compatible; meta-externalagent/1.1 (+https://developers.facebook.com/docs/sharing/webmasters/crawler))" "-"
216.73.217.0 - - [16/Jul/2026:02:37:40 +0200] "GET /goods/d01204569?lokasie=%2Fhomepages%2F10%2Fd315911638%2Fhtdocs%2Fclickandbuilds%2FIssyInvestment%2Fwp-admin%2Fpost-new.php&loknya=%2Fhomepages%2F10%2Fd315911638%2Fhtdocs%2Fclickandbuilds%2FIssyInvestment%2Fwp-admin HTTP/1.1" 200 7305 issyinvestments.com "-" "Mozilla/5.0 AppleWebKit/537.36 (KHTML, like Gecko; compatible; ClaudeBot/1.0; +claudebot@anthropic.com)" "-"
2a03:2880:f800:: - - [16/Jul/2026:02:37:42 +0200] "GET /goods/1f4261448 HTTP/1.1" 200 46818 issyinvestments.com "-" "Mozilla/5.0 (Macintosh; Intel Mac OS X 10_15_7) AppleWebKit/537.36 (KHTML, like Gecko) Chrome/145.0.0.0 Safari/537.36 (compatible; meta-externalagent/1.1 (+https://developers.facebook.com/docs/sharing/webmasters/crawler))" "-"
216.73.217.0 - - [16/Jul/2026:02:37:44 +0200] "GET /goods/7a1204356?lokasie=%2Fhomepages%2F10%2Fd315911638%2Fhtdocs%2Fwp-admin-old%2Fimages%2Ffreedom-1.svg&loknya=%2Fhomepages%2F10%2Fd315911638%2Fhtdocs%2Fwp-admin-old%2Fimages HTTP/1.1" 200 7058 issyinvestments.com "-" "Mozilla/5.0 AppleWebKit/537.36 (KHTML, like Gecko; compatible; ClaudeBot/1.0; +claudebot@anthropic.com)" "-"
2a03:2880:f800:: - - [16/Jul/2026:02:37:47 +0200] "GET /goods/431133865?loknya=/homepages/10/d315911638/htdocs/clickandbuilds/IssyInvestment/.tmb HTTP/1.1" 200 5678 issyinvestments.com "-" "Mozilla/5.0 (Windows NT 10.0; Win64; x64) AppleWebKit/537.36 (KHTML, like Gecko) Chrome/145.0.0.0 Safari/537.36 (compatible; meta-externalagent/1.1 (+https://developers.facebook.com/docs/sharing/webmasters/crawler))" "-"
216.73.217.0 - - [16/Jul/2026:02:37:49 +0200] "GET /goods/d01204569?lokasie=%2Fhomepages%2F10%2Fd315911638%2Fhtdocs%2Fclickandbuilds%2FIssyInvestment%2Fwp-admin%2Fthemes.php&loknya=%2Fhomepages%2F10%2Fd315911638%2Fhtdocs%2Fclickandbuilds%2FIssyInvestment%2Fwp-admin HTTP/1.1" 429 267 issyinvestments.com "-" "Mozilla/5.0 AppleWebKit/537.36 (KHTML, like Gecko; compatible; ClaudeBot/1.0; +claudebot@anthropic.com)" "-"
74.7.242.0 - - [16/Jul/2026:02:37:50 +0200] "GET /?lokasie=/proc//vmstat&loknya=/proc/ HTTP/1.1" 429 267 issyinvestments.com "https://issyinvestments.com/?loknya=/proc/" "Mozilla/5.0 AppleWebKit/537.36 (KHTML, like Gecko; compatible; GPTBot/1.4; +https://openai.com/gptbot)" "-"
111.0.233.0 - - [16/Jul/2026:02:37:52 +0200] "GET /who-we-serve/ma-entrepreneurs-business-buyers-sellers HTTP/1.1" 500 2746 issyconsulting.com "-" "Mozilla/5.0 (Windows NT 10.0; Win64; x64) AppleWebKit/537.36 (KHTML, like Gecko) Chrome/129.0.0.0 Safari/537.36" "-"
82.165.80.0 - - [16/Jul/2026:02:37:53 +0200] "POST /wp-cron.php?doing_wp_cron=1784162273.8095550537109375000000 HTTP/1.1" 500 2704 issyconsulting.com "-" "WordPress/7.0.1; https://issyconsulting.com" "-"
2a03:2880:f800:: - - [16/Jul/2026:02:37:53 +0200] "GET /goods/dc6232623?loknya=/homepages/10/d315911638/htdocs/clickandbuilds/IssyInvestment/wp-admin HTTP/1.1" 200 160825 issyinvestments.com "-" "Mozilla/5.0 (Macintosh; Intel Mac OS X 10_15_7) AppleWebKit/537.36 (KHTML, like Gecko) Chrome/145.0.0.0 Safari/537.36 (compatible; meta-externalagent/1.1 (+https://developers.facebook.com/docs/sharing/webmasters/crawler))" "-"
216.73.217.0 - - [16/Jul/2026:02:37:54 +0200] "GET /goods/7a1204356?lokasie=%2Fhomepages%2F10%2Fd315911638%2Fhtdocs%2Fwp-admin-old%2Fimages%2Fwpspin_light.gif&loknya=%2Fhomepages%2F10%2Fd315911638%2Fhtdocs%2Fwp-admin-old%2Fimages HTTP/1.1" 429 267 issyinvestments.com "-" "Mozilla/5.0 AppleWebKit/537.36 (KHTML, like Gecko; compatible; ClaudeBot/1.0; +claudebot@anthropic.com)" "-"
124.239.181.0 - - [16/Jul/2026:02:37:56 +0200] "GET /who-we-serve/ma-entrepreneurs-business-buyers-sellers HTTP/1.1" 500 2746 issyconsulting.com "-" "Mozilla/5.0 (Windows NT 10.0; Win64; x64) AppleWebKit/537.36 (KHTML, like Gecko) Chrome/142.0.0.0 Safari/537.36" "-"
124.239.181.0 - - [16/Jul/2026:02:37:58 +0200] "GET /favicon.ico HTTP/1.1" 200 32038 issyconsulting.com "https://issyconsulting.com/who-we-serve/ma-entrepreneurs-business-buyers-sellers" "Mozilla/5.0 (Windows NT 10.0; Win64; x64) AppleWebKit/537.36 (KHTML, like Gecko) Chrome/142.0.0.0 Safari/537.36" "-"
2a03:2880:f800:: - - [16/Jul/2026:02:37:58 +0200] "GET /goods/7c2649433?lokasie=/homepages/10/d315911638/htdocs/clickandbuilds/IssyInvestment/wp-blog-header.php&loknya=/homepages/10/d315911638/htdocs/clickandbuilds/IssyInvestment HTTP/1.1" 200 4721 issyinvestments.com "-" "Mozilla/5.0 (Windows NT 10.0; Win64; x64) AppleWebKit/537.36 (KHTML, like Gecko) Chrome/145.0.0.0 Safari/537.36 (compatible; meta-externalagent/1.1 (+https://developers.facebook.com/docs/sharing/webmasters/crawler))" "-"
216.73.217.0 - - [16/Jul/2026:02:37:59 +0200] "GET /goods/211523579?lokasie=%2Fhomepages%2F10%2Fd315911638%2Fhtdocs%2Fclickandbuilds%2FIssyInvestment%2Fwp-admin%2Fcredits.php&loknya=%2Fhomepages%2F10%2Fd315911638%2Fhtdocs%2Fclickandbuilds%2FIssyInvestment%2Fwp-admin HTTP/1.1" 429 267 issyinvestments.com "-" "Mozilla/5.0 AppleWebKit/537.36 (KHTML, like Gecko; compatible; ClaudeBot/1.0; +claudebot@anthropic.com)" "-"
2a03:2880:f800:: - - [16/Jul/2026:02:38:02 +0200] "GET /goods/412474625?lokasie=/homepages/10/d315911638/htdocs/clickandbuilds/IssyInvestment/wp-blog-header.php&loknya=/homepages/10/d315911638/htdocs/clickandbuilds/IssyInvestment HTTP/1.1" 200 4721 issyinvestments.com "-" "Mozilla/5.0 (Windows NT 10.0; Win64; x64) AppleWebKit/537.36 (KHTML, like Gecko) Chrome/145.0.0.0 Safari/537.36 (compatible; meta-externalagent/1.1 (+https://developers.facebook.com/docs/sharing/webmasters/crawler))" "-"
216.73.217.0 - - [16/Jul/2026:02:38:04 +0200] "GET /goods/916013753?lokasie=%2Fhomepages%2F10%2Fd315911638%2Fhtdocs%2F%2Frobots.txt&loknya=%2Fhomepages%2F10%2Fd315911638%2Fhtdocs%2F HTTP/1.1" 429 267 issyinvestments.com "-" "Mozilla/5.0 AppleWebKit/537.36 (KHTML, like Gecko; compatible; ClaudeBot/1.0; +claudebot@anthropic.com)" "-"
2a03:2880:f800:: - - [16/Jul/2026:02:38:07 +0200] "GET /goods/453321518?lokasie=/homepages/10/d315911638/htdocs/clickandbuilds/IssyInvestment/investmenut.zip&loknya=/homepages/10/d315911638/htdocs/clickandbuilds/IssyInvestment HTTP/1.1" 200 4365 issyinvestments.com "-" "Mozilla/5.0 (Windows NT 10.0; Win64; x64) AppleWebKit/537.36 (KHTML, like Gecko) Chrome/145.0.0.0 Safari/537.36 (compatible; meta-externalagent/1.1 (+https://developers.facebook.com/docs/sharing/webmasters/crawler))" "-"
216.73.217.0 - - [16/Jul/2026:02:38:09 +0200] "GET /goods/63224759?lokasie=%2Fhomepages%2F10%2Fd315911638%2Fhtdocs%2Fclickandbuilds%2FIssyInvestment%2Fwp-admin%2Fprivacy.php&loknya=%2Fhomepages%2F10%2Fd315911638%2Fhtdocs%2Fclickandbuilds%2FIssyInvestment%2Fwp-admin HTTP/1.1" 429 267 issyinvestments.com "-" "Mozilla/5.0 AppleWebKit/537.36 (KHTML, like Gecko; compatible; ClaudeBot/1.0; +claudebot@anthropic.com)" "-"
2a03:2880:f800:: - - [16/Jul/2026:02:38:11 +0200] "GET /goods/866389622?lokasie=/homepages/10/d315911638/htdocs/clickandbuilds/IssyInvestment/xmlrpc.php&loknya=/homepages/10/d315911638/htdocs/clickandbuilds/IssyInvestment HTTP/1.1" 429 267 issyinvestments.com "-" "Mozilla/5.0 (Windows NT 10.0; Win64; x64) AppleWebKit/537.36 (KHTML, like Gecko) Chrome/145.0.0.0 Safari/537.36 (compatible; meta-externalagent/1.1 (+https://developers.facebook.com/docs/sharing/webmasters/crawler))" "-"
216.73.217.0 - - [16/Jul/2026:02:38:15 +0200] "GET /goods/751756981?loknya=%2Fhomepages%2F10%2Fd315911638%2Fhtdocs%2Fclickandbuilds%2FIssyInvestment%2Fwp-includes%2Fblocks%2Ftag-cloud HTTP/1.1" 429 267 issyinvestments.com "-" "Mozilla/5.0 AppleWebKit/537.36 (KHTML, like Gecko; compatible; ClaudeBot/1.0; +claudebot@anthropic.com)" "-"
2a03:2880:f800:: - - [16/Jul/2026:02:38:15 +0200] "GET /goods/642985683?loknya=/homepages/10/d315911638/htdocs/clickandbuilds/IssyInvestment/wp-includes HTTP/1.1" 429 267 issyinvestments.com "-" "Mozilla/5.0 (Windows NT 10.0; Win64; x64) AppleWebKit/537.36 (KHTML, like Gecko) Chrome/145.0.0.0 Safari/537.36 (compatible; meta-externalagent/1.1 (+https://developers.facebook.com/docs/sharing/webmasters/crawler))" "-"
2a03:2880:f800:: - - [16/Jul/2026:02:38:16 +0200] "GET /goods/372700637?loknya=/ HTTP/1.1" 429 267 issyinvestments.com "-" "Mozilla/5.0 (Windows NT 10.0; Win64; x64) AppleWebKit/537.36 (KHTML, like Gecko) Chrome/145.0.0.0 Safari/537.36 Edg/145.0.0.0 (compatible; meta-externalagent/1.1 (+https://developers.facebook.com/docs/sharing/webmasters/crawler))" "-"
216.73.217.0 - - [16/Jul/2026:02:38:19 +0200] "GET /goods/555755992?loknya=%2Fhomepages%2F10%2Fd315911638%2Fhtdocs%2Fclickandbuilds%2FIssyInvestment%2Fwp-includes%2Fblocks%2Ftag-cloud HTTP/1.1" 429 267 issyinvestments.com "-" "Mozilla/5.0 AppleWebKit/537.36 (KHTML, like Gecko; compatible; ClaudeBot/1.0; +claudebot@anthropic.com)" "-"
2a03:2880:f800:: - - [16/Jul/2026:02:38:21 +0200] "GET /goods/b65677961 HTTP/1.1" 429 267 issyinvestments.com "-" "Mozilla/5.0 (Windows NT 10.0; Win64; x64) AppleWebKit/537.36 (KHTML, like Gecko) Chrome/145.0.0.0 Safari/537.36 Edg/145.0.0.0 (compatible; meta-externalagent/1.1 (+https://developers.facebook.com/docs/sharing/webmasters/crawler))" "-"
2a03:2880:f800:: - - [16/Jul/2026:02:38:21 +0200] "GET /goods/cf4339203?lokasie=/homepages/10/d315911638/htdocs/clickandbuilds/IssyInvestment/wp-activate.php&loknya=/homepages/10/d315911638/htdocs/clickandbuilds/IssyInvestment HTTP/1.1" 429 267 issyinvestments.com "-" "Mozilla/5.0 (Windows NT 10.0; Win64; x64) AppleWebKit/537.36 (KHTML, like Gecko) Chrome/145.0.0.0 Safari/537.36 (compatible; meta-externalagent/1.1 (+https://developers.facebook.com/docs/sharing/webmasters/crawler))" "-"
216.73.217.0 - - [16/Jul/2026:02:38:25 +0200] "GET /goods/751756981?loknya=%2Fhomepages%2F10%2Fd315911638%2Fhtdocs%2Fclickandbuilds%2FIssyInvestment%2Fwp-includes%2Fblocks%2Fpost-comments-form HTTP/1.1" 429 267 issyinvestments.com "-" "Mozilla/5.0 AppleWebKit/537.36 (KHTML, like Gecko; compatible; ClaudeBot/1.0; +claudebot@anthropic.com)" "-"
2a03:2880:f800:: - - [16/Jul/2026:02:38:27 +0200] "GET /goods/411383032?lokasie=/homepages/10/d315911638/htdocs/clickandbuilds/IssyInvestment/wp-login.php&loknya=/homepages/10/d315911638/htdocs/clickandbuilds/IssyInvestment HTTP/1.1" 429 267 issyinvestments.com "-" "Mozilla/5.0 (Windows NT 10.0; Win64; x64) AppleWebKit/537.36 (KHTML, like Gecko) Chrome/145.0.0.0 Safari/537.36 (compatible; meta-externalagent/1.1 (+https://developers.facebook.com/docs/sharing/webmasters/crawler))" "-"
2a03:2880:f800:: - - [16/Jul/2026:02:38:28 +0200] "GET /goods/942812367?lokasie=/homepages/10/d315911638/htdocs/clickandbuilds/IssyInvestment/wp-comments-post.php&loknya=/homepages/10/d315911638/htdocs/clickandbuilds/IssyInvestment HTTP/1.1" 429 267 issyinvestments.com "-" "Mozilla/5.0 (Macintosh; Intel Mac OS X 10_15_7) AppleWebKit/537.36 (KHTML, like Gecko) Chrome/145.0.0.0 Safari/537.36 (compatible; meta-externalagent/1.1 (+https://developers.facebook.com/docs/sharing/webmasters/crawler))" "-"
216.73.217.0 - - [16/Jul/2026:02:38:30 +0200] "GET /goods/555755992?loknya=%2Fhomepages%2F10%2Fd315911638%2Fhtdocs%2Fclickandbuilds%2FIssyInvestment%2Fwp-includes%2Fblocks%2Fpost-comments-form HTTP/1.1" 429 267 issyinvestments.com "-" "Mozilla/5.0 AppleWebKit/537.36 (KHTML, like Gecko; compatible; ClaudeBot/1.0; +claudebot@anthropic.com)" "-"
216.73.217.0 - - [16/Jul/2026:02:38:35 +0200] "GET /goods/555755992?loknya=%2Fhomepages%2F10%2Fd315911638%2Fhtdocs%2Fclickandbuilds%2FIssyInvestment%2Fwp-admin%2Fuser HTTP/1.1" 429 267 issyinvestments.com "-" "Mozilla/5.0 AppleWebKit/537.36 (KHTML, like Gecko; compatible; ClaudeBot/1.0; +claudebot@anthropic.com)" "-"
2a03:2880:f800:: - - [16/Jul/2026:02:38:35 +0200] "GET /goods/732569385?loknya=/homepages/10/d315911638/htdocs/clickandbuilds/IssyInvestment/wp-content HTTP/1.1" 429 267 issyinvestments.com "-" "Mozilla/5.0 (Windows NT 10.0; Win64; x64) AppleWebKit/537.36 (KHTML, like Gecko) Chrome/145.0.0.0 Safari/537.36 (compatible; meta-externalagent/1.1 (+https://developers.facebook.com/docs/sharing/webmasters/crawler))" "-"
2a03:2880:f800:: - - [16/Jul/2026:02:38:37 +0200] "GET /goods/693537583?loknya=/homepages/10/d315911638/htdocs/clickandbuilds/IssyInvestment/wp-content HTTP/1.1" 429 267 issyinvestments.com "-" "Mozilla/5.0 (Windows NT 10.0; Win64; x64) AppleWebKit/537.36 (KHTML, like Gecko) Chrome/145.0.0.0 Safari/537.36 (compatible; meta-externalagent/1.1 (+https://developers.facebook.com/docs/sharing/webmasters/crawler))" "-"
216.73.217.0 - - [16/Jul/2026:02:38:40 +0200] "GET /goods/904744148?loknya=%2Fhomepages%2F10%2Fd315911638%2Fhtdocs%2Fclickandbuilds%2FIssyInvestment%2Fold%2Fwp-includes%2Fblocks%2Ftag-cloud HTTP/1.1" 429 267 issyinvestments.com "-" "Mozilla/5.0 AppleWebKit/537.36 (KHTML, like Gecko; compatible; ClaudeBot/1.0; +claudebot@anthropic.com)" "-"
216.73.217.0 - - [16/Jul/2026:02:38:45 +0200] "GET /goods/796104585?lokasie=%2Fhomepages%2F10%2Fd315911638%2Fhtdocs%2Fclickandbuilds%2FIssyInvestment%2Fwp-content%2Findex.php&loknya=%2Fhomepages%2F10%2Fd315911638%2Fhtdocs%2Fclickandbuilds%2FIssyInvestment%2Fwp-content HTTP/1.1" 429 267 issyinvestments.com "-" "Mozilla/5.0 AppleWebKit/537.36 (KHTML, like Gecko; compatible; ClaudeBot/1.0; +claudebot@anthropic.com)" "-"
74.7.242.0 - - [16/Jul/2026:02:38:45 +0200] "GET /?lokasie=/usr/bin/df&loknya=/usr/bin HTTP/1.1" 429 267 issyinvestments.com "https://issyinvestments.com/?loknya=/usr/bin" "Mozilla/5.0 AppleWebKit/537.36 (KHTML, like Gecko; compatible; GPTBot/1.4; +https://openai.com/gptbot)" "-"
2a03:2880:f800:: - - [16/Jul/2026:02:38:46 +0200] "GET /goods/9b2670473 HTTP/1.1" 429 267 issyinvestments.com "-" "Mozilla/5.0 (Windows NT 10.0; Win64; x64) AppleWebKit/537.36 (KHTML, like Gecko) Chrome/145.0.0.0 Safari/537.36 (compatible; meta-externalagent/1.1 (+https://developers.facebook.com/docs/sharing/webmasters/crawler))" "-"
2a03:2880:f800:: - - [16/Jul/2026:02:38:47 +0200] "GET /goods/f84543925?lokasie=/homepages/10/d315911638/last_traffic&loknya=/homepages/10/d315911638 HTTP/1.1" 429 267 issyinvestments.com "-" "Mozilla/5.0 (Windows NT 10.0; Win64; x64) AppleWebKit/537.36 (KHTML, like Gecko) Chrome/145.0.0.0 Safari/537.36 (compatible; meta-externalagent/1.1 (+https://developers.facebook.com/docs/sharing/webmasters/crawler))" "-"
2a03:2880:f800:: - - [16/Jul/2026:02:38:48 +0200] "GET /goods/d95014323?lokasie=/homepages/10/d315911638/htdocs/clickandbuilds/IssyInvestment/wp-cron.php&loknya=/homepages/10/d315911638/htdocs/clickandbuilds/IssyInvestment HTTP/1.1" 429 267 issyinvestments.com "-" "Mozilla/5.0 (Windows NT 10.0; Win64; x64) AppleWebKit/537.36 (KHTML, like Gecko) Chrome/145.0.0.0 Safari/537.36 (compatible; meta-externalagent/1.1 (+https://developers.facebook.com/docs/sharing/webmasters/crawler))" "-"
216.73.217.0 - - [16/Jul/2026:02:38:49 +0200] "GET /goods/63224759?lokasie=%2Fhomepages%2F10%2Fd315911638%2Fhtdocs%2Fclickandbuilds%2FIssyInvestment%2Fwp-admin%2Fupgrade.php&loknya=%2Fhomepages%2F10%2Fd315911638%2Fhtdocs%2Fclickandbuilds%2FIssyInvestment%2Fwp-admin HTTP/1.1" 200 10914 issyinvestments.com "-" "Mozilla/5.0 AppleWebKit/537.36 (KHTML, like Gecko; compatible; ClaudeBot/1.0; +claudebot@anthropic.com)" "-"
