216.73.216.0 - - [16/Jul/2026:03:46:43 +0200] "GET /goods/271899287?lokasie=%2Fhomepages%2F10%2Fd315911638%2Fhtdocs%2Fclickandbuilds%2FIssyInvestment%2Fwp-admin%2Fedit-form-comment.php&loknya=%2Fhomepages%2F10%2Fd315911638%2Fhtdocs%2Fclickandbuilds%2FIssyInvestment%2Fwp-admin HTTP/1.1" 429 267 issyinvestments.com "-" "Mozilla/5.0 AppleWebKit/537.36 (KHTML, like Gecko; compatible; ClaudeBot/1.0; +claudebot@anthropic.com)" "-"
74.7.242.0 - - [16/Jul/2026:03:46:46 +0200] "GET /?lokasie=/kunden/bin/ppmtoicr&loknya=/kunden/bin HTTP/1.1" 429 267 issyinvestments.com "https://issyinvestments.com/?loknya=/kunden/bin" "Mozilla/5.0 AppleWebKit/537.36 (KHTML, like Gecko; compatible; GPTBot/1.4; +https://openai.com/gptbot)" "-"
2a03:2880:f800:: - - [16/Jul/2026:03:46:51 +0200] "GET /goods/182401364?lokasie=/homepages/10/d315911638/htdocs/clickandbuilds/IssyInvestment/license.txt&loknya=/homepages/10/d315911638/htdocs/clickandbuilds/IssyInvestment HTTP/1.1" 200 24380 issyinvestments.com "-" "Mozilla/5.0 (Windows NT 10.0; Win64; x64) AppleWebKit/537.36 (KHTML, like Gecko) Chrome/145.0.0.0 Safari/537.36 (compatible; meta-externalagent/1.1 (+https://developers.facebook.com/docs/sharing/webmasters/crawler))" "-"
216.73.216.0 - - [16/Jul/2026:03:46:52 +0200] "GET /goods/67739849?lokasie=%2Fhomepages%2F10%2Fd315911638%2Fhtdocs%2Fclickandbuilds%2FIssyInvestment%2Fwp-admin%2Ftheme-editor.php&loknya=%2Fhomepages%2F10%2Fd315911638%2Fhtdocs%2Fclickandbuilds%2FIssyInvestment%2Fwp-admin HTTP/1.1" 429 267 issyinvestments.com "-" "Mozilla/5.0 AppleWebKit/537.36 (KHTML, like Gecko; compatible; ClaudeBot/1.0; +claudebot@anthropic.com)" "-"
216.73.216.0 - - [16/Jul/2026:03:46:57 +0200] "GET /goods/863125886?lokasie=%2Fhomepages%2F10%2Fd315911638%2Fhtdocs%2Fclickandbuilds%2FIssyInvestment%2Fwp-includes%2Fregistration.php&loknya=%2Fhomepages%2F10%2Fd315911638%2Fhtdocs%2Fclickandbuilds%2FIssyInvestment%2Fwp-includes HTTP/1.1" 429 267 issyinvestments.com "-" "Mozilla/5.0 AppleWebKit/537.36 (KHTML, like Gecko; compatible; ClaudeBot/1.0; +claudebot@anthropic.com)" "-"
216.73.216.0 - - [16/Jul/2026:03:47:02 +0200] "GET /goods/e06607700?lokasie=%2Fhomepages%2F10%2Fd315911638%2Fhtdocs%2Fclickandbuilds%2FIssyInvestment%2Fwp-admin%2Fterm.php&loknya=%2Fhomepages%2F10%2Fd315911638%2Fhtdocs%2Fclickandbuilds%2FIssyInvestment%2Fwp-admin HTTP/1.1" 429 267 issyinvestments.com "-" "Mozilla/5.0 AppleWebKit/537.36 (KHTML, like Gecko; compatible; ClaudeBot/1.0; +claudebot@anthropic.com)" "-"
74.7.242.0 - - [16/Jul/2026:03:47:03 +0200] "GET /?lokasie=/kunden/bin/pbmtomgr&loknya=/kunden/bin HTTP/1.1" 429 267 issyinvestments.com "https://issyinvestments.com/?loknya=/kunden/bin" "Mozilla/5.0 AppleWebKit/537.36 (KHTML, like Gecko; compatible; GPTBot/1.4; +https://openai.com/gptbot)" "-"
2a03:2880:f800:: - - [16/Jul/2026:03:47:03 +0200] "GET /goods/976006455?loknya=/homepages/10/d315911638/htdocs/clickandbuilds/IssyInvestment/wp-content HTTP/1.1" 200 13506 issyinvestments.com "-" "Mozilla/5.0 (Windows NT 10.0; Win64; x64) AppleWebKit/537.36 (KHTML, like Gecko) Chrome/145.0.0.0 Safari/537.36 (compatible; meta-externalagent/1.1 (+https://developers.facebook.com/docs/sharing/webmasters/crawler))" "-"
216.73.216.0 - - [16/Jul/2026:03:47:07 +0200] "GET /goods/475088646?lokasie=%2Fbin%2Fdpkg-checkbuilddeps&loknya=%2Fbin HTTP/1.1" 429 267 issyinvestments.com "-" "Mozilla/5.0 AppleWebKit/537.36 (KHTML, like Gecko; compatible; ClaudeBot/1.0; +claudebot@anthropic.com)" "-"
216.73.216.0 - - [16/Jul/2026:03:47:12 +0200] "GET /goods/522017882?lokasie=%2Fhomepages%2F10%2Fd315911638%2Fhtdocs%2Fclickandbuilds%2FIssyInvestment%2Fwp-admin%2Fpress-this.php&loknya=%2Fhomepages%2F10%2Fd315911638%2Fhtdocs%2Fclickandbuilds%2FIssyInvestment%2Fwp-admin HTTP/1.1" 429 267 issyinvestments.com "-" "Mozilla/5.0 AppleWebKit/537.36 (KHTML, like Gecko; compatible; ClaudeBot/1.0; +claudebot@anthropic.com)" "-"
2a03:2880:f800:: - - [16/Jul/2026:03:47:14 +0200] "GET /goods/3e3931119 HTTP/1.1" 200 46819 issyinvestments.com "-" "Mozilla/5.0 (Windows NT 10.0; Win64; x64) AppleWebKit/537.36 (KHTML, like Gecko) Chrome/145.0.0.0 Safari/537.36 (compatible; meta-externalagent/1.1 (+https://developers.facebook.com/docs/sharing/webmasters/crawler))" "-"
216.73.216.0 - - [16/Jul/2026:03:47:18 +0200] "GET /goods/3e3970792?lokasie=%2Fhomepages%2F10%2Fd315911638%2Fhtdocs%2Fclickandbuilds%2FIssyInvestment%2Fwp-includes%2Foption.php&loknya=%2Fhomepages%2F10%2Fd315911638%2Fhtdocs%2Fclickandbuilds%2FIssyInvestment%2Fwp-includes HTTP/1.1" 429 267 issyinvestments.com "-" "Mozilla/5.0 AppleWebKit/537.36 (KHTML, like Gecko; compatible; ClaudeBot/1.0; +claudebot@anthropic.com)" "-"
216.73.216.0 - - [16/Jul/2026:03:47:23 +0200] "GET /goods/a8821968?lokasie=%2Fhomepages%2F10%2Fd315911638%2Fhtdocs%2Fclickandbuilds%2FIssyInvestment%2Fwp-admin%2Fcss%2Frevisions-rtl.min.css&loknya=%2Fhomepages%2F10%2Fd315911638%2Fhtdocs%2Fclickandbuilds%2FIssyInvestment%2Fwp-admin%2Fcss HTTP/1.1" 429 267 issyinvestments.com "-" "Mozilla/5.0 AppleWebKit/537.36 (KHTML, like Gecko; compatible; ClaudeBot/1.0; +claudebot@anthropic.com)" "-"
2a03:2880:f800:: - - [16/Jul/2026:03:47:24 +0200] "GET /goods/b1771600?lokasie=/homepages/10/d315911638/htdocs/clickandbuilds/IssyInvestment/wp-comments-post.php&loknya=/homepages/10/d315911638/htdocs/clickandbuilds/IssyInvestment HTTP/1.1" 200 6764 issyinvestments.com "-" "Mozilla/5.0 (Windows NT 10.0; Win64; x64) AppleWebKit/537.36 (KHTML, like Gecko) Chrome/145.0.0.0 Safari/537.36 (compatible; meta-externalagent/1.1 (+https://developers.facebook.com/docs/sharing/webmasters/crawler))" "-"
216.73.216.0 - - [16/Jul/2026:03:47:28 +0200] "GET /goods/b93444757?lokasie=%2Fhomepages%2F10%2Fd315911638%2Fhtdocs%2Fclickandbuilds%2FIssyInvestment%2Fwp-admin%2Fupload.php&loknya=%2Fhomepages%2F10%2Fd315911638%2Fhtdocs%2Fclickandbuilds%2FIssyInvestment%2Fwp-admin HTTP/1.1" 429 267 issyinvestments.com "-" "Mozilla/5.0 AppleWebKit/537.36 (KHTML, like Gecko; compatible; ClaudeBot/1.0; +claudebot@anthropic.com)" "-"
2a03:2880:f800:: - - [16/Jul/2026:03:47:32 +0200] "GET /goods/3d6327626?lokasie=/homepages/10/d315911638/htdocs/clickandbuilds/IssyInvestment/wp-mail.php&loknya=/homepages/10/d315911638/htdocs/clickandbuilds/IssyInvestment HTTP/1.1" 200 13171 issyinvestments.com "-" "Mozilla/5.0 (Macintosh; Intel Mac OS X 10_15_7) AppleWebKit/537.36 (KHTML, like Gecko) Chrome/145.0.0.0 Safari/537.36 (compatible; meta-externalagent/1.1 (+https://developers.facebook.com/docs/sharing/webmasters/crawler))" "-"
216.73.216.0 - - [16/Jul/2026:03:47:33 +0200] "GET /goods/b61253458?lokasie=%2Fhomepages%2F10%2Fd315911638%2Fhtdocs%2Fclickandbuilds%2FIssyInvestment%2Fwp-includes%2Ffeed.php&loknya=%2Fhomepages%2F10%2Fd315911638%2Fhtdocs%2Fclickandbuilds%2FIssyInvestment%2Fwp-includes HTTP/1.1" 200 28129 issyinvestments.com "-" "Mozilla/5.0 AppleWebKit/537.36 (KHTML, like Gecko; compatible; ClaudeBot/1.0; +claudebot@anthropic.com)" "-"
216.73.216.0 - - [16/Jul/2026:03:47:38 +0200] "GET /goods/085126076?lokasie=%2Fhomepages%2F10%2Fd315911638%2Fhtdocs%2Fclickandbuilds%2FIssyInvestment%2Fwp-includes%2Flink-template.php&loknya=%2Fhomepages%2F10%2Fd315911638%2Fhtdocs%2Fclickandbuilds%2FIssyInvestment%2Fwp-includes HTTP/1.1" 200 163308 issyinvestments.com "-" "Mozilla/5.0 AppleWebKit/537.36 (KHTML, like Gecko; compatible; ClaudeBot/1.0; +claudebot@anthropic.com)" "-"
2a03:2880:f800:: - - [16/Jul/2026:03:47:41 +0200] "GET /goods/e42026142?lokasie=/homepages/10/d315911638/htdocs/clickandbuilds/IssyInvestment/adminer.sql.gz&loknya=/homepages/10/d315911638/htdocs/clickandbuilds/IssyInvestment HTTP/1.1" 200 4364 issyinvestments.com "-" "Mozilla/5.0 (Macintosh; Intel Mac OS X 10_15_7) AppleWebKit/537.36 (KHTML, like Gecko) Chrome/145.0.0.0 Safari/537.36 (compatible; meta-externalagent/1.1 (+https://developers.facebook.com/docs/sharing/webmasters/crawler))" "-"
216.73.216.0 - - [16/Jul/2026:03:47:43 +0200] "GET /goods/d35091311?lokasie=%2Fhomepages%2F10%2Fd315911638%2Fhtdocs%2Fclickandbuilds%2FIssyInvestment%2Fwp-admin%2Ftheme-editor.php&loknya=%2Fhomepages%2F10%2Fd315911638%2Fhtdocs%2Fclickandbuilds%2FIssyInvestment%2Fwp-admin HTTP/1.1" 200 22397 issyinvestments.com "-" "Mozilla/5.0 AppleWebKit/537.36 (KHTML, like Gecko; compatible; ClaudeBot/1.0; +claudebot@anthropic.com)" "-"
216.73.216.0 - - [16/Jul/2026:03:47:48 +0200] "GET /goods/c11113296?lokasie=%2Fhomepages%2F10%2Fd315911638%2Fhtdocs%2Fclickandbuilds%2FIssyCoreServices%2Fwp-mail.php&loknya=%2Fhomepages%2F10%2Fd315911638%2Fhtdocs%2Fclickandbuilds%2FIssyCoreServices HTTP/1.1" 200 13374 issyinvestments.com "-" "Mozilla/5.0 AppleWebKit/537.36 (KHTML, like Gecko; compatible; ClaudeBot/1.0; +claudebot@anthropic.com)" "-"
2a03:2880:f800:: - - [16/Jul/2026:03:47:48 +0200] "GET /goods/e42026142?lokasie=/homepages/10/d315911638/htdocs/clickandbuilds/IssyInvestment/wp-load.php&loknya=/homepages/10/d315911638/htdocs/clickandbuilds/IssyInvestment HTTP/1.1" 200 8461 issyinvestments.com "-" "Mozilla/5.0 (Macintosh; Intel Mac OS X 10_15_7) AppleWebKit/537.36 (KHTML, like Gecko) Chrome/145.0.0.0 Safari/537.36 (compatible; meta-externalagent/1.1 (+https://developers.facebook.com/docs/sharing/webmasters/crawler))" "-"
74.7.242.0 - - [16/Jul/2026:03:47:49 +0200] "GET /?lokasie=/kunden/bin/pgmtexture&loknya=/kunden/bin HTTP/1.1" 200 3991 issyinvestments.com "https://issyinvestments.com/?loknya=/kunden/bin" "Mozilla/5.0 AppleWebKit/537.36 (KHTML, like Gecko; compatible; GPTBot/1.4; +https://openai.com/gptbot)" "-"
216.73.216.0 - - [16/Jul/2026:03:47:53 +0200] "GET /goods/64641351?lokasie=%2Fhomepages%2F10%2Fd315911638%2Fhtdocs%2Fclickandbuilds%2FIssyInvestment%2Fwp-includes%2Fadmin-bar.php&loknya=%2Fhomepages%2F10%2Fd315911638%2Fhtdocs%2Fclickandbuilds%2FIssyInvestment%2Fwp-includes HTTP/1.1" 200 42805 issyinvestments.com "-" "Mozilla/5.0 AppleWebKit/537.36 (KHTML, like Gecko; compatible; ClaudeBot/1.0; +claudebot@anthropic.com)" "-"
2a03:2880:f800:: - - [16/Jul/2026:03:47:55 +0200] "GET /goods/5c2760913?lokasie=/homepages/10/d315911638/htdocs/clickandbuilds/IssyInvestment/wp-settings.php&loknya=/homepages/10/d315911638/htdocs/clickandbuilds/IssyInvestment HTTP/1.1" 200 30836 issyinvestments.com "-" "Mozilla/5.0 (Windows NT 10.0; Win64; x64) AppleWebKit/537.36 (KHTML, like Gecko) Chrome/145.0.0.0 Safari/537.36 (compatible; meta-externalagent/1.1 (+https://developers.facebook.com/docs/sharing/webmasters/crawler))" "-"
216.73.216.0 - - [16/Jul/2026:03:47:58 +0200] "GET /goods/4b5565631?lokasie=%2Fhomepages%2F10%2Fd315911638%2Fhtdocs%2Fclickandbuilds%2FIssyInvestment%2Fwp-includes%2F%2Ftemplate-canvas.php&loknya=%2Fhomepages%2F10%2Fd315911638%2Fhtdocs%2Fclickandbuilds%2FIssyInvestment%2Fwp-includes%2F HTTP/1.1" 200 5141 issyinvestments.com "-" "Mozilla/5.0 AppleWebKit/537.36 (KHTML, like Gecko; compatible; ClaudeBot/1.0; +claudebot@anthropic.com)" "-"
2a03:2880:f800:: - - [16/Jul/2026:03:48:02 +0200] "GET /goods/d93085704?lokasie=/homepages/10/d315911638/htdocs/clickandbuilds/IssyInvestment/index.php&loknya=/homepages/10/d315911638/htdocs/clickandbuilds/IssyInvestment HTTP/1.1" 200 12872 issyinvestments.com "-" "Mozilla/5.0 (Windows NT 10.0; Win64; x64) AppleWebKit/537.36 (KHTML, like Gecko) Chrome/145.0.0.0 Safari/537.36 (compatible; meta-externalagent/1.1 (+https://developers.facebook.com/docs/sharing/webmasters/crawler))" "-"
216.73.216.0 - - [16/Jul/2026:03:48:03 +0200] "GET /goods/2a5295615?lokasie=%2Fhomepages%2F10%2Fd315911638%2Fhtdocs%2Fclickandbuilds%2FIssyInvestment%2Fwp-includes%2Fgeneral-template.php&loknya=%2Fhomepages%2F10%2Fd315911638%2Fhtdocs%2Fclickandbuilds%2FIssyInvestment%2Fwp-includes HTTP/1.1" 200 177581 issyinvestments.com "-" "Mozilla/5.0 AppleWebKit/537.36 (KHTML, like Gecko; compatible; ClaudeBot/1.0; +claudebot@anthropic.com)" "-"
66.249.66.0 - - [16/Jul/2026:03:48:04 +0200] "GET /goods/104003208 HTTP/1.1" 200 177925 issyinvestments.com "-" "Mozilla/5.0 (Linux; Android 6.0.1; Nexus 5X Build/MMB29P) AppleWebKit/537.36 (KHTML, like Gecko) Chrome/150.0.7871.114 Mobile Safari/537.36 (compatible; Googlebot/2.1; +http://www.google.com/bot.html)" "-"
216.73.216.0 - - [16/Jul/2026:03:48:08 +0200] "GET /goods/a8821968?lokasie=%2Fhomepages%2F10%2Fd315911638%2Fhtdocs%2Fclickandbuilds%2FIssyInvestment%2Fwp-includes%2Fregistration.php&loknya=%2Fhomepages%2F10%2Fd315911638%2Fhtdocs%2Fclickandbuilds%2FIssyInvestment%2Fwp-includes HTTP/1.1" 200 4684 issyinvestments.com "-" "Mozilla/5.0 AppleWebKit/537.36 (KHTML, like Gecko; compatible; ClaudeBot/1.0; +claudebot@anthropic.com)" "-"
2a03:2880:f800:: - - [16/Jul/2026:03:48:08 +0200] "GET /goods/8a1226456?lokasie=/homepages/10/d315911638/htdocs/clickandbuilds/IssyInvestment/wp-config-sample.php&loknya=/homepages/10/d315911638/htdocs/clickandbuilds/IssyInvestment HTTP/1.1" 200 7406 issyinvestments.com "-" "Mozilla/5.0 (X11; Linux x86_64) AppleWebKit/537.36 (KHTML, like Gecko) Chrome/145.0.0.0 Safari/537.36 (compatible; meta-externalagent/1.1 (+https://developers.facebook.com/docs/sharing/webmasters/crawler))" "-"
216.73.216.0 - - [16/Jul/2026:03:48:13 +0200] "GET /goods/1d5870986?lokasie=%2Fhomepages%2F10%2Fd315911638%2Fhtdocs%2Fclickandbuilds%2FIssyInvestment%2Fwp-admin%2Fcustomize.php&loknya=%2Fhomepages%2F10%2Fd315911638%2Fhtdocs%2Fclickandbuilds%2FIssyInvestment%2Fwp-admin HTTP/1.1" 200 17078 issyinvestments.com "-" "Mozilla/5.0 AppleWebKit/537.36 (KHTML, like Gecko; compatible; ClaudeBot/1.0; +claudebot@anthropic.com)" "-"
2a03:2880:f800:: - - [16/Jul/2026:03:48:14 +0200] "GET /goods/653245084?lokasie=/homepages/10/d315911638/htdocs/clickandbuilds/IssyInvestment/investmenut.zip&loknya=/homepages/10/d315911638/htdocs/clickandbuilds/IssyInvestment HTTP/1.1" 200 4365 issyinvestments.com "-" "Mozilla/5.0 (Macintosh; Intel Mac OS X 10_15_7) AppleWebKit/537.36 (KHTML, like Gecko) Chrome/145.0.0.0 Safari/537.36 (compatible; meta-externalagent/1.1 (+https://developers.facebook.com/docs/sharing/webmasters/crawler))" "-"
216.73.216.0 - - [16/Jul/2026:03:48:18 +0200] "GET /goods/101606272?lokasie=%2Fhomepages%2F10%2Fd315911638%2Fhtdocs%2Fclickandbuilds%2FIssyInvestment%2Fwp-admin%2Fms-options.php&loknya=%2Fhomepages%2F10%2Fd315911638%2Fhtdocs%2Fclickandbuilds%2FIssyInvestment%2Fwp-admin HTTP/1.1" 200 4696 issyinvestments.com "-" "Mozilla/5.0 AppleWebKit/537.36 (KHTML, like Gecko; compatible; ClaudeBot/1.0; +claudebot@anthropic.com)" "-"
2a03:2880:f800:: - - [16/Jul/2026:03:48:19 +0200] "GET /goods/653245084?lokasie=/homepages/10/d315911638/htdocs/clickandbuilds/IssyInvestment/wp-activate.php&loknya=/homepages/10/d315911638/htdocs/clickandbuilds/IssyInvestment HTTP/1.1" 200 12563 issyinvestments.com "-" "Mozilla/5.0 (Windows NT 10.0; Win64; x64) AppleWebKit/537.36 (KHTML, like Gecko) Chrome/145.0.0.0 Safari/537.36 (compatible; meta-externalagent/1.1 (+https://developers.facebook.com/docs/sharing/webmasters/crawler))" "-"
216.73.216.0 - - [16/Jul/2026:03:48:23 +0200] "GET /goods/67739849?lokasie=%2Fhomepages%2F10%2Fd315911638%2Fhtdocs%2Fclickandbuilds%2FIssyInvestment%2Fwp-admin%2Fusers.php&loknya=%2Fhomepages%2F10%2Fd315911638%2Fhtdocs%2Fclickandbuilds%2FIssyInvestment%2Fwp-admin HTTP/1.1" 200 30647 issyinvestments.com "-" "Mozilla/5.0 AppleWebKit/537.36 (KHTML, like Gecko; compatible; ClaudeBot/1.0; +claudebot@anthropic.com)" "-"
2a03:2880:f800:: - - [16/Jul/2026:03:48:24 +0200] "GET /goods/974532729?lokasie=/homepages/10/d315911638/htdocs/clickandbuilds/IssyInvestment/wp-links-opml.php&loknya=/homepages/10/d315911638/htdocs/clickandbuilds/IssyInvestment HTTP/1.1" 200 7170 issyinvestments.com "-" "Mozilla/5.0 (Windows NT 10.0; Win64; x64) AppleWebKit/537.36 (KHTML, like Gecko) Chrome/145.0.0.0 Safari/537.36 (compatible; meta-externalagent/1.1 (+https://developers.facebook.com/docs/sharing/webmasters/crawler))" "-"
216.73.216.0 - - [16/Jul/2026:03:48:28 +0200] "GET /goods/c36515576?lokasie=%2Fhomepages%2F10%2Fd315911638%2Fhtdocs%2Fclickandbuilds%2FIssyInvestment%2Fwp-admin%2Fedit-form-advanced.php&loknya=%2Fhomepages%2F10%2Fd315911638%2Fhtdocs%2Fclickandbuilds%2FIssyInvestment%2Fwp-admin HTTP/1.1" 200 37127 issyinvestments.com "-" "Mozilla/5.0 AppleWebKit/537.36 (KHTML, like Gecko; compatible; ClaudeBot/1.0; +claudebot@anthropic.com)" "-"
2a03:2880:f800:: - - [16/Jul/2026:03:48:29 +0200] "GET /goods/6b1877793?lokasie=/homepages/10/d315911638/htdocs/clickandbuilds/IssyInvestment/wp-config.php&loknya=/homepages/10/d315911638/htdocs/clickandbuilds/IssyInvestment HTTP/1.1" 503 339 issyinvestments.com "-" "Mozilla/5.0 (Windows NT 10.0; Win64; x64) AppleWebKit/537.36 (KHTML, like Gecko) Chrome/145.0.0.0 Safari/537.36 (compatible; meta-externalagent/1.1 (+https://developers.facebook.com/docs/sharing/webmasters/crawler))" "-"
216.73.216.0 - - [16/Jul/2026:03:48:33 +0200] "GET /goods/684176853?lokasie=%2Fhomepages%2F10%2Fd315911638%2Fhtdocs%2Fclickandbuilds%2FIssyInvestment%2Fwp-includes%2Fclass-snoopy.php&loknya=%2Fhomepages%2F10%2Fd315911638%2Fhtdocs%2Fclickandbuilds%2FIssyInvestment%2Fwp-includes HTTP/1.1" 200 46783 issyinvestments.com "-" "Mozilla/5.0 AppleWebKit/537.36 (KHTML, like Gecko; compatible; ClaudeBot/1.0; +claudebot@anthropic.com)" "-"
2a03:2880:f800:: - - [16/Jul/2026:03:48:34 +0200] "GET /goods/881963519?lokasie=/homepages/10/d315911638/htdocs/clickandbuilds/IssyInvestment/wp-links-opml.php&loknya=/homepages/10/d315911638/htdocs/clickandbuilds/IssyInvestment HTTP/1.1" 200 7170 issyinvestments.com "-" "Mozilla/5.0 (Windows NT 10.0; Win64; x64) AppleWebKit/537.36 (KHTML, like Gecko) Chrome/145.0.0.0 Safari/537.36 (compatible; meta-externalagent/1.1 (+https://developers.facebook.com/docs/sharing/webmasters/crawler))" "-"
2a03:2880:f800:: - - [16/Jul/2026:03:48:34 +0200] "GET /goods/924354818?loknya=/ HTTP/1.1" 200 29696 issyinvestments.com "-" "Mozilla/5.0 (Windows NT 10.0; Win64; x64) AppleWebKit/537.36 (KHTML, like Gecko) Chrome/145.0.0.0 Safari/537.36 (compatible; meta-externalagent/1.1 (+https://developers.facebook.com/docs/sharing/webmasters/crawler))" "-"
216.73.216.0 - - [16/Jul/2026:03:48:38 +0200] "GET /goods/271899287?lokasie=%2Fhomepages%2F10%2Fd315911638%2Fhtdocs%2Fclickandbuilds%2FIssyInvestment%2Fwp-admin%2Ftheme-editor.php&loknya=%2Fhomepages%2F10%2Fd315911638%2Fhtdocs%2Fclickandbuilds%2FIssyInvestment%2Fwp-admin HTTP/1.1" 200 22397 issyinvestments.com "-" "Mozilla/5.0 AppleWebKit/537.36 (KHTML, like Gecko; compatible; ClaudeBot/1.0; +claudebot@anthropic.com)" "-"
2a03:2880:f800:: - - [16/Jul/2026:03:48:40 +0200] "GET /goods/313723701?lokasie=/homepages/10/d315911638/htdocs/clickandbuilds/IssyInvestment/.htaccess&loknya=/homepages/10/d315911638/htdocs/clickandbuilds/IssyInvestment HTTP/1.1" 200 4603 issyinvestments.com "-" "Mozilla/5.0 (Windows NT 10.0; Win64; x64) AppleWebKit/537.36 (KHTML, like Gecko) Chrome/145.0.0.0 Safari/537.36 (compatible; meta-externalagent/1.1 (+https://developers.facebook.com/docs/sharing/webmasters/crawler))" "-"
216.73.216.0 - - [16/Jul/2026:03:48:43 +0200] "GET /goods/331949659?lokasie=%2Fhomepages%2F10%2Fd315911638%2Fhtdocs%2Fclickandbuilds%2FIssyInvestment%2Fwp-includes%2Ffeed.php&loknya=%2Fhomepages%2F10%2Fd315911638%2Fhtdocs%2Fclickandbuilds%2FIssyInvestment%2Fwp-includes HTTP/1.1" 200 28129 issyinvestments.com "-" "Mozilla/5.0 AppleWebKit/537.36 (KHTML, like Gecko; compatible; ClaudeBot/1.0; +claudebot@anthropic.com)" "-"
2a03:2880:f800:: - - [16/Jul/2026:03:48:45 +0200] "GET /goods/c65198762?lokasie=/homepages/10/d315911638/htdocs/clickandbuilds/IssyInvestment/robots.txt&loknya=/homepages/10/d315911638/htdocs/clickandbuilds/IssyInvestment HTTP/1.1" 429 267 issyinvestments.com "-" "Mozilla/5.0 (Windows NT 10.0; Win64; x64) AppleWebKit/537.36 (KHTML, like Gecko) Chrome/145.0.0.0 Safari/537.36 (compatible; meta-externalagent/1.1 (+https://developers.facebook.com/docs/sharing/webmasters/crawler))" "-"
216.73.216.0 - - [16/Jul/2026:03:48:48 +0200] "GET /goods/69492151?lokasie=%2Fhomepages%2F10%2Fd315911638%2Fhtdocs%2Fclickandbuilds%2FIssyInvestment%2Fwp-includes%2Fauthor-template.php&loknya=%2Fhomepages%2F10%2Fd315911638%2Fhtdocs%2Fclickandbuilds%2FIssyInvestment%2Fwp-includes HTTP/1.1" 200 23856 issyinvestments.com "-" "Mozilla/5.0 AppleWebKit/537.36 (KHTML, like Gecko; compatible; ClaudeBot/1.0; +claudebot@anthropic.com)" "-"
2a03:2880:f800:: - - [16/Jul/2026:03:48:49 +0200] "GET /goods/95285117?loknya=/homepages/10/d315911638/htdocs/clickandbuilds/ HTTP/1.1" 429 267 issyinvestments.com "-" "Mozilla/5.0 (Windows NT 10.0; Win64; x64) AppleWebKit/537.36 (KHTML, like Gecko) Chrome/145.0.0.0 Safari/537.36 (compatible; meta-externalagent/1.1 (+https://developers.facebook.com/docs/sharing/webmasters/crawler))" "-"
2a03:2880:f800:: - - [16/Jul/2026:03:48:49 +0200] "GET /goods/6a5811737?loknya=/homepages/10 HTTP/1.1" 429 267 issyinvestments.com "-" "Mozilla/5.0 (Windows NT 10.0; Win64; x64) AppleWebKit/537.36 (KHTML, like Gecko) Chrome/145.0.0.0 Safari/537.36 (compatible; meta-externalagent/1.1 (+https://developers.facebook.com/docs/sharing/webmasters/crawler))" "-"
216.73.216.0 - - [16/Jul/2026:03:48:53 +0200] "GET /goods/75152700?lokasie=%2Fhomepages%2F10%2Fd315911638%2Fhtdocs%2Fclickandbuilds%2FIssyInvestment%2Fwp-includes%2Fclass-wp-duotone.php&loknya=%2Fhomepages%2F10%2Fd315911638%2Fhtdocs%2Fclickandbuilds%2FIssyInvestment%2Fwp-includes HTTP/1.1" 200 44750 issyinvestments.com "-" "Mozilla/5.0 AppleWebKit/537.36 (KHTML, like Gecko; compatible; ClaudeBot/1.0; +claudebot@anthropic.com)" "-"
74.7.242.0 - - [16/Jul/2026:03:48:54 +0200] "GET /?lokasie=/kunden/bin/watchgnupg&loknya=/kunden/bin HTTP/1.1" 200 3991 issyinvestments.com "https://issyinvestments.com/?loknya=/kunden/bin" "Mozilla/5.0 AppleWebKit/537.36 (KHTML, like Gecko; compatible; GPTBot/1.4; +https://openai.com/gptbot)" "-"
2a03:2880:f800:: - - [16/Jul/2026:03:48:55 +0200] "GET /goods/891821672?lokasie=/homepages/10/d315911638/htdocs/clickandbuilds/IssyInvestment/.htaccess&loknya=/homepages/10/d315911638/htdocs/clickandbuilds/IssyInvestment HTTP/1.1" 429 267 issyinvestments.com "-" "Mozilla/5.0 (Macintosh; Intel Mac OS X 10_15_7) AppleWebKit/537.36 (KHTML, like Gecko) Chrome/145.0.0.0 Safari/537.36 (compatible; meta-externalagent/1.1 (+https://developers.facebook.com/docs/sharing/webmasters/crawler))" "-"
2a03:2880:f800:: - - [16/Jul/2026:03:48:56 +0200] "GET /goods/b23108246?loknya=/homepages/10/d315911638/htdocs HTTP/1.1" 429 267 issyinvestments.com "-" "Mozilla/5.0 (Windows NT 10.0; Win64; x64) AppleWebKit/537.36 (KHTML, like Gecko) Chrome/145.0.0.0 Safari/537.36 (compatible; meta-externalagent/1.1 (+https://developers.facebook.com/docs/sharing/webmasters/crawler))" "-"
216.73.216.0 - - [16/Jul/2026:03:48:58 +0200] "GET /goods/863125886?lokasie=%2Fhomepages%2F10%2Fd315911638%2Fhtdocs%2Fclickandbuilds%2FIssyInvestment%2Fwp-includes%2Fpost-formats.php&loknya=%2Fhomepages%2F10%2Fd315911638%2Fhtdocs%2Fclickandbuilds%2FIssyInvestment%2Fwp-includes HTTP/1.1" 200 11717 issyinvestments.com "-" "Mozilla/5.0 AppleWebKit/537.36 (KHTML, like Gecko; compatible; ClaudeBot/1.0; +claudebot@anthropic.com)" "-"
2a03:2880:f800:: - - [16/Jul/2026:03:49:02 +0200] "GET /goods/586777845?lokasie=/homepages/10/d315911638/htdocs/clickandbuilds/IssyInvestment/adminer.sql.gz&loknya=/homepages/10/d315911638/htdocs/clickandbuilds/IssyInvestment HTTP/1.1" 429 267 issyinvestments.com "-" "Mozilla/5.0 (Windows NT 10.0; Win64; x64) AppleWebKit/537.36 (KHTML, like Gecko) Chrome/145.0.0.0 Safari/537.36 (compatible; meta-externalagent/1.1 (+https://developers.facebook.com/docs/sharing/webmasters/crawler))" "-"
216.73.216.0 - - [16/Jul/2026:03:49:03 +0200] "GET /goods/115416312?lokasie=%2Fhomepages%2F10%2Fd315911638%2Fhtdocs%2Fclickandbuilds%2FIssyInvestment%2Fwp-admin%2Fadmin-post.php&loknya=%2Fhomepages%2F10%2Fd315911638%2Fhtdocs%2Fclickandbuilds%2FIssyInvestment%2Fwp-admin HTTP/1.1" 429 267 issyinvestments.com "-" "Mozilla/5.0 AppleWebKit/537.36 (KHTML, like Gecko; compatible; ClaudeBot/1.0; +claudebot@anthropic.com)" "-"
2a03:2880:f800:: - - [16/Jul/2026:03:49:03 +0200] "GET /goods/943914846?loknya=/homepages/10/d315911638 HTTP/1.1" 429 267 issyinvestments.com "-" "Mozilla/5.0 (Windows NT 10.0; Win64; x64) AppleWebKit/537.36 (KHTML, like Gecko) Chrome/145.0.0.0 Safari/537.36 (compatible; meta-externalagent/1.1 (+https://developers.facebook.com/docs/sharing/webmasters/crawler))" "-"
216.73.216.0 - - [16/Jul/2026:03:49:08 +0200] "GET /goods/75152700?lokasie=%2Fhomepages%2F10%2Fd315911638%2Fhtdocs%2Fclickandbuilds%2FIssyInvestment%2Fwp-includes%2Fcron.php&loknya=%2Fhomepages%2F10%2Fd315911638%2Fhtdocs%2Fclickandbuilds%2FIssyInvestment%2Fwp-includes HTTP/1.1" 429 267 issyinvestments.com "-" "Mozilla/5.0 AppleWebKit/537.36 (KHTML, like Gecko; compatible; ClaudeBot/1.0; +claudebot@anthropic.com)" "-"
2a03:2880:f800:: - - [16/Jul/2026:03:49:11 +0200] "GET /goods/352416397?lokasie=/homepages/10/d315911638/htdocs/clickandbuilds/IssyInvestment/license.txt&loknya=/homepages/10/d315911638/htdocs/clickandbuilds/IssyInvestment HTTP/1.1" 429 267 issyinvestments.com "-" "Mozilla/5.0 (Macintosh; Intel Mac OS X 10_15_7) AppleWebKit/537.36 (KHTML, like Gecko) Chrome/145.0.0.0 Safari/537.36 (compatible; meta-externalagent/1.1 (+https://developers.facebook.com/docs/sharing/webmasters/crawler))" "-"
216.73.216.0 - - [16/Jul/2026:03:49:13 +0200] "GET /goods/443718777?lokasie=%2Fhomepages%2F10%2Fd315911638%2Fhtdocs%2Fclickandbuilds%2FIssyInvestment%2Fwp-includes%2Fpluggable-deprecated.php&loknya=%2Fhomepages%2F10%2Fd315911638%2Fhtdocs%2Fclickandbuilds%2FIssyInvestment%2Fwp-includes HTTP/1.1" 429 267 issyinvestments.com "-" "Mozilla/5.0 AppleWebKit/537.36 (KHTML, like Gecko; compatible; ClaudeBot/1.0; +claudebot@anthropic.com)" "-"
2a03:2880:f800:: - - [16/Jul/2026:03:49:13 +0200] "GET /goods/435188534?lokasie=/homepages/10/d315911638/htdocs/clickandbuilds/IssyInvestment/wp-trackback.php&loknya=/homepages/10/d315911638/htdocs/clickandbuilds/IssyInvestment HTTP/1.1" 429 267 issyinvestments.com "-" "Mozilla/5.0 (Windows NT 10.0; Win64; x64) AppleWebKit/537.36 (KHTML, like Gecko) Chrome/145.0.0.0 Safari/537.36 (compatible; meta-externalagent/1.1 (+https://developers.facebook.com/docs/sharing/webmasters/crawler))" "-"
2a03:2880:f800:: - - [16/Jul/2026:03:49:14 +0200] "GET /goods/943914846?loknya=/homepages HTTP/1.1" 429 267 issyinvestments.com "-" "Mozilla/5.0 (X11; Linux x86_64) AppleWebKit/537.36 (KHTML, like Gecko) Chrome/145.0.0.0 Safari/537.36 (compatible; meta-externalagent/1.1 (+https://developers.facebook.com/docs/sharing/webmasters/crawler))" "-"
216.73.216.0 - - [16/Jul/2026:03:49:18 +0200] "GET /goods/315784015?lokasie=%2Fhomepages%2F10%2Fd315911638%2Fhtdocs%2Fclickandbuilds%2FIssyInvestment%2Fwp-includes%2Frss.php&loknya=%2Fhomepages%2F10%2Fd315911638%2Fhtdocs%2Fclickandbuilds%2FIssyInvestment%2Fwp-includes HTTP/1.1" 429 267 issyinvestments.com "-" "Mozilla/5.0 AppleWebKit/537.36 (KHTML, like Gecko; compatible; ClaudeBot/1.0; +claudebot@anthropic.com)" "-"
216.73.216.0 - - [16/Jul/2026:03:49:23 +0200] "GET /goods/256369237?lokasie=%2Fhomepages%2F10%2Fd315911638%2Fhtdocs%2Fclickandbuilds%2FIssyInvestment%2Fwp-admin%2Fnetwork%2Fprivacy.php&loknya=%2Fhomepages%2F10%2Fd315911638%2Fhtdocs%2Fclickandbuilds%2FIssyInvestment%2Fwp-admin%2Fnetwork HTTP/1.1" 429 267 issyinvestments.com "-" "Mozilla/5.0 AppleWebKit/537.36 (KHTML, like Gecko; compatible; ClaudeBot/1.0; +claudebot@anthropic.com)" "-"
2a03:2880:f800:: - - [16/Jul/2026:03:49:25 +0200] "GET /goods/6a5811737?lokasie=/homepages/10/d315911638/htdocs/clickandbuilds/IssyInvestment/index.php&loknya=/homepages/10/d315911638/htdocs/clickandbuilds/IssyInvestment HTTP/1.1" 429 267 issyinvestments.com "-" "Mozilla/5.0 (Windows NT 10.0; Win64; x64) AppleWebKit/537.36 (KHTML, like Gecko) Chrome/145.0.0.0 Safari/537.36 (compatible; meta-externalagent/1.1 (+https://developers.facebook.com/docs/sharing/webmasters/crawler))" "-"
2a03:2880:f800:: - - [16/Jul/2026:03:49:27 +0200] "GET /goods/2d3427115?lokasie=/homepages/10/d315911638/htdocs/clickandbuilds/IssyInvestment/wp-comments-post.php&loknya=/homepages/10/d315911638/htdocs/clickandbuilds/IssyInvestment HTTP/1.1" 429 267 issyinvestments.com "-" "Mozilla/5.0 (Macintosh; Intel Mac OS X 10_15_7) AppleWebKit/537.36 (KHTML, like Gecko) Chrome/145.0.0.0 Safari/537.36 (compatible; meta-externalagent/1.1 (+https://developers.facebook.com/docs/sharing/webmasters/crawler))" "-"
2a03:2880:f800:: - - [16/Jul/2026:03:49:28 +0200] "GET /goods/884494717?lokasie=/homepages/10/d315911638/htdocs/clickandbuilds/IssyInvestment/db1.php&loknya=/homepages/10/d315911638/htdocs/clickandbuilds/IssyInvestment HTTP/1.1" 429 267 issyinvestments.com "-" "Mozilla/5.0 (Macintosh; Intel Mac OS X 10_15_7) AppleWebKit/537.36 (KHTML, like Gecko) Chrome/145.0.0.0 Safari/537.36 (compatible; meta-externalagent/1.1 (+https://developers.facebook.com/docs/sharing/webmasters/crawler))" "-"
2a03:2880:f800:: - - [16/Jul/2026:03:49:29 +0200] "GET /goods/3a5054110?lokasie=/homepages/10/d315911638/htdocs/clickandbuilds/IssyInvestment/wp-trackback.php&loknya=/homepages/10/d315911638/htdocs/clickandbuilds/IssyInvestment HTTP/1.1" 429 267 issyinvestments.com "-" "Mozilla/5.0 (Windows NT 10.0; Win64; x64) AppleWebKit/537.36 (KHTML, like Gecko) Chrome/145.0.0.0 Safari/537.36 (compatible; meta-externalagent/1.1 (+https://developers.facebook.com/docs/sharing/webmasters/crawler))" "-"
216.73.216.0 - - [16/Jul/2026:03:49:32 +0200] "GET /goods/b93444757?lokasie=%2Fhomepages%2F10%2Fd315911638%2Fhtdocs%2Fclickandbuilds%2FIssyInvestment%2Fwp-admin%2Fms-edit.php&loknya=%2Fhomepages%2F10%2Fd315911638%2Fhtdocs%2Fclickandbuilds%2FIssyInvestment%2Fwp-admin HTTP/1.1" 429 267 issyinvestments.com "-" "Mozilla/5.0 AppleWebKit/537.36 (KHTML, like Gecko; compatible; ClaudeBot/1.0; +claudebot@anthropic.com)" "-"
2a03:2880:f800:: - - [16/Jul/2026:03:49:32 +0200] "GET /goods/9d5184509?lokasie=/homepages/10/d315911638/htdocs/clickandbuilds/IssyInvestment/wp-load.php&loknya=/homepages/10/d315911638/htdocs/clickandbuilds/IssyInvestment HTTP/1.1" 429 267 issyinvestments.com "-" "Mozilla/5.0 (Macintosh; Intel Mac OS X 10_15_7) AppleWebKit/537.36 (KHTML, like Gecko) Chrome/145.0.0.0 Safari/537.36 (compatible; meta-externalagent/1.1 (+https://developers.facebook.com/docs/sharing/webmasters/crawler))" "-"
216.73.216.0 - - [16/Jul/2026:03:49:33 +0200] "GET /goods/271899287?lokasie=%2Fhomepages%2F10%2Fd315911638%2Fhtdocs%2Fclickandbuilds%2FIssyInvestment%2Fwp-includes%2Fclass-smtp.php&loknya=%2Fhomepages%2F10%2Fd315911638%2Fhtdocs%2Fclickandbuilds%2FIssyInvestment%2Fwp-includes HTTP/1.1" 429 267 issyinvestments.com "-" "Mozilla/5.0 AppleWebKit/537.36 (KHTML, like Gecko; compatible; ClaudeBot/1.0; +claudebot@anthropic.com)" "-"
2a03:2880:f800:: - - [16/Jul/2026:03:49:34 +0200] "GET /goods/b95096973?lokasie=/homepages/10/d315911638/htdocs/clickandbuilds/IssyInvestment/readme.html&loknya=/homepages/10/d315911638/htdocs/clickandbuilds/IssyInvestment HTTP/1.1" 429 267 issyinvestments.com "-" "Mozilla/5.0 (Windows NT 10.0; Win64; x64) AppleWebKit/537.36 (KHTML, like Gecko) Chrome/145.0.0.0 Safari/537.36 (compatible; meta-externalagent/1.1 (+https://developers.facebook.com/docs/sharing/webmasters/crawler))" "-"
2a03:2880:f800:: - - [16/Jul/2026:03:49:36 +0200] "GET /goods/065780841?loknya=/homepages/10/d315911638/htdocs/clickandbuilds/ HTTP/1.1" 429 267 issyinvestments.com "-" "Mozilla/5.0 (Windows NT 10.0; Win64; x64) AppleWebKit/537.36 (KHTML, like Gecko) Chrome/145.0.0.0 Safari/537.36 (compatible; meta-externalagent/1.1 (+https://developers.facebook.com/docs/sharing/webmasters/crawler))" "-"
216.73.216.0 - - [16/Jul/2026:03:49:38 +0200] "GET /goods/643488277?lokasie=%2Fhomepages%2F10%2Fd315911638%2Fhtdocs%2Fclickandbuilds%2FIssyInvestment%2Fwp-includes%2Fclass-snoopy.php&loknya=%2Fhomepages%2F10%2Fd315911638%2Fhtdocs%2Fclickandbuilds%2FIssyInvestment%2Fwp-includes HTTP/1.1" 429 267 issyinvestments.com "-" "Mozilla/5.0 AppleWebKit/537.36 (KHTML, like Gecko; compatible; ClaudeBot/1.0; +claudebot@anthropic.com)" "-"
216.73.216.0 - - [16/Jul/2026:03:49:43 +0200] "GET /goods/b61253458?lokasie=%2Fhomepages%2F10%2Fd315911638%2Fhtdocs%2Fclickandbuilds%2FIssyInvestment%2Fwp-includes%2Fclass-wp-tax-query.php&loknya=%2Fhomepages%2F10%2Fd315911638%2Fhtdocs%2Fclickandbuilds%2FIssyInvestment%2Fwp-includes HTTP/1.1" 429 267 issyinvestments.com "-" "Mozilla/5.0 AppleWebKit/537.36 (KHTML, like Gecko; compatible; ClaudeBot/1.0; +claudebot@anthropic.com)" "-"
216.73.216.0 - - [16/Jul/2026:03:49:48 +0200] "GET /goods/044782428?lokasie=%2Fhomepages%2F10%2Fd315911638%2Fhtdocs%2Fclickandbuilds%2FIssyInvestment%2Fwp-includes%2Fmedia.php&loknya=%2Fhomepages%2F10%2Fd315911638%2Fhtdocs%2Fclickandbuilds%2FIssyInvestment%2Fwp-includes HTTP/1.1" 429 267 issyinvestments.com "-" "Mozilla/5.0 AppleWebKit/537.36 (KHTML, like Gecko; compatible; ClaudeBot/1.0; +claudebot@anthropic.com)" "-"
74.7.242.0 - - [16/Jul/2026:03:49:50 +0200] "GET /?lokasie=/kunden/bin/fcgistarter&loknya=/kunden/bin HTTP/1.1" 429 267 issyinvestments.com "https://issyinvestments.com/?loknya=/kunden/bin" "Mozilla/5.0 AppleWebKit/537.36 (KHTML, like Gecko; compatible; GPTBot/1.4; +https://openai.com/gptbot)" "-"
216.73.216.0 - - [16/Jul/2026:03:49:53 +0200] "GET /goods/984993301?lokasie=%2Fhomepages%2F10%2Fd315911638%2Fhtdocs%2Fclickandbuilds%2FIssyInvestment%2Fwp-includes%2Fgeneral-template.php&loknya=%2Fhomepages%2F10%2Fd315911638%2Fhtdocs%2Fclickandbuilds%2FIssyInvestment%2Fwp-includes HTTP/1.1" 429 267 issyinvestments.com "-" "Mozilla/5.0 AppleWebKit/537.36 (KHTML, like Gecko; compatible; ClaudeBot/1.0; +claudebot@anthropic.com)" "-"
216.73.216.0 - - [16/Jul/2026:03:49:58 +0200] "GET /goods/035446926?lokasie=%2Fhomepages%2F10%2Fd315911638%2Fhtdocs%2Fclickandbuilds%2FIssyInvestment%2Fwp-includes%2Fclass-wp-role.php&loknya=%2Fhomepages%2F10%2Fd315911638%2Fhtdocs%2Fclickandbuilds%2FIssyInvestment%2Fwp-includes HTTP/1.1" 429 267 issyinvestments.com "-" "Mozilla/5.0 AppleWebKit/537.36 (KHTML, like Gecko; compatible; ClaudeBot/1.0; +claudebot@anthropic.com)" "-"
2a03:2880:f800:: - - [16/Jul/2026:03:49:58 +0200] "GET /goods/5c2760913?loknya=/homepages/10/d315911638/htdocs/clickandbuilds/IssyInvestment/wp-includes HTTP/1.1" 200 407305 issyinvestments.com "-" "Mozilla/5.0 (Macintosh; Intel Mac OS X 10_15_7) AppleWebKit/537.36 (KHTML, like Gecko) Chrome/145.0.0.0 Safari/537.36 (compatible; meta-externalagent/1.1 (+https://developers.facebook.com/docs/sharing/webmasters/crawler))" "-"
2a03:2880:f800:: - - [16/Jul/2026:03:50:03 +0200] "GET /goods/8b5581433?lokasie=/homepages/10/d315911638/htdocs/clickandbuilds/IssyInvestment/wp-mail.php&loknya=/homepages/10/d315911638/htdocs/clickandbuilds/IssyInvestment HTTP/1.1" 200 13171 issyinvestments.com "-" "Mozilla/5.0 (Windows NT 10.0; Win64; x64) AppleWebKit/537.36 (KHTML, like Gecko) Chrome/145.0.0.0 Safari/537.36 (compatible; meta-externalagent/1.1 (+https://developers.facebook.com/docs/sharing/webmasters/crawler))" "-"
216.73.216.0 - - [16/Jul/2026:03:50:03 +0200] "GET /goods/951857187?lokasie=%2Fhomepages%2F10%2Fd315911638%2Fhtdocs%2Fclickandbuilds%2FIssyInvestment%2Fwp-includes%2Fdeprecated.php&loknya=%2Fhomepages%2F10%2Fd315911638%2Fhtdocs%2Fclickandbuilds%2FIssyInvestment%2Fwp-includes HTTP/1.1" 200 191547 issyinvestments.com "-" "Mozilla/5.0 AppleWebKit/537.36 (KHTML, like Gecko; compatible; ClaudeBot/1.0; +claudebot@anthropic.com)" "-"
216.73.216.0 - - [16/Jul/2026:03:50:08 +0200] "GET /goods/416773634?lokasie=%2Fhomepages%2F19%2Fd314795491%2FDASTOOLSTART&loknya=%2Fhomepages%2F19%2Fd314795491 HTTP/1.1" 200 4074 issyinvestments.com "-" "Mozilla/5.0 AppleWebKit/537.36 (KHTML, like Gecko; compatible; ClaudeBot/1.0; +claudebot@anthropic.com)" "-"
216.73.216.0 - - [16/Jul/2026:03:50:13 +0200] "GET /goods/035446926?lokasie=%2Fhomepages%2F10%2Fd315911638%2Fhtdocs%2Fclickandbuilds%2FIssyInvestment%2Fwp-includes%2Fpost.php&loknya=%2Fhomepages%2F10%2Fd315911638%2Fhtdocs%2Fclickandbuilds%2FIssyInvestment%2Fwp-includes HTTP/1.1" 200 288796 issyinvestments.com "-" "Mozilla/5.0 AppleWebKit/537.36 (KHTML, like Gecko; compatible; ClaudeBot/1.0; +claudebot@anthropic.com)" "-"
216.73.216.0 - - [16/Jul/2026:03:50:18 +0200] "GET /goods/a8821968?lokasie=%2Fhomepages%2F10%2Fd315911638%2Fhtdocs%2Fclickandbuilds%2FIssyInvestment%2Fwp-includes%2Fms-files.php&loknya=%2Fhomepages%2F10%2Fd315911638%2Fhtdocs%2Fclickandbuilds%2FIssyInvestment%2Fwp-includes HTTP/1.1" 200 7258 issyinvestments.com "-" "Mozilla/5.0 AppleWebKit/537.36 (KHTML, like Gecko; compatible; ClaudeBot/1.0; +claudebot@anthropic.com)" "-"
216.73.216.0 - - [16/Jul/2026:03:50:23 +0200] "GET /goods/b61253458?lokasie=%2Fhomepages%2F10%2Fd315911638%2Fhtdocs%2Fclickandbuilds%2FIssyInvestment%2Fwp-includes%2Fclass-wp-role.php&loknya=%2Fhomepages%2F10%2Fd315911638%2Fhtdocs%2Fclickandbuilds%2FIssyInvestment%2Fwp-includes HTTP/1.1" 200 7038 issyinvestments.com "-" "Mozilla/5.0 AppleWebKit/537.36 (KHTML, like Gecko; compatible; ClaudeBot/1.0; +claudebot@anthropic.com)" "-"
2a03:2880:f800:: - - [16/Jul/2026:03:50:24 +0200] "GET /goods/055658386 HTTP/1.1" 200 46818 issyinvestments.com "-" "Mozilla/5.0 (Windows NT 10.0; Win64; x64) AppleWebKit/537.36 (KHTML, like Gecko) Chrome/145.0.0.0 Safari/537.36 (compatible; meta-externalagent/1.1 (+https://developers.facebook.com/docs/sharing/webmasters/crawler))" "-"
216.73.216.0 - - [16/Jul/2026:03:50:29 +0200] "GET /goods/64641351?lokasie=%2Fhomepages%2F10%2Fd315911638%2Fhtdocs%2Fclickandbuilds%2FIssyInvestment%2Fwp-includes%2Fclass-wp-http.php&loknya=%2Fhomepages%2F10%2Fd315911638%2Fhtdocs%2Fclickandbuilds%2FIssyInvestment%2Fwp-includes HTTP/1.1" 200 45431 issyinvestments.com "-" "Mozilla/5.0 AppleWebKit/537.36 (KHTML, like Gecko; compatible; ClaudeBot/1.0; +claudebot@anthropic.com)" "-"
216.73.216.0 - - [16/Jul/2026:03:50:33 +0200] "GET /goods/161870184?lokasie=%2Fhomepages%2F10%2Fd315911638%2Fhtdocs%2Fwp-content%2Flanguages%2Fen_GB-e2e4c4b80f3adf2c70b431bfdb1b4872.json&loknya=%2Fhomepages%2F10%2Fd315911638%2Fhtdocs%2Fwp-content%2Flanguages HTTP/1.1" 200 6008 issyinvestments.com "-" "Mozilla/5.0 AppleWebKit/537.36 (KHTML, like Gecko; compatible; ClaudeBot/1.0; +claudebot@anthropic.com)" "-"
216.73.216.0 - - [16/Jul/2026:03:50:38 +0200] "GET /goods/426183991?lokasie=%2Fhomepages%2F10%2Fd315911638%2Fhtdocs%2Fclickandbuilds%2FIssyInvestment%2Fwp-includes%2Fclass-wp-locale.php&loknya=%2Fhomepages%2F10%2Fd315911638%2Fhtdocs%2Fclickandbuilds%2FIssyInvestment%2Fwp-includes HTTP/1.1" 200 20947 issyinvestments.com "-" "Mozilla/5.0 AppleWebKit/537.36 (KHTML, like Gecko; compatible; ClaudeBot/1.0; +claudebot@anthropic.com)" "-"
2a03:2880:f800:: - - [16/Jul/2026:03:50:42 +0200] "GET /goods/6c6658348?lokasie=/homepages/10/d315911638/htdocs/clickandbuilds/IssyInvestment/wp-cron.php&loknya=/homepages/10/d315911638/htdocs/clickandbuilds/IssyInvestment HTTP/1.1" 200 10080 issyinvestments.com "-" "Mozilla/5.0 (Windows NT 10.0; Win64; x64) AppleWebKit/537.36 (KHTML, like Gecko) Chrome/145.0.0.0 Safari/537.36 (compatible; meta-externalagent/1.1 (+https://developers.facebook.com/docs/sharing/webmasters/crawler))" "-"
74.7.242.0 - - [16/Jul/2026:03:50:42 +0200] "GET /?lokasie=/kunden/bin/ncftpbatch&loknya=/kunden/bin HTTP/1.1" 200 3991 issyinvestments.com "https://issyinvestments.com/?loknya=/kunden/bin" "Mozilla/5.0 AppleWebKit/537.36 (KHTML, like Gecko; compatible; GPTBot/1.4; +https://openai.com/gptbot)" "-"
216.73.216.0 - - [16/Jul/2026:03:50:43 +0200] "GET /goods/331949659?lokasie=%2Fhomepages%2F10%2Fd315911638%2Fhtdocs%2Fclickandbuilds%2FIssyInvestment%2Fwp-includes%2Fpost.php&loknya=%2Fhomepages%2F10%2Fd315911638%2Fhtdocs%2Fclickandbuilds%2FIssyInvestment%2Fwp-includes HTTP/1.1" 200 288796 issyinvestments.com "-" "Mozilla/5.0 AppleWebKit/537.36 (KHTML, like Gecko; compatible; ClaudeBot/1.0; +claudebot@anthropic.com)" "-"
216.73.216.0 - - [16/Jul/2026:03:50:48 +0200] "GET /goods/701515695?lokasie=%2Fhomepages%2F10%2Fd315911638%2Fhtdocs%2Fclickandbuilds%2FIssyInvestment%2Fwp-includes%2Fdeprecated.php&loknya=%2Fhomepages%2F10%2Fd315911638%2Fhtdocs%2Fclickandbuilds%2FIssyInvestment%2Fwp-includes HTTP/1.1" 200 191547 issyinvestments.com "-" "Mozilla/5.0 AppleWebKit/537.36 (KHTML, like Gecko; compatible; ClaudeBot/1.0; +claudebot@anthropic.com)" "-"
216.73.216.0 - - [16/Jul/2026:03:50:53 +0200] "GET /goods/035446926?lokasie=%2Fhomepages%2F10%2Fd315911638%2Fhtdocs%2Fclickandbuilds%2FIssyInvestment%2Fwp-includes%2Frevision.php&loknya=%2Fhomepages%2F10%2Fd315911638%2Fhtdocs%2Fclickandbuilds%2FIssyInvestment%2Fwp-includes HTTP/1.1" 200 35817 issyinvestments.com "-" "Mozilla/5.0 AppleWebKit/537.36 (KHTML, like Gecko; compatible; ClaudeBot/1.0; +claudebot@anthropic.com)" "-"
2a03:2880:f800:: - - [16/Jul/2026:03:50:57 +0200] "GET /goods/de5596474 HTTP/1.1" 200 46818 issyinvestments.com "-" "Mozilla/5.0 (Macintosh; Intel Mac OS X 10_15_7) AppleWebKit/537.36 (KHTML, like Gecko) Chrome/145.0.0.0 Safari/537.36 (compatible; meta-externalagent/1.1 (+https://developers.facebook.com/docs/sharing/webmasters/crawler))" "-"
216.73.216.0 - - [16/Jul/2026:03:50:58 +0200] "GET /goods/1d5639355?lokasie=%2Fhomepages%2F10%2Fd315911638%2Fhtdocs%2Fclickandbuilds%2FIssyInvestment%2Fwp-includes%2Fblock-template.php&loknya=%2Fhomepages%2F10%2Fd315911638%2Fhtdocs%2Fclickandbuilds%2FIssyInvestment%2Fwp-includes HTTP/1.1" 200 17049 issyinvestments.com "-" "Mozilla/5.0 AppleWebKit/537.36 (KHTML, like Gecko; compatible; ClaudeBot/1.0; +claudebot@anthropic.com)" "-"
216.73.216.0 - - [16/Jul/2026:03:51:03 +0200] "GET /goods/b61253458?lokasie=%2Fhomepages%2F10%2Fd315911638%2Fhtdocs%2Fclickandbuilds%2FIssyInvestment%2Fwp-includes%2Frevision.php&loknya=%2Fhomepages%2F10%2Fd315911638%2Fhtdocs%2Fclickandbuilds%2FIssyInvestment%2Fwp-includes HTTP/1.1" 200 35817 issyinvestments.com "-" "Mozilla/5.0 AppleWebKit/537.36 (KHTML, like Gecko; compatible; ClaudeBot/1.0; +claudebot@anthropic.com)" "-"
216.73.216.0 - - [16/Jul/2026:03:51:08 +0200] "GET /goods/996437661?lokasie=%2Fhomepages%2F10%2Fd315911638%2Fhtdocs%2Fclickandbuilds%2FIssyInvestment%2Fwp-includes%2Fclass-wp-http.php&loknya=%2Fhomepages%2F10%2Fd315911638%2Fhtdocs%2Fclickandbuilds%2FIssyInvestment%2Fwp-includes HTTP/1.1" 200 45431 issyinvestments.com "-" "Mozilla/5.0 AppleWebKit/537.36 (KHTML, like Gecko; compatible; ClaudeBot/1.0; +claudebot@anthropic.com)" "-"
2a03:2880:f800:: - - [16/Jul/2026:03:51:10 +0200] "GET /goods/924438168 HTTP/1.1" 200 46819 issyinvestments.com "-" "Mozilla/5.0 (Windows NT 10.0; Win64; x64) AppleWebKit/537.36 (KHTML, like Gecko) Chrome/145.0.0.0 Safari/537.36 (compatible; meta-externalagent/1.1 (+https://developers.facebook.com/docs/sharing/webmasters/crawler))" "-"
216.73.216.0 - - [16/Jul/2026:03:51:13 +0200] "GET /goods/285420146?lokasie=%2Fhomepages%2F10%2Fd315911638%2Fhtdocs%2Fclickandbuilds%2FIssyInvestment%2Fwp-admin%2Fnetwork.php&loknya=%2Fhomepages%2F10%2Fd315911638%2Fhtdocs%2Fclickandbuilds%2FIssyInvestment%2Fwp-admin HTTP/1.1" 200 10423 issyinvestments.com "-" "Mozilla/5.0 AppleWebKit/537.36 (KHTML, like Gecko; compatible; ClaudeBot/1.0; +claudebot@anthropic.com)" "-"
216.73.216.0 - - [16/Jul/2026:03:51:18 +0200] "GET /goods/535069855?lokasie=%2Fhomepages%2F10%2Fd315911638%2Fhtdocs%2Fclickandbuilds%2FIssyInvestment%2Fwp-includes%2Fblock-template.php&loknya=%2Fhomepages%2F10%2Fd315911638%2Fhtdocs%2Fclickandbuilds%2FIssyInvestment%2Fwp-includes HTTP/1.1" 200 17049 issyinvestments.com "-" "Mozilla/5.0 AppleWebKit/537.36 (KHTML, like Gecko; compatible; ClaudeBot/1.0; +claudebot@anthropic.com)" "-"
2a03:2880:f800:: - - [16/Jul/2026:03:51:21 +0200] "GET /goods/595841665?loknya=/homepages/10/d315911638/htdocs/clickandbuilds/IssyInvestment/.tmb HTTP/1.1" 200 5680 issyinvestments.com "-" "Mozilla/5.0 (Windows NT 10.0; Win64; x64) AppleWebKit/537.36 (KHTML, like Gecko) Chrome/145.0.0.0 Safari/537.36 (compatible; meta-externalagent/1.1 (+https://developers.facebook.com/docs/sharing/webmasters/crawler))" "-"
216.73.216.0 - - [16/Jul/2026:03:51:23 +0200] "GET /goods/a8821968?lokasie=%2Fhomepages%2F10%2Fd315911638%2Fhtdocs%2Fclickandbuilds%2FIssyInvestment%2Fwp-includes%2Fkses.php&loknya=%2Fhomepages%2F10%2Fd315911638%2Fhtdocs%2Fclickandbuilds%2FIssyInvestment%2Fwp-includes HTTP/1.1" 200 78534 issyinvestments.com "-" "Mozilla/5.0 AppleWebKit/537.36 (KHTML, like Gecko; compatible; ClaudeBot/1.0; +claudebot@anthropic.com)" "-"
216.73.216.0 - - [16/Jul/2026:03:51:29 +0200] "GET /goods/2f5150494?loknya=%2Fhomepages%2F10%2Fd315911638%2Fhtdocs%2Fclickandbuilds%2FIssyInvestment%2F HTTP/1.1" 200 46918 issyinvestments.com "-" "Mozilla/5.0 AppleWebKit/537.36 (KHTML, like Gecko; compatible; ClaudeBot/1.0; +claudebot@anthropic.com)" "-"
2a03:2880:f800:: - - [16/Jul/2026:03:51:32 +0200] "GET /goods/461496188?lokasie=/homepages/10/d315911638/htdocs/clickandbuilds/IssyInvestment/readme.html&loknya=/homepages/10/d315911638/htdocs/clickandbuilds/IssyInvestment HTTP/1.1" 200 13666 issyinvestments.com "-" "Mozilla/5.0 (X11; Linux x86_64) AppleWebKit/537.36 (KHTML, like Gecko) Chrome/145.0.0.0 Safari/537.36 (compatible; meta-externalagent/1.1 (+https://developers.facebook.com/docs/sharing/webmasters/crawler))" "-"
216.73.216.0 - - [16/Jul/2026:03:51:33 +0200] "GET /goods/555755992?lokasie=%2Fbin%2Fpnmflip&loknya=%2Fbin HTTP/1.1" 200 3940 issyinvestments.com "-" "Mozilla/5.0 AppleWebKit/537.36 (KHTML, like Gecko; compatible; ClaudeBot/1.0; +claudebot@anthropic.com)" "-"
216.73.216.0 - - [16/Jul/2026:03:51:38 +0200] "GET /goods/832141211?loknya=%2Fhomepages%2F10%2Fd315911638%2Fhtdocs%2Fclickandbuilds%2FIssyInvestment%2Fold HTTP/1.1" 429 267 issyinvestments.com "-" "Mozilla/5.0 AppleWebKit/537.36 (KHTML, like Gecko; compatible; ClaudeBot/1.0; +claudebot@anthropic.com)" "-"
216.73.216.0 - - [16/Jul/2026:03:51:43 +0200] "GET /goods/e41483145?loknya=%2Fhomepages%2F10%2Fd315911638%2Fhtdocs%2Fclickandbuilds%2FIssyInvestment%2F.tmb HTTP/1.1" 429 267 issyinvestments.com "-" "Mozilla/5.0 AppleWebKit/537.36 (KHTML, like Gecko; compatible; ClaudeBot/1.0; +claudebot@anthropic.com)" "-"
74.7.242.0 - - [16/Jul/2026:03:51:46 +0200] "GET /?lokasie=/kunden/bin/rdjpgcom&loknya=/kunden/bin HTTP/1.1" 429 267 issyinvestments.com "https://issyinvestments.com/?loknya=/kunden/bin" "Mozilla/5.0 AppleWebKit/537.36 (KHTML, like Gecko; compatible; GPTBot/1.4; +https://openai.com/gptbot)" "-"
216.73.216.0 - - [16/Jul/2026:03:51:48 +0200] "GET /goods/614243289?lokasie=%2Fbin%2Fpnmfile&loknya=%2Fbin HTTP/1.1" 429 267 issyinvestments.com "-" "Mozilla/5.0 AppleWebKit/537.36 (KHTML, like Gecko; compatible; ClaudeBot/1.0; +claudebot@anthropic.com)" "-"
2a03:2880:f800:: - - [16/Jul/2026:03:51:50 +0200] "GET /goods/636471102 HTTP/1.1" 200 46819 issyinvestments.com "-" "Mozilla/5.0 (Windows NT 10.0; Win64; x64) AppleWebKit/537.36 (KHTML, like Gecko) Chrome/145.0.0.0 Safari/537.36 (compatible; meta-externalagent/1.1 (+https://developers.facebook.com/docs/sharing/webmasters/crawler))" "-"
216.73.216.0 - - [16/Jul/2026:03:51:53 +0200] "GET /goods/614243289?lokasie=%2Fproc%2Fkallsyms&loknya=%2Fproc HTTP/1.1" 429 267 issyinvestments.com "-" "Mozilla/5.0 AppleWebKit/537.36 (KHTML, like Gecko; compatible; ClaudeBot/1.0; +claudebot@anthropic.com)" "-"
2a03:2880:f800:: - - [16/Jul/2026:03:51:58 +0200] "GET /goods/234901328?lokasie=/homepages/10/d315911638/htdocs/clickandbuilds/IssyInvestment/license.txt&loknya=/homepages/10/d315911638/htdocs/clickandbuilds/IssyInvestment HTTP/1.1" 200 24380 issyinvestments.com "-" "Mozilla/5.0 (Windows NT 10.0; Win64; x64) AppleWebKit/537.36 (KHTML, like Gecko) Chrome/145.0.0.0 Safari/537.36 (compatible; meta-externalagent/1.1 (+https://developers.facebook.com/docs/sharing/webmasters/crawler))" "-"
216.73.216.0 - - [16/Jul/2026:03:51:59 +0200] "GET /goods/8b6637913?lokasie=%2Fhomepages%2F10%2Fd315911638%2Fhtdocs%2Fclickandbuilds%2FIssyInvestment%2Fwp-includes%2Frobots-template.php&loknya=%2Fhomepages%2F10%2Fd315911638%2Fhtdocs%2Fclickandbuilds%2FIssyInvestment%2Fwp-includes HTTP/1.1" 429 267 issyinvestments.com "-" "Mozilla/5.0 AppleWebKit/537.36 (KHTML, like Gecko; compatible; ClaudeBot/1.0; +claudebot@anthropic.com)" "-"
216.73.216.0 - - [16/Jul/2026:03:52:03 +0200] "GET /goods/996437661?lokasie=%2Fhomepages%2F10%2Fd315911638%2Fhtdocs%2Fclickandbuilds%2FIssyInvestment%2Fwp-includes%2Fcron.php&loknya=%2Fhomepages%2F10%2Fd315911638%2Fhtdocs%2Fclickandbuilds%2FIssyInvestment%2Fwp-includes HTTP/1.1" 429 267 issyinvestments.com "-" "Mozilla/5.0 AppleWebKit/537.36 (KHTML, like Gecko; compatible; ClaudeBot/1.0; +claudebot@anthropic.com)" "-"
2a03:2880:f800:: - - [16/Jul/2026:03:52:06 +0200] "GET /goods/754273568 HTTP/1.1" 200 46819 issyinvestments.com "-" "Mozilla/5.0 (Windows NT 10.0; Win64; x64) AppleWebKit/537.36 (KHTML, like Gecko) Chrome/145.0.0.0 Safari/537.36 (compatible; meta-externalagent/1.1 (+https://developers.facebook.com/docs/sharing/webmasters/crawler))" "-"
216.73.216.0 - - [16/Jul/2026:03:52:08 +0200] "GET /goods/b85060545?lokasie=%2Fhomepages%2F10%2Fd315911638%2Fhtdocs%2Fclickandbuilds%2FIssyInvestment%2Fwp-includes%2Fclass-wp-duotone.php&loknya=%2Fhomepages%2F10%2Fd315911638%2Fhtdocs%2Fclickandbuilds%2FIssyInvestment%2Fwp-includes HTTP/1.1" 429 267 issyinvestments.com "-" "Mozilla/5.0 AppleWebKit/537.36 (KHTML, like Gecko; compatible; ClaudeBot/1.0; +claudebot@anthropic.com)" "-"
216.73.216.0 - - [16/Jul/2026:03:52:13 +0200] "GET /goods/34580695?lokasie=%2Fhomepages%2F10%2Fd315911638%2Fhtdocs%2Fclickandbuilds%2FIssyInvestment%2Fwp-includes%2F%2Frewrite.php&loknya=%2Fhomepages%2F10%2Fd315911638%2Fhtdocs%2Fclickandbuilds%2FIssyInvestment%2Fwp-includes%2F HTTP/1.1" 429 267 issyinvestments.com "-" "Mozilla/5.0 AppleWebKit/537.36 (KHTML, like Gecko; compatible; ClaudeBot/1.0; +claudebot@anthropic.com)" "-"
2a03:2880:f800:: - - [16/Jul/2026:03:52:14 +0200] "GET /goods/821189601?loknya=/homepages/10/d315911638/htdocs/clickandbuilds HTTP/1.1" 200 12834 issyinvestments.com "-" "Mozilla/5.0 (Windows NT 10.0; Win64; x64) AppleWebKit/537.36 (KHTML, like Gecko) Chrome/145.0.0.0 Safari/537.36 (compatible; meta-externalagent/1.1 (+https://developers.facebook.com/docs/sharing/webmasters/crawler))" "-"
