216.73.216.0 - - [16/Jul/2026:01:01:37 +0200] "GET /goods/3e3970792?lokasie=%2Fhomepages%2F10%2Fd315911638%2Fhtdocs%2Fclickandbuilds%2FIssyInvestment%2Fwp-includes%2Fblocks.php&loknya=%2Fhomepages%2F10%2Fd315911638%2Fhtdocs%2Fclickandbuilds%2FIssyInvestment%2Fwp-includes HTTP/1.1" 200 78579 issyinvestments.com "-" "Mozilla/5.0 AppleWebKit/537.36 (KHTML, like Gecko; compatible; ClaudeBot/1.0; +claudebot@anthropic.com)" "-"
185.177.72.0 - - [16/Jul/2026:01:01:37 +0200] "GET /%2eaws/credentials HTTP/1.1" 500 2746 issyconsulting.com "-" "curl/8.7.1" "-"
2a03:2880:f800:: - - [16/Jul/2026:01:01:38 +0200] "GET /goods/6b668875?loknya=/ HTTP/1.1" 200 29695 issyinvestments.com "-" "Mozilla/5.0 (Macintosh; Intel Mac OS X 10_15_7) AppleWebKit/537.36 (KHTML, like Gecko) Chrome/145.0.0.0 Safari/537.36 (compatible; meta-externalagent/1.1 (+https://developers.facebook.com/docs/sharing/webmasters/crawler))" "-"
185.177.72.0 - - [16/Jul/2026:01:01:38 +0200] "GET /%2eenv%2eaws HTTP/1.1" 500 2746 issyconsulting.com "-" "curl/8.7.1" "-"
185.177.72.0 - - [16/Jul/2026:01:01:39 +0200] "GET /s3/credentials HTTP/1.1" 500 2746 issyconsulting.com "-" "curl/8.7.1" "-"
185.177.72.0 - - [16/Jul/2026:01:01:40 +0200] "GET /s3/bucket%2eenv HTTP/1.1" 500 2746 issyconsulting.com "-" "curl/8.7.1" "-"
185.177.72.0 - - [16/Jul/2026:01:01:41 +0200] "GET /s3/bucket HTTP/1.1" 500 2746 issyconsulting.com "-" "curl/8.7.1" "-"
216.73.216.0 - - [16/Jul/2026:01:01:42 +0200] "GET /goods/211523579?lokasie=%2Fhomepages%2F10%2Fd315911638%2Fhtdocs%2Fclickandbuilds%2FIssyInvestment%2Fwp-includes%2Fclass-simplepie.php&loknya=%2Fhomepages%2F10%2Fd315911638%2Fhtdocs%2Fclickandbuilds%2FIssyInvestment%2Fwp-includes HTTP/1.1" 200 105876 issyinvestments.com "-" "Mozilla/5.0 AppleWebKit/537.36 (KHTML, like Gecko; compatible; ClaudeBot/1.0; +claudebot@anthropic.com)" "-"
185.177.72.0 - - [16/Jul/2026:01:01:42 +0200] "GET /s3/buckets HTTP/1.1" 500 2746 issyconsulting.com "-" "curl/8.7.1" "-"
2a03:2880:f800:: - - [16/Jul/2026:01:01:43 +0200] "GET /goods/996671391?lokasie=/homepages/10/d315911638/htdocs/clickandbuilds/IssyInvestment/investmenut.zip&loknya=/homepages/10/d315911638/htdocs/clickandbuilds/IssyInvestment HTTP/1.1" 200 4365 issyinvestments.com "-" "Mozilla/5.0 (Macintosh; Intel Mac OS X 10_15_7) AppleWebKit/537.36 (KHTML, like Gecko) Chrome/145.0.0.0 Safari/537.36 (compatible; meta-externalagent/1.1 (+https://developers.facebook.com/docs/sharing/webmasters/crawler))" "-"
185.177.72.0 - - [16/Jul/2026:01:01:43 +0200] "GET /s3/backup HTTP/1.1" 500 2746 issyconsulting.com "-" "curl/8.7.1" "-"
185.177.72.0 - - [16/Jul/2026:01:01:44 +0200] "GET /s3%2eyml HTTP/1.1" 500 2746 issyconsulting.com "-" "curl/8.7.1" "-"
185.177.72.0 - - [16/Jul/2026:01:01:45 +0200] "GET /s3%2eyaml HTTP/1.1" 500 2746 issyconsulting.com "-" "curl/8.7.1" "-"
185.177.72.0 - - [16/Jul/2026:01:01:46 +0200] "GET /s3%2eproperties HTTP/1.1" 500 2746 issyconsulting.com "-" "curl/8.7.1" "-"
216.73.216.0 - - [16/Jul/2026:01:01:47 +0200] "GET /goods/a8821968?lokasie=%2Fhomepages%2F10%2Fd315911638%2Fhtdocs%2Fclickandbuilds%2FIssyInvestment%2Fwp-includes%2Fclass-snoopy.php&loknya=%2Fhomepages%2F10%2Fd315911638%2Fhtdocs%2Fclickandbuilds%2FIssyInvestment%2Fwp-includes HTTP/1.1" 200 46783 issyinvestments.com "-" "Mozilla/5.0 AppleWebKit/537.36 (KHTML, like Gecko; compatible; ClaudeBot/1.0; +claudebot@anthropic.com)" "-"
185.177.72.0 - - [16/Jul/2026:01:01:47 +0200] "GET /s3%2ekey HTTP/1.1" 500 2746 issyconsulting.com "-" "curl/8.7.1" "-"
2a03:2880:f800:: - - [16/Jul/2026:01:01:48 +0200] "GET /goods/233917366?lokasie=/homepages/10/d315911638/htdocs/clickandbuilds/IssyInvestment/db1.php&loknya=/homepages/10/d315911638/htdocs/clickandbuilds/IssyInvestment HTTP/1.1" 429 267 issyinvestments.com "-" "Mozilla/5.0 (Windows NT 10.0; Win64; x64) AppleWebKit/537.36 (KHTML, like Gecko) Chrome/145.0.0.0 Safari/537.36 (compatible; meta-externalagent/1.1 (+https://developers.facebook.com/docs/sharing/webmasters/crawler))" "-"
185.177.72.0 - - [16/Jul/2026:01:01:48 +0200] "GET /s3%2esecret HTTP/1.1" 500 2746 issyconsulting.com "-" "curl/8.7.1" "-"
185.177.72.0 - - [16/Jul/2026:01:01:49 +0200] "GET /s3/%2eenv%2ebak HTTP/1.1" 500 2746 issyconsulting.com "-" "curl/8.7.1" "-"
185.177.72.0 - - [16/Jul/2026:01:01:50 +0200] "GET /root/%2eaws/credentials HTTP/1.1" 500 2746 issyconsulting.com "-" "curl/8.7.1" "-"
2a03:2880:f800:: - - [16/Jul/2026:01:01:52 +0200] "GET /goods/6c340865?lokasie=/homepages/10/d315911638/htdocs/clickandbuilds/IssyInvestment/.htaccess&loknya=/homepages/10/d315911638/htdocs/clickandbuilds/IssyInvestment HTTP/1.1" 429 267 issyinvestments.com "-" "Mozilla/5.0 (Macintosh; Intel Mac OS X 10_15_7) AppleWebKit/537.36 (KHTML, like Gecko) Chrome/145.0.0.0 Safari/537.36 (compatible; meta-externalagent/1.1 (+https://developers.facebook.com/docs/sharing/webmasters/crawler))" "-"
216.73.216.0 - - [16/Jul/2026:01:01:52 +0200] "GET /goods/db3210515?lokasie=%2Fhomepages%2F10%2Fd315911638%2Fhtdocs%2Fclickandbuilds%2FIssyInvestment%2Fwp-admin%2Fedit.php&loknya=%2Fhomepages%2F10%2Fd315911638%2Fhtdocs%2Fclickandbuilds%2FIssyInvestment%2Fwp-admin HTTP/1.1" 200 25807 issyinvestments.com "-" "Mozilla/5.0 AppleWebKit/537.36 (KHTML, like Gecko; compatible; ClaudeBot/1.0; +claudebot@anthropic.com)" "-"
2a03:2880:f800:: - - [16/Jul/2026:01:01:52 +0200] "GET /goods/9d5184509?loknya=/homepages/10/d315911638/htdocs HTTP/1.1" 429 267 issyinvestments.com "-" "Mozilla/5.0 (Macintosh; Intel Mac OS X 10_15_7) AppleWebKit/537.36 (KHTML, like Gecko) Chrome/145.0.0.0 Safari/537.36 (compatible; meta-externalagent/1.1 (+https://developers.facebook.com/docs/sharing/webmasters/crawler))" "-"
185.177.72.0 - - [16/Jul/2026:01:01:52 +0200] "GET /root/%2eaws/config HTTP/1.1" 500 2746 issyconsulting.com "-" "curl/8.7.1" "-"
185.177.72.0 - - [16/Jul/2026:01:01:53 +0200] "GET /home/*/%2eaws/credentials HTTP/1.1" 500 2746 issyconsulting.com "-" "curl/8.7.1" "-"
185.177.72.0 - - [16/Jul/2026:01:01:54 +0200] "GET /%2eboto HTTP/1.1" 500 2746 issyconsulting.com "-" "curl/8.7.1" "-"
82.165.80.0 - - [16/Jul/2026:01:01:55 +0200] "POST /wp-cron.php?doing_wp_cron=1784156515.2143180370330810546875 HTTP/1.1" 500 2704 issyconsulting.com "-" "WordPress/7.0.1; https://issyconsulting.com" "-"
185.177.72.0 - - [16/Jul/2026:01:01:56 +0200] "GET /root/%2eboto HTTP/1.1" 500 2746 issyconsulting.com "-" "curl/8.7.1" "-"
2a03:2880:f800:: - - [16/Jul/2026:01:01:57 +0200] "GET /goods/3790938?lokasie=/homepages/10/d315911638/htdocs/clickandbuilds/IssyInvestment/index.php&loknya=/homepages/10/d315911638/htdocs/clickandbuilds/IssyInvestment HTTP/1.1" 429 267 issyinvestments.com "-" "Mozilla/5.0 (Windows NT 10.0; Win64; x64) AppleWebKit/537.36 (KHTML, like Gecko) Chrome/145.0.0.0 Safari/537.36 (compatible; meta-externalagent/1.1 (+https://developers.facebook.com/docs/sharing/webmasters/crawler))" "-"
216.73.216.0 - - [16/Jul/2026:01:01:57 +0200] "GET /goods/1d5870986?lokasie=%2Fhomepages%2F10%2Fd315911638%2Fhtdocs%2Fclickandbuilds%2FIssyInvestment%2Fwp-admin%2Fcustom-header.php&loknya=%2Fhomepages%2F10%2Fd315911638%2Fhtdocs%2Fclickandbuilds%2FIssyInvestment%2Fwp-admin HTTP/1.1" 429 267 issyinvestments.com "-" "Mozilla/5.0 AppleWebKit/537.36 (KHTML, like Gecko; compatible; ClaudeBot/1.0; +claudebot@anthropic.com)" "-"
2a03:2880:f800:: - - [16/Jul/2026:01:01:57 +0200] "GET /goods/764685783?loknya=/ HTTP/1.1" 429 267 issyinvestments.com "-" "Mozilla/5.0 (Macintosh; Intel Mac OS X 10_15_7) AppleWebKit/537.36 (KHTML, like Gecko) Chrome/145.0.0.0 Safari/537.36 (compatible; meta-externalagent/1.1 (+https://developers.facebook.com/docs/sharing/webmasters/crawler))" "-"
185.177.72.0 - - [16/Jul/2026:01:01:57 +0200] "GET /%2es3cfg HTTP/1.1" 500 2746 issyconsulting.com "-" "curl/8.7.1" "-"
185.177.72.0 - - [16/Jul/2026:01:01:58 +0200] "GET /root/%2es3cfg HTTP/1.1" 500 2746 issyconsulting.com "-" "curl/8.7.1" "-"
185.177.72.0 - - [16/Jul/2026:01:01:59 +0200] "GET /etc/boto%2ecfg HTTP/1.1" 500 2746 issyconsulting.com "-" "curl/8.7.1" "-"
185.177.72.0 - - [16/Jul/2026:01:02:00 +0200] "GET /%2eterraform/credentials%2etfrc%2ejson HTTP/1.1" 500 2746 issyconsulting.com "-" "curl/8.7.1" "-"
185.177.72.0 - - [16/Jul/2026:01:02:01 +0200] "GET /terraform%2etfstate HTTP/1.1" 500 2746 issyconsulting.com "-" "curl/8.7.1" "-"
216.73.216.0 - - [16/Jul/2026:01:02:02 +0200] "GET /goods/56550874?lokasie=%2Fhomepages%2F10%2Fd315911638%2Fhtdocs%2Fclickandbuilds%2FIssyInvestment%2Fold%2Fwp-includes%2Fupdate.php&loknya=%2Fhomepages%2F10%2Fd315911638%2Fhtdocs%2Fclickandbuilds%2FIssyInvestment%2Fold%2Fwp-includes HTTP/1.1" 429 267 issyinvestments.com "-" "Mozilla/5.0 AppleWebKit/537.36 (KHTML, like Gecko; compatible; ClaudeBot/1.0; +claudebot@anthropic.com)" "-"
185.177.72.0 - - [16/Jul/2026:01:02:02 +0200] "GET /terraform%2etfstate%2ebackup HTTP/1.1" 500 2746 issyconsulting.com "-" "curl/8.7.1" "-"
2a03:2880:f800:: - - [16/Jul/2026:01:02:03 +0200] "GET /goods/3a5054110?lokasie=/homepages/10/d315911638/htdocs/clickandbuilds/IssyInvestment/wp-mail.php&loknya=/homepages/10/d315911638/htdocs/clickandbuilds/IssyInvestment HTTP/1.1" 429 267 issyinvestments.com "-" "Mozilla/5.0 (Windows NT 10.0; Win64; x64) AppleWebKit/537.36 (KHTML, like Gecko) Chrome/145.0.0.0 Safari/537.36 (compatible; meta-externalagent/1.1 (+https://developers.facebook.com/docs/sharing/webmasters/crawler))" "-"
185.177.72.0 - - [16/Jul/2026:01:02:03 +0200] "GET /%2eterraform%2etfstate HTTP/1.1" 500 2746 issyconsulting.com "-" "curl/8.7.1" "-"
2a03:2880:f800:: - - [16/Jul/2026:01:02:04 +0200] "GET /goods/f21735015?lokasie=/homepages/10/d315911638/htdocs/clickandbuilds/IssyInvestment/wp-links-opml.php&loknya=/homepages/10/d315911638/htdocs/clickandbuilds/IssyInvestment HTTP/1.1" 429 267 issyinvestments.com "-" "Mozilla/5.0 (Windows NT 10.0; Win64; x64) AppleWebKit/537.36 (KHTML, like Gecko) Chrome/145.0.0.0 Safari/537.36 (compatible; meta-externalagent/1.1 (+https://developers.facebook.com/docs/sharing/webmasters/crawler))" "-"
185.177.72.0 - - [16/Jul/2026:01:02:04 +0200] "GET /serverless%2eyml HTTP/1.1" 500 2746 issyconsulting.com "-" "curl/8.7.1" "-"
185.177.72.0 - - [16/Jul/2026:01:02:05 +0200] "GET /serverless%2eyaml HTTP/1.1" 500 2746 issyconsulting.com "-" "curl/8.7.1" "-"
185.177.72.0 - - [16/Jul/2026:01:02:06 +0200] "GET /sam-template%2eyaml HTTP/1.1" 500 2746 issyconsulting.com "-" "curl/8.7.1" "-"
185.177.72.0 - - [16/Jul/2026:01:02:07 +0200] "GET /template%2eyaml HTTP/1.1" 500 2746 issyconsulting.com "-" "curl/8.7.1" "-"
216.73.216.0 - - [16/Jul/2026:01:02:08 +0200] "GET /goods/331949659?lokasie=%2Fhomepages%2F10%2Fd315911638%2Fhtdocs%2Fclickandbuilds%2FIssyInvestment%2Fwp-includes%2Fblock-editor.php&loknya=%2Fhomepages%2F10%2Fd315911638%2Fhtdocs%2Fclickandbuilds%2FIssyInvestment%2Fwp-includes HTTP/1.1" 429 267 issyinvestments.com "-" "Mozilla/5.0 AppleWebKit/537.36 (KHTML, like Gecko; compatible; ClaudeBot/1.0; +claudebot@anthropic.com)" "-"
185.177.72.0 - - [16/Jul/2026:01:02:08 +0200] "GET /amplify/team-provider-info%2ejson HTTP/1.1" 500 2746 issyconsulting.com "-" "curl/8.7.1" "-"
185.177.72.0 - - [16/Jul/2026:01:02:09 +0200] "GET /%2eamplifyrc HTTP/1.1" 500 2746 issyconsulting.com "-" "curl/8.7.1" "-"
185.177.72.0 - - [16/Jul/2026:01:02:10 +0200] "GET /$(pwd)/terraform%2etfstate HTTP/1.1" 500 2746 issyconsulting.com "-" "curl/8.7.1" "-"
2a03:2880:f800:: - - [16/Jul/2026:01:02:11 +0200] "GET /goods/313723701?lokasie=/homepages/10/d315911638/htdocs/clickandbuilds/IssyInvestment/wp-config.php&loknya=/homepages/10/d315911638/htdocs/clickandbuilds/IssyInvestment HTTP/1.1" 429 267 issyinvestments.com "-" "Mozilla/5.0 (Windows NT 10.0; Win64; x64) AppleWebKit/537.36 (KHTML, like Gecko) Chrome/145.0.0.0 Safari/537.36 Edg/145.0.0.0 (compatible; meta-externalagent/1.1 (+https://developers.facebook.com/docs/sharing/webmasters/crawler))" "-"
185.177.72.0 - - [16/Jul/2026:01:02:11 +0200] "GET /$(pwd)/%2eterraform/terraform%2etfstate HTTP/1.1" 500 2746 issyconsulting.com "-" "curl/8.7.1" "-"
216.73.216.0 - - [16/Jul/2026:01:02:12 +0200] "GET /goods/211523579?lokasie=%2Fhomepages%2F10%2Fd315911638%2Fhtdocs%2Fclickandbuilds%2FIssyInvestment%2Fwp-includes%2Fsession.php&loknya=%2Fhomepages%2F10%2Fd315911638%2Fhtdocs%2Fclickandbuilds%2FIssyInvestment%2Fwp-includes HTTP/1.1" 429 267 issyinvestments.com "-" "Mozilla/5.0 AppleWebKit/537.36 (KHTML, like Gecko; compatible; ClaudeBot/1.0; +claudebot@anthropic.com)" "-"
185.177.72.0 - - [16/Jul/2026:01:02:12 +0200] "GET /$(pwd)/terraform%2etfvars HTTP/1.1" 500 2746 issyconsulting.com "-" "curl/8.7.1" "-"
2a03:2880:f800:: - - [16/Jul/2026:01:02:13 +0200] "GET /goods/c13857287?lokasie=/homepages/10/d315911638/htdocs/clickandbuilds/IssyInvestment/wp-signup.php&loknya=/homepages/10/d315911638/htdocs/clickandbuilds/IssyInvestment HTTP/1.1" 429 267 issyinvestments.com "-" "Mozilla/5.0 (Windows NT 10.0; Win64; x64) AppleWebKit/537.36 (KHTML, like Gecko) Chrome/145.0.0.0 Safari/537.36 (compatible; meta-externalagent/1.1 (+https://developers.facebook.com/docs/sharing/webmasters/crawler))" "-"
185.177.72.0 - - [16/Jul/2026:01:02:13 +0200] "GET /$(pwd)/*%2eauto%2etfvars HTTP/1.1" 500 2746 issyconsulting.com "-" "curl/8.7.1" "-"
2a03:2880:f800:: - - [16/Jul/2026:01:02:14 +0200] "GET /goods/9b1266766 HTTP/1.1" 429 267 issyinvestments.com "-" "Mozilla/5.0 (Macintosh; Intel Mac OS X 10_15_7) AppleWebKit/537.36 (KHTML, like Gecko) Chrome/145.0.0.0 Safari/537.36 (compatible; meta-externalagent/1.1 (+https://developers.facebook.com/docs/sharing/webmasters/crawler))" "-"
185.177.72.0 - - [16/Jul/2026:01:02:14 +0200] "GET /app/terraform%2etfstate HTTP/1.1" 500 2746 issyconsulting.com "-" "curl/8.7.1" "-"
185.177.72.0 - - [16/Jul/2026:01:02:15 +0200] "GET /app/%2eterraform/terraform%2etfstate HTTP/1.1" 500 2746 issyconsulting.com "-" "curl/8.7.1" "-"
185.177.72.0 - - [16/Jul/2026:01:02:16 +0200] "GET /~/%2eaws/credentials HTTP/1.1" 500 2746 issyconsulting.com "-" "curl/8.7.1" "-"
216.73.216.0 - - [16/Jul/2026:01:02:17 +0200] "GET /goods/b61253458?lokasie=%2Fhomepages%2F10%2Fd315911638%2Fhtdocs%2Fclickandbuilds%2FIssyInvestment%2Fwp-includes%2Fcomment-template.php&loknya=%2Fhomepages%2F10%2Fd315911638%2Fhtdocs%2Fclickandbuilds%2FIssyInvestment%2Fwp-includes HTTP/1.1" 429 267 issyinvestments.com "-" "Mozilla/5.0 AppleWebKit/537.36 (KHTML, like Gecko; compatible; ClaudeBot/1.0; +claudebot@anthropic.com)" "-"
185.177.72.0 - - [16/Jul/2026:01:02:17 +0200] "GET /~/%2eaws/config HTTP/1.1" 500 2746 issyconsulting.com "-" "curl/8.7.1" "-"
185.177.72.0 - - [16/Jul/2026:01:02:18 +0200] "GET /~/%2eboto HTTP/1.1" 500 2746 issyconsulting.com "-" "curl/8.7.1" "-"
185.177.72.0 - - [16/Jul/2026:01:02:19 +0200] "GET /~/%2es3cfg HTTP/1.1" 500 2746 issyconsulting.com "-" "curl/8.7.1" "-"
185.177.72.0 - - [16/Jul/2026:01:02:20 +0200] "GET /%2eterraform%2elock%2ehcl HTTP/1.1" 500 2746 issyconsulting.com "-" "curl/8.7.1" "-"
185.177.72.0 - - [16/Jul/2026:01:02:21 +0200] "GET /terraform/terraform%2etfvars%2ejson HTTP/1.1" 500 2746 issyconsulting.com "-" "curl/8.7.1" "-"
216.73.216.0 - - [16/Jul/2026:01:02:22 +0200] "GET /goods/035446926?lokasie=%2Fhomepages%2F10%2Fd315911638%2Fhtdocs%2Fclickandbuilds%2FIssyInvestment%2Fwp-includes%2Fcomment-template.php&loknya=%2Fhomepages%2F10%2Fd315911638%2Fhtdocs%2Fclickandbuilds%2FIssyInvestment%2Fwp-includes HTTP/1.1" 429 267 issyinvestments.com "-" "Mozilla/5.0 AppleWebKit/537.36 (KHTML, like Gecko; compatible; ClaudeBot/1.0; +claudebot@anthropic.com)" "-"
185.177.72.0 - - [16/Jul/2026:01:02:22 +0200] "GET /var/task/amplify%2eyml HTTP/1.1" 500 2746 issyconsulting.com "-" "curl/8.7.1" "-"
2a03:2880:f800:: - - [16/Jul/2026:01:02:23 +0200] "GET /goods/c13857287?lokasie=/homepages/10/d315911638/htdocs/clickandbuilds/IssyInvestment/wp-links-opml.php&loknya=/homepages/10/d315911638/htdocs/clickandbuilds/IssyInvestment HTTP/1.1" 429 267 issyinvestments.com "-" "Mozilla/5.0 (Windows NT 10.0; Win64; x64) AppleWebKit/537.36 (KHTML, like Gecko) Chrome/145.0.0.0 Safari/537.36 (compatible; meta-externalagent/1.1 (+https://developers.facebook.com/docs/sharing/webmasters/crawler))" "-"
185.177.72.0 - - [16/Jul/2026:01:02:23 +0200] "GET /var/task/amplify%2eyaml HTTP/1.1" 500 2746 issyconsulting.com "-" "curl/8.7.1" "-"
185.177.72.0 - - [16/Jul/2026:01:02:24 +0200] "GET /app/amplify%2eyml HTTP/1.1" 500 2746 issyconsulting.com "-" "curl/8.7.1" "-"
2a03:2880:f800:: - - [16/Jul/2026:01:02:25 +0200] "GET /goods/411383032?lokasie=/homepages/10/d315911638/htdocs/clickandbuilds/IssyInvestment/investmenut.zip&loknya=/homepages/10/d315911638/htdocs/clickandbuilds/IssyInvestment HTTP/1.1" 429 267 issyinvestments.com "-" "Mozilla/5.0 (Macintosh; Intel Mac OS X 10_15_7) AppleWebKit/537.36 (KHTML, like Gecko) Chrome/145.0.0.0 Safari/537.36 (compatible; meta-externalagent/1.1 (+https://developers.facebook.com/docs/sharing/webmasters/crawler))" "-"
185.177.72.0 - - [16/Jul/2026:01:02:25 +0200] "GET /app/amplify%2eyaml HTTP/1.1" 500 2746 issyconsulting.com "-" "curl/8.7.1" "-"
185.177.72.0 - - [16/Jul/2026:01:02:26 +0200] "GET /var/task/amplify/backend/function/*/src/index%2ejs HTTP/1.1" 500 2746 issyconsulting.com "-" "curl/8.7.1" "-"
2a03:2880:f800:: - - [16/Jul/2026:01:02:27 +0200] "GET /goods/234901328?lokasie=/homepages/10/d315911638/htdocs/clickandbuilds/IssyInvestment/readme.html&loknya=/homepages/10/d315911638/htdocs/clickandbuilds/IssyInvestment HTTP/1.1" 429 267 issyinvestments.com "-" "Mozilla/5.0 (Windows NT 10.0; Win64; x64) AppleWebKit/537.36 (KHTML, like Gecko) Chrome/145.0.0.0 Safari/537.36 (compatible; meta-externalagent/1.1 (+https://developers.facebook.com/docs/sharing/webmasters/crawler))" "-"
216.73.216.0 - - [16/Jul/2026:01:02:27 +0200] "GET /goods/701515695?lokasie=%2Fhomepages%2F10%2Fd315911638%2Fhtdocs%2Fclickandbuilds%2FIssyInvestment%2Fwp-includes%2Fclass-wp-site.php&loknya=%2Fhomepages%2F10%2Fd315911638%2Fhtdocs%2Fclickandbuilds%2FIssyInvestment%2Fwp-includes HTTP/1.1" 429 267 issyinvestments.com "-" "Mozilla/5.0 AppleWebKit/537.36 (KHTML, like Gecko; compatible; ClaudeBot/1.0; +claudebot@anthropic.com)" "-"
185.177.72.0 - - [16/Jul/2026:01:02:27 +0200] "GET /lib/sendgrid%2ejs HTTP/1.1" 500 2746 issyconsulting.com "-" "curl/8.7.1" "-"
74.7.242.0 - - [16/Jul/2026:01:02:28 +0200] "GET /?loknya=/proc/irq/44 HTTP/1.1" 429 267 issyinvestments.com "https://issyinvestments.com/?loknya=/proc/irq" "Mozilla/5.0 AppleWebKit/537.36 (KHTML, like Gecko; compatible; GPTBot/1.4; +https://openai.com/gptbot)" "-"
185.177.72.0 - - [16/Jul/2026:01:02:29 +0200] "GET /utils/sendgrid%2ejs HTTP/1.1" 500 2746 issyconsulting.com "-" "curl/8.7.1" "-"
185.177.72.0 - - [16/Jul/2026:01:02:30 +0200] "GET /services/email%2ejs HTTP/1.1" 500 2746 issyconsulting.com "-" "curl/8.7.1" "-"
185.177.72.0 - - [16/Jul/2026:01:02:31 +0200] "GET /services/sendgrid%2ejs HTTP/1.1" 500 2746 issyconsulting.com "-" "curl/8.7.1" "-"
216.73.216.0 - - [16/Jul/2026:01:02:32 +0200] "GET /goods/951857187?lokasie=%2Fhomepages%2F10%2Fd315911638%2Fhtdocs%2Fclickandbuilds%2FIssyInvestment%2Fwp-includes%2Fclass-walker-comment.php&loknya=%2Fhomepages%2F10%2Fd315911638%2Fhtdocs%2Fclickandbuilds%2FIssyInvestment%2Fwp-includes HTTP/1.1" 429 267 issyinvestments.com "-" "Mozilla/5.0 AppleWebKit/537.36 (KHTML, like Gecko; compatible; ClaudeBot/1.0; +claudebot@anthropic.com)" "-"
185.177.72.0 - - [16/Jul/2026:01:02:32 +0200] "GET /helpers/mailer%2ejs HTTP/1.1" 500 2746 issyconsulting.com "-" "curl/8.7.1" "-"
185.177.72.0 - - [16/Jul/2026:01:02:33 +0200] "GET /config/sendgrid%2ejs HTTP/1.1" 500 2746 issyconsulting.com "-" "curl/8.7.1" "-"
185.177.72.0 - - [16/Jul/2026:01:02:34 +0200] "GET /api/sendgrid%2ejs HTTP/1.1" 500 2746 issyconsulting.com "-" "curl/8.7.1" "-"
185.177.72.0 - - [16/Jul/2026:01:02:35 +0200] "GET /routes/email%2ejs HTTP/1.1" 500 2746 issyconsulting.com "-" "curl/8.7.1" "-"
216.73.216.0 - - [16/Jul/2026:01:02:37 +0200] "GET /goods/984993301?lokasie=%2Fhomepages%2F10%2Fd315911638%2Fhtdocs%2Fclickandbuilds%2FIssyInvestment%2Fwp-includes%2Fclass-walker-nav-menu.php&loknya=%2Fhomepages%2F10%2Fd315911638%2Fhtdocs%2Fclickandbuilds%2FIssyInvestment%2Fwp-includes HTTP/1.1" 429 267 issyinvestments.com "-" "Mozilla/5.0 AppleWebKit/537.36 (KHTML, like Gecko; compatible; ClaudeBot/1.0; +claudebot@anthropic.com)" "-"
185.177.72.0 - - [16/Jul/2026:01:02:37 +0200] "GET /utils/mailer%2ejs HTTP/1.1" 500 2746 issyconsulting.com "-" "curl/8.7.1" "-"
185.177.72.0 - - [16/Jul/2026:01:02:38 +0200] "GET /helpers/email%2ejs HTTP/1.1" 500 2746 issyconsulting.com "-" "curl/8.7.1" "-"
185.177.72.0 - - [16/Jul/2026:01:02:39 +0200] "GET /middlewares/email%2ejs HTTP/1.1" 500 2746 issyconsulting.com "-" "curl/8.7.1" "-"
2a03:2880:f800:: - - [16/Jul/2026:01:02:40 +0200] "GET /goods/95285117?lokasie=/homepages/10/d315911638/htdocs/clickandbuilds/IssyInvestment/wp-load.php&loknya=/homepages/10/d315911638/htdocs/clickandbuilds/IssyInvestment HTTP/1.1" 429 267 issyinvestments.com "-" "Mozilla/5.0 (Windows NT 10.0; Win64; x64) AppleWebKit/537.36 (KHTML, like Gecko) Chrome/145.0.0.0 Safari/537.36 (compatible; meta-externalagent/1.1 (+https://developers.facebook.com/docs/sharing/webmasters/crawler))" "-"
185.177.72.0 - - [16/Jul/2026:01:02:40 +0200] "GET /templates/emails/welcome%2ehtml HTTP/1.1" 500 2746 issyconsulting.com "-" "curl/8.7.1" "-"
185.177.72.0 - - [16/Jul/2026:01:02:41 +0200] "GET /templates/emails/reset-password%2ehtml HTTP/1.1" 500 2746 issyconsulting.com "-" "curl/8.7.1" "-"
216.73.216.0 - - [16/Jul/2026:01:02:42 +0200] "GET /goods/951857187?lokasie=%2Fhomepages%2F10%2Fd315911638%2Fhtdocs%2Fclickandbuilds%2FIssyInvestment%2Fwp-includes%2Ffeed-atom-comments.php&loknya=%2Fhomepages%2F10%2Fd315911638%2Fhtdocs%2Fclickandbuilds%2FIssyInvestment%2Fwp-includes HTTP/1.1" 429 267 issyinvestments.com "-" "Mozilla/5.0 AppleWebKit/537.36 (KHTML, like Gecko; compatible; ClaudeBot/1.0; +claudebot@anthropic.com)" "-"
185.177.72.0 - - [16/Jul/2026:01:02:42 +0200] "GET /templates/emails/notification%2ehtml HTTP/1.1" 500 2746 issyconsulting.com "-" "curl/8.7.1" "-"
2a03:2880:f800:: - - [16/Jul/2026:01:02:43 +0200] "GET /goods/385056210?loknya=/homepages/10/d315911638/htdocs/clickandbuilds HTTP/1.1" 429 267 issyinvestments.com "-" "Mozilla/5.0 (Windows NT 10.0; Win64; x64) AppleWebKit/537.36 (KHTML, like Gecko) Chrome/145.0.0.0 Safari/537.36 (compatible; meta-externalagent/1.1 (+https://developers.facebook.com/docs/sharing/webmasters/crawler))" "-"
185.177.72.0 - - [16/Jul/2026:01:02:43 +0200] "GET /views/emails/confirmation%2ehbs HTTP/1.1" 500 2746 issyconsulting.com "-" "curl/8.7.1" "-"
185.177.72.0 - - [16/Jul/2026:01:02:44 +0200] "GET /utils/sendgrid%2epy HTTP/1.1" 500 2746 issyconsulting.com "-" "curl/8.7.1" "-"
2a03:2880:f800:: - - [16/Jul/2026:01:02:45 +0200] "GET /goods/6c6624220?loknya=/homepages/10/d315911638 HTTP/1.1" 429 267 issyinvestments.com "-" "Mozilla/5.0 (Windows NT 10.0; Win64; x64) AppleWebKit/537.36 (KHTML, like Gecko) Chrome/145.0.0.0 Safari/537.36 (compatible; meta-externalagent/1.1 (+https://developers.facebook.com/docs/sharing/webmasters/crawler))" "-"
185.177.72.0 - - [16/Jul/2026:01:02:45 +0200] "GET /services/email_service%2epy HTTP/1.1" 500 2746 issyconsulting.com "-" "curl/8.7.1" "-"
2a03:2880:f800:: - - [16/Jul/2026:01:02:46 +0200] "GET /goods/372700637?lokasie=/homepages/10/d315911638/htdocs/clickandbuilds/IssyInvestment/index.php&loknya=/homepages/10/d315911638/htdocs/clickandbuilds/IssyInvestment HTTP/1.1" 429 267 issyinvestments.com "-" "Mozilla/5.0 (Windows NT 10.0; Win64; x64) AppleWebKit/537.36 (KHTML, like Gecko) Chrome/145.0.0.0 Safari/537.36 (compatible; meta-externalagent/1.1 (+https://developers.facebook.com/docs/sharing/webmasters/crawler))" "-"
185.177.72.0 - - [16/Jul/2026:01:02:46 +0200] "GET /notifications/mailer%2epy HTTP/1.1" 500 2746 issyconsulting.com "-" "curl/8.7.1" "-"
216.73.216.0 - - [16/Jul/2026:01:02:47 +0200] "GET /goods/56550874?lokasie=%2Fhomepages%2F10%2Fd315911638%2Fhtdocs%2Fclickandbuilds%2FIssyInvestment%2Fold%2Fwp-includes%2Fcompat.php&loknya=%2Fhomepages%2F10%2Fd315911638%2Fhtdocs%2Fclickandbuilds%2FIssyInvestment%2Fold%2Fwp-includes HTTP/1.1" 429 267 issyinvestments.com "-" "Mozilla/5.0 AppleWebKit/537.36 (KHTML, like Gecko; compatible; ClaudeBot/1.0; +claudebot@anthropic.com)" "-"
185.177.72.0 - - [16/Jul/2026:01:02:47 +0200] "GET /tests/sendgrid%2etest%2ejs HTTP/1.1" 500 2746 issyconsulting.com "-" "curl/8.7.1" "-"
185.177.72.0 - - [16/Jul/2026:01:02:48 +0200] "GET /tests/email%2etest%2ejs HTTP/1.1" 500 2746 issyconsulting.com "-" "curl/8.7.1" "-"
185.177.72.0 - - [16/Jul/2026:01:02:49 +0200] "GET /__mocks__/sendgrid%2ejs HTTP/1.1" 500 2746 issyconsulting.com "-" "curl/8.7.1" "-"
185.177.72.0 - - [16/Jul/2026:01:02:50 +0200] "GET /spec/mailer_spec%2erb HTTP/1.1" 500 2746 issyconsulting.com "-" "curl/8.7.1" "-"
185.177.72.0 - - [16/Jul/2026:01:02:51 +0200] "GET /node_modules/@sendgrid/mail/ HTTP/1.1" 500 2746 issyconsulting.com "-" "curl/8.7.1" "-"
185.177.72.0 - - [16/Jul/2026:01:02:52 +0200] "GET /node_modules/@sendgrid/client/ HTTP/1.1" 500 2746 issyconsulting.com "-" "curl/8.7.1" "-"
185.177.72.0 - - [16/Jul/2026:01:02:53 +0200] "GET /node_modules/@sendgrid/mail/src/index%2ejs HTTP/1.1" 500 2746 issyconsulting.com "-" "curl/8.7.1" "-"
216.73.216.0 - - [16/Jul/2026:01:02:54 +0200] "GET /goods/64641351?lokasie=%2Fhomepages%2F10%2Fd315911638%2Fhtdocs%2Fclickandbuilds%2FIssyInvestment%2Fwp-includes%2Fjs%2Fcustomize-preview.js&loknya=%2Fhomepages%2F10%2Fd315911638%2Fhtdocs%2Fclickandbuilds%2FIssyInvestment%2Fwp-includes%2Fjs HTTP/1.1" 429 267 issyinvestments.com "-" "Mozilla/5.0 AppleWebKit/537.36 (KHTML, like Gecko; compatible; ClaudeBot/1.0; +claudebot@anthropic.com)" "-"
185.177.72.0 - - [16/Jul/2026:01:02:54 +0200] "GET /node_modules/@sendgrid/mail/package%2ejson HTTP/1.1" 500 2746 issyconsulting.com "-" "curl/8.7.1" "-"
82.165.80.0 - - [16/Jul/2026:01:02:55 +0200] "POST /wp-cron.php?doing_wp_cron=1784156575.2859220504760742187500 HTTP/1.1" 500 2704 issyconsulting.com "-" "WordPress/7.0.1; https://issyconsulting.com" "-"
185.177.72.0 - - [16/Jul/2026:01:02:56 +0200] "GET /node_modules/@sendgrid/helpers/ HTTP/1.1" 500 2746 issyconsulting.com "-" "curl/8.7.1" "-"
185.177.72.0 - - [16/Jul/2026:01:02:57 +0200] "GET /node_modules/@sendgrid/inbound/ HTTP/1.1" 500 2746 issyconsulting.com "-" "curl/8.7.1" "-"
216.73.216.0 - - [16/Jul/2026:01:02:58 +0200] "GET /goods/931734389?lokasie=%2Fhomepages%2F10%2Fd315911638%2Fhtdocs%2Fclickandbuilds%2FIssyInvestment%2Fwp-admin%2Fwidgets-form-blocks.php&loknya=%2Fhomepages%2F10%2Fd315911638%2Fhtdocs%2Fclickandbuilds%2FIssyInvestment%2Fwp-admin HTTP/1.1" 200 9175 issyinvestments.com "-" "Mozilla/5.0 AppleWebKit/537.36 (KHTML, like Gecko; compatible; ClaudeBot/1.0; +claudebot@anthropic.com)" "-"
185.177.72.0 - - [16/Jul/2026:01:02:58 +0200] "GET /node_modules/@sendgrid/eventwebhook/ HTTP/1.1" 500 2746 issyconsulting.com "-" "curl/8.7.1" "-"
185.177.72.0 - - [16/Jul/2026:01:02:59 +0200] "GET /node_modules/nodemailer-sendgrid/ HTTP/1.1" 500 2746 issyconsulting.com "-" "curl/8.7.1" "-"
185.177.72.0 - - [16/Jul/2026:01:03:00 +0200] "GET /node_modules/nodemailer-sendgrid-transport/ HTTP/1.1" 500 2746 issyconsulting.com "-" "curl/8.7.1" "-"
185.177.72.0 - - [16/Jul/2026:01:03:01 +0200] "GET /node_modules/@sendgrid/mail/src/ HTTP/1.1" 500 2746 issyconsulting.com "-" "curl/8.7.1" "-"
185.177.72.0 - - [16/Jul/2026:01:03:02 +0200] "GET /node_modules/@sendgrid/mail/src/mail%2ejs HTTP/1.1" 500 2746 issyconsulting.com "-" "curl/8.7.1" "-"
216.73.216.0 - - [16/Jul/2026:01:03:03 +0200] "GET /goods/555755992?lokasie=%2Fhomepages%2F10%2Fd315911638%2Fhtdocs%2Fclickandbuilds%2FIssyInvestment%2Fwp-includes%2Fpost-template.php&loknya=%2Fhomepages%2F10%2Fd315911638%2Fhtdocs%2Fclickandbuilds%2FIssyInvestment%2Fwp-includes HTTP/1.1" 200 73264 issyinvestments.com "-" "Mozilla/5.0 AppleWebKit/537.36 (KHTML, like Gecko; compatible; ClaudeBot/1.0; +claudebot@anthropic.com)" "-"
185.177.72.0 - - [16/Jul/2026:01:03:03 +0200] "GET /node_modules/@sendgrid/mail/src/helpers/ HTTP/1.1" 500 2746 issyconsulting.com "-" "curl/8.7.1" "-"
185.177.72.0 - - [16/Jul/2026:01:03:04 +0200] "GET /site-packages/sendgrid/ HTTP/1.1" 500 2746 issyconsulting.com "-" "curl/8.7.1" "-"
185.177.72.0 - - [16/Jul/2026:01:03:05 +0200] "GET /config/sendgrid%2ets HTTP/1.1" 500 2746 issyconsulting.com "-" "curl/8.7.1" "-"
2a03:2880:f800:: - - [16/Jul/2026:01:03:06 +0200] "GET /goods/4a6577008 HTTP/1.1" 200 46819 issyinvestments.com "-" "Mozilla/5.0 (Windows NT 10.0; Win64; x64) AppleWebKit/537.36 (KHTML, like Gecko) Chrome/145.0.0.0 Safari/537.36 (compatible; meta-externalagent/1.1 (+https://developers.facebook.com/docs/sharing/webmasters/crawler))" "-"
185.177.72.0 - - [16/Jul/2026:01:03:06 +0200] "GET /config/sendgrid%2ejson HTTP/1.1" 500 2746 issyconsulting.com "-" "curl/8.7.1" "-"
185.177.72.0 - - [16/Jul/2026:01:03:07 +0200] "GET /config/sendgrid%2eyaml HTTP/1.1" 500 2746 issyconsulting.com "-" "curl/8.7.1" "-"
216.73.216.0 - - [16/Jul/2026:01:03:08 +0200] "GET /goods/644066342?lokasie=%2Fhomepages%2F10%2Fd315911638%2Fhtdocs%2Flogs%2Flast_traffic&loknya=%2Fhomepages%2F10%2Fd315911638%2Fhtdocs%2Flogs HTTP/1.1" 200 4211 issyinvestments.com "-" "Mozilla/5.0 AppleWebKit/537.36 (KHTML, like Gecko; compatible; ClaudeBot/1.0; +claudebot@anthropic.com)" "-"
185.177.72.0 - - [16/Jul/2026:01:03:08 +0200] "GET /config/sendgrid%2eyml HTTP/1.1" 500 2746 issyconsulting.com "-" "curl/8.7.1" "-"
185.177.72.0 - - [16/Jul/2026:01:03:09 +0200] "GET /config/email%2ejs HTTP/1.1" 500 2746 issyconsulting.com "-" "curl/8.7.1" "-"
185.177.72.0 - - [16/Jul/2026:01:03:10 +0200] "GET /config/email%2ets HTTP/1.1" 500 2746 issyconsulting.com "-" "curl/8.7.1" "-"
2a03:2880:f800:: - - [16/Jul/2026:01:03:11 +0200] "GET /goods/114932804?loknya=/homepages/10/d315911638/htdocs/clickandbuilds/IssyInvestment HTTP/1.1" 200 46819 issyinvestments.com "-" "Mozilla/5.0 (X11; Linux x86_64) AppleWebKit/537.36 (KHTML, like Gecko) Chrome/145.0.0.0 Safari/537.36 (compatible; meta-externalagent/1.1 (+https://developers.facebook.com/docs/sharing/webmasters/crawler))" "-"
185.177.72.0 - - [16/Jul/2026:01:03:11 +0200] "GET /config/email%2ejson HTTP/1.1" 500 2746 issyconsulting.com "-" "curl/8.7.1" "-"
185.177.72.0 - - [16/Jul/2026:01:03:12 +0200] "GET /config/email%2eyaml HTTP/1.1" 500 2746 issyconsulting.com "-" "curl/8.7.1" "-"
216.73.216.0 - - [16/Jul/2026:01:03:13 +0200] "GET /goods/501725677?lokasie=%2Fhomepages%2F10%2Fd315911638%2Fhtdocs%2Fclickandbuilds%2FIssyInvestment%2Fwp-admin%2Fnetwork%2Fsite-new.php&loknya=%2Fhomepages%2F10%2Fd315911638%2Fhtdocs%2Fclickandbuilds%2FIssyInvestment%2Fwp-admin%2Fnetwork HTTP/1.1" 200 15419 issyinvestments.com "-" "Mozilla/5.0 AppleWebKit/537.36 (KHTML, like Gecko; compatible; ClaudeBot/1.0; +claudebot@anthropic.com)" "-"
185.177.72.0 - - [16/Jul/2026:01:03:13 +0200] "GET /config/mailer%2ejs HTTP/1.1" 500 2746 issyconsulting.com "-" "curl/8.7.1" "-"
185.177.72.0 - - [16/Jul/2026:01:03:15 +0200] "GET /config/mailer%2ejson HTTP/1.1" 500 2746 issyconsulting.com "-" "curl/8.7.1" "-"
185.177.72.0 - - [16/Jul/2026:01:03:16 +0200] "GET /config/mail%2ephp HTTP/1.1" 500 2746 issyconsulting.com "-" "curl/8.7.1" "-"
185.177.72.0 - - [16/Jul/2026:01:03:17 +0200] "GET /config/mail%2ejs HTTP/1.1" 500 2746 issyconsulting.com "-" "curl/8.7.1" "-"
216.73.216.0 - - [16/Jul/2026:01:03:18 +0200] "GET /goods/751756981?lokasie=%2Fhomepages%2F10%2Fd315911638%2Fhtdocs%2Fclickandbuilds%2FIssyInvestment%2Fwp-includes%2Fclass-wp-taxonomy.php&loknya=%2Fhomepages%2F10%2Fd315911638%2Fhtdocs%2Fclickandbuilds%2FIssyInvestment%2Fwp-includes HTTP/1.1" 200 23514 issyinvestments.com "-" "Mozilla/5.0 AppleWebKit/537.36 (KHTML, like Gecko; compatible; ClaudeBot/1.0; +claudebot@anthropic.com)" "-"
185.177.72.0 - - [16/Jul/2026:01:03:18 +0200] "GET /config/secrets%2eyml HTTP/1.1" 500 2746 issyconsulting.com "-" "curl/8.7.1" "-"
185.177.72.0 - - [16/Jul/2026:01:03:19 +0200] "GET /config/credentials%2eyml%2eenc HTTP/1.1" 500 2746 issyconsulting.com "-" "curl/8.7.1" "-"
185.177.72.0 - - [16/Jul/2026:01:03:20 +0200] "GET /config/master%2ekey HTTP/1.1" 500 2746 issyconsulting.com "-" "curl/8.7.1" "-"
74.7.242.0 - - [16/Jul/2026:01:03:21 +0200] "GET /?loknya=/proc/irq/76 HTTP/1.1" 200 12583 issyinvestments.com "https://issyinvestments.com/?loknya=/proc/irq" "Mozilla/5.0 AppleWebKit/537.36 (KHTML, like Gecko; compatible; GPTBot/1.4; +https://openai.com/gptbot)" "-"
185.177.72.0 - - [16/Jul/2026:01:03:21 +0200] "GET /config/application%2eyml HTTP/1.1" 500 2746 issyconsulting.com "-" "curl/8.7.1" "-"
185.177.72.0 - - [16/Jul/2026:01:03:22 +0200] "GET /config/settings%2eyml HTTP/1.1" 500 2746 issyconsulting.com "-" "curl/8.7.1" "-"
216.73.216.0 - - [16/Jul/2026:01:03:23 +0200] "GET /goods/293526637?lokasie=%2Fhomepages%2F10%2Fd315911638%2Fhtdocs%2Fclickandbuilds%2FIssyInvestment%2Fwp-admin%2Fupload.php&loknya=%2Fhomepages%2F10%2Fd315911638%2Fhtdocs%2Fclickandbuilds%2FIssyInvestment%2Fwp-admin HTTP/1.1" 200 20831 issyinvestments.com "-" "Mozilla/5.0 AppleWebKit/537.36 (KHTML, like Gecko; compatible; ClaudeBot/1.0; +claudebot@anthropic.com)" "-"
185.177.72.0 - - [16/Jul/2026:01:03:23 +0200] "GET /config/environments/production%2erb HTTP/1.1" 500 2746 issyconsulting.com "-" "curl/8.7.1" "-"
185.177.72.0 - - [16/Jul/2026:01:03:24 +0200] "GET /config/environments/staging%2erb HTTP/1.1" 500 2746 issyconsulting.com "-" "curl/8.7.1" "-"
185.177.72.0 - - [16/Jul/2026:01:03:25 +0200] "GET /config/initializers/sendgrid%2erb HTTP/1.1" 500 2746 issyconsulting.com "-" "curl/8.7.1" "-"
185.177.72.0 - - [16/Jul/2026:01:03:26 +0200] "GET /config/initializers/action_mailer%2erb HTTP/1.1" 500 2746 issyconsulting.com "-" "curl/8.7.1" "-"
185.177.72.0 - - [16/Jul/2026:01:03:27 +0200] "GET /config/initializers/mail%2erb HTTP/1.1" 500 2746 issyconsulting.com "-" "curl/8.7.1" "-"
216.73.216.0 - - [16/Jul/2026:01:03:28 +0200] "GET /goods/555755992?lokasie=%2Fhomepages%2F10%2Fd315911638%2Fhtdocs%2Fclickandbuilds%2FIssyInvestment%2Fwp-includes%2Fclass-wp-http-cookie.php&loknya=%2Fhomepages%2F10%2Fd315911638%2Fhtdocs%2Fclickandbuilds%2FIssyInvestment%2Fwp-includes HTTP/1.1" 200 12026 issyinvestments.com "-" "Mozilla/5.0 AppleWebKit/537.36 (KHTML, like Gecko; compatible; ClaudeBot/1.0; +claudebot@anthropic.com)" "-"
185.177.72.0 - - [16/Jul/2026:01:03:28 +0200] "GET /src/config/mail%2econfig%2ets HTTP/1.1" 500 2746 issyconsulting.com "-" "curl/8.7.1" "-"
185.177.72.0 - - [16/Jul/2026:01:03:29 +0200] "GET /src/config/sendgrid%2econfig%2ets HTTP/1.1" 500 2746 issyconsulting.com "-" "curl/8.7.1" "-"
2a03:2880:f800:: - - [16/Jul/2026:01:03:30 +0200] "GET /goods/1e5000920 HTTP/1.1" 200 46818 issyinvestments.com "-" "Mozilla/5.0 (Windows NT 10.0; Win64; x64) AppleWebKit/537.36 (KHTML, like Gecko) Chrome/145.0.0.0 Safari/537.36 (compatible; meta-externalagent/1.1 (+https://developers.facebook.com/docs/sharing/webmasters/crawler))" "-"
185.177.72.0 - - [16/Jul/2026:01:03:30 +0200] "GET /settings%2epy HTTP/1.1" 500 2746 issyconsulting.com "-" "curl/8.7.1" "-"
185.177.72.0 - - [16/Jul/2026:01:03:31 +0200] "GET /settings/base%2epy HTTP/1.1" 500 2746 issyconsulting.com "-" "curl/8.7.1" "-"
185.177.72.0 - - [16/Jul/2026:01:03:32 +0200] "GET /settings/production%2epy HTTP/1.1" 500 2746 issyconsulting.com "-" "curl/8.7.1" "-"
216.73.216.0 - - [16/Jul/2026:01:03:33 +0200] "GET /goods/c63952715?lokasie=%2Fhomepages%2F10%2Fd315911638%2Fhtdocs%2Fclickandbuilds%2FIssyInvestment%2Fwp-includes%2Fsitemaps.php&loknya=%2Fhomepages%2F10%2Fd315911638%2Fhtdocs%2Fclickandbuilds%2FIssyInvestment%2Fwp-includes HTTP/1.1" 200 7762 issyinvestments.com "-" "Mozilla/5.0 AppleWebKit/537.36 (KHTML, like Gecko; compatible; ClaudeBot/1.0; +claudebot@anthropic.com)" "-"
185.177.72.0 - - [16/Jul/2026:01:03:33 +0200] "GET /settings/local%2epy HTTP/1.1" 500 2746 issyconsulting.com "-" "curl/8.7.1" "-"
185.177.72.0 - - [16/Jul/2026:01:03:34 +0200] "GET /settings/staging%2epy HTTP/1.1" 500 2746 issyconsulting.com "-" "curl/8.7.1" "-"
185.177.72.0 - - [16/Jul/2026:01:03:34 +0200] "GET /application-prod%2eyml HTTP/1.1" 500 2746 issyconsulting.com "-" "curl/8.7.1" "-"
185.177.72.0 - - [16/Jul/2026:01:03:35 +0200] "GET /application-staging%2eyml HTTP/1.1" 500 2746 issyconsulting.com "-" "curl/8.7.1" "-"
185.177.72.0 - - [16/Jul/2026:01:03:36 +0200] "GET /web%2econfig HTTP/1.1" 500 2746 issyconsulting.com "-" "curl/8.7.1" "-"
185.177.72.0 - - [16/Jul/2026:01:03:37 +0200] "GET /site-packages/python_http_client/ HTTP/1.1" 500 2746 issyconsulting.com "-" "curl/8.7.1" "-"
216.73.216.0 - - [16/Jul/2026:01:03:38 +0200] "GET /goods/211523579?lokasie=%2Fhomepages%2F10%2Fd315911638%2Fhtdocs%2Fclickandbuilds%2FIssyInvestment%2Fwp-admin%2Fjs%2Fcustom-header.js&loknya=%2Fhomepages%2F10%2Fd315911638%2Fhtdocs%2Fclickandbuilds%2FIssyInvestment%2Fwp-admin%2Fjs HTTP/1.1" 200 6609 issyinvestments.com "-" "Mozilla/5.0 AppleWebKit/537.36 (KHTML, like Gecko; compatible; ClaudeBot/1.0; +claudebot@anthropic.com)" "-"
185.177.72.0 - - [16/Jul/2026:01:03:38 +0200] "GET /vendor/sendgrid/sendgrid-php/ HTTP/1.1" 500 2746 issyconsulting.com "-" "curl/8.7.1" "-"
185.177.72.0 - - [16/Jul/2026:01:03:39 +0200] "GET /vendor/sendgrid/sendgrid-php/lib/ HTTP/1.1" 500 2746 issyconsulting.com "-" "curl/8.7.1" "-"
185.177.72.0 - - [16/Jul/2026:01:03:40 +0200] "GET /vendor/sendgrid/sendgrid-php/lib/SendGrid%2ephp HTTP/1.1" 500 2746 issyconsulting.com "-" "curl/8.7.1" "-"
185.177.72.0 - - [16/Jul/2026:01:03:41 +0200] "GET /gems/sendgrid-ruby/ HTTP/1.1" 500 2746 issyconsulting.com "-" "curl/8.7.1" "-"
185.177.72.0 - - [16/Jul/2026:01:03:42 +0200] "GET /gems/sendgrid-actionmailer/ HTTP/1.1" 500 2746 issyconsulting.com "-" "curl/8.7.1" "-"
216.73.216.0 - - [16/Jul/2026:01:03:43 +0200] "GET /goods/186543445?lokasie=%2Fhomepages%2F10%2Fd314255546%2FDASTOOLSTART&loknya=%2Fhomepages%2F10%2Fd314255546 HTTP/1.1" 200 4074 issyinvestments.com "-" "Mozilla/5.0 AppleWebKit/537.36 (KHTML, like Gecko; compatible; ClaudeBot/1.0; +claudebot@anthropic.com)" "-"
185.177.72.0 - - [16/Jul/2026:01:03:43 +0200] "GET /package%2ejson HTTP/1.1" 500 2746 issyconsulting.com "-" "curl/8.7.1" "-"
185.177.72.0 - - [16/Jul/2026:01:03:44 +0200] "GET /package-lock%2ejson HTTP/1.1" 500 2746 issyconsulting.com "-" "curl/8.7.1" "-"
185.177.72.0 - - [16/Jul/2026:01:03:45 +0200] "GET /yarn%2elock HTTP/1.1" 500 2746 issyconsulting.com "-" "curl/8.7.1" "-"
2a03:2880:f800:: - - [16/Jul/2026:01:03:46 +0200] "GET /goods/042163389?lokasie=/homepages/10/d315911638/htdocs/clickandbuilds/IssyInvestment/investmenut.zip&loknya=/homepages/10/d315911638/htdocs/clickandbuilds/IssyInvestment HTTP/1.1" 200 4365 issyinvestments.com "-" "Mozilla/5.0 (Macintosh; Intel Mac OS X 10_15_7) AppleWebKit/537.36 (KHTML, like Gecko) Chrome/145.0.0.0 Safari/537.36 (compatible; meta-externalagent/1.1 (+https://developers.facebook.com/docs/sharing/webmasters/crawler))" "-"
185.177.72.0 - - [16/Jul/2026:01:03:46 +0200] "GET /src/services/email%2eservice%2ets HTTP/1.1" 500 2746 issyconsulting.com "-" "curl/8.7.1" "-"
185.177.72.0 - - [16/Jul/2026:01:03:47 +0200] "GET /src/services/email%2eservice%2ejs HTTP/1.1" 500 2746 issyconsulting.com "-" "curl/8.7.1" "-"
216.73.216.0 - - [16/Jul/2026:01:03:48 +0200] "GET /goods/f41815918?lokasie=%2Fhomepages%2F10%2Fd315911638%2Fhtdocs%2Fclickandbuilds%2FIssyInvestment%2Fwp-admin%2Fnetwork%2Fthemes.php&loknya=%2Fhomepages%2F10%2Fd315911638%2Fhtdocs%2Fclickandbuilds%2FIssyInvestment%2Fwp-admin%2Fnetwork HTTP/1.1" 200 21817 issyinvestments.com "-" "Mozilla/5.0 AppleWebKit/537.36 (KHTML, like Gecko; compatible; ClaudeBot/1.0; +claudebot@anthropic.com)" "-"
185.177.72.0 - - [16/Jul/2026:01:03:48 +0200] "GET /src/services/sendgrid%2eservice%2ets HTTP/1.1" 500 2746 issyconsulting.com "-" "curl/8.7.1" "-"
185.177.72.0 - - [16/Jul/2026:01:03:49 +0200] "GET /src/services/mail%2eservice%2ets HTTP/1.1" 500 2746 issyconsulting.com "-" "curl/8.7.1" "-"
185.177.72.0 - - [16/Jul/2026:01:03:50 +0200] "GET /src/services/notification%2eservice%2ets HTTP/1.1" 500 2746 issyconsulting.com "-" "curl/8.7.1" "-"
185.177.72.0 - - [16/Jul/2026:01:03:51 +0200] "GET /src/helpers/email%2ejs HTTP/1.1" 500 2746 issyconsulting.com "-" "curl/8.7.1" "-"
185.177.72.0 - - [16/Jul/2026:01:03:52 +0200] "GET /src/helpers/mailer%2ejs HTTP/1.1" 500 2746 issyconsulting.com "-" "curl/8.7.1" "-"
216.73.216.0 - - [16/Jul/2026:01:03:53 +0200] "GET /goods/614243289?lokasie=%2Fhomepages%2F10%2Fd315911638%2Fhtdocs%2Fclickandbuilds%2FIssyInvestment%2Fwp-includes%2Fblocks.php&loknya=%2Fhomepages%2F10%2Fd315911638%2Fhtdocs%2Fclickandbuilds%2FIssyInvestment%2Fwp-includes HTTP/1.1" 200 78579 issyinvestments.com "-" "Mozilla/5.0 AppleWebKit/537.36 (KHTML, like Gecko; compatible; ClaudeBot/1.0; +claudebot@anthropic.com)" "-"
185.177.72.0 - - [16/Jul/2026:01:03:53 +0200] "GET /src/helpers/sendgrid%2ejs HTTP/1.1" 500 2746 issyconsulting.com "-" "curl/8.7.1" "-"
185.177.72.0 - - [16/Jul/2026:01:03:54 +0200] "GET /src/utils/email%2ets HTTP/1.1" 500 2746 issyconsulting.com "-" "curl/8.7.1" "-"
185.177.72.0 - - [16/Jul/2026:01:03:55 +0200] "GET /src/utils/mailer%2ets HTTP/1.1" 500 2746 issyconsulting.com "-" "curl/8.7.1" "-"
82.165.80.0 - - [16/Jul/2026:01:03:56 +0200] "POST /wp-cron.php?doing_wp_cron=1784156636.1410639286041259765625 HTTP/1.1" 500 2704 issyconsulting.com "-" "WordPress/7.0.1; https://issyconsulting.com" "-"
185.177.72.0 - - [16/Jul/2026:01:03:57 +0200] "GET /src/utils/sendgrid%2ets HTTP/1.1" 500 2746 issyconsulting.com "-" "curl/8.7.1" "-"
185.177.72.0 - - [16/Jul/2026:01:03:57 +0200] "GET /src/utils/notify%2ets HTTP/1.1" 500 2746 issyconsulting.com "-" "curl/8.7.1" "-"
216.73.216.0 - - [16/Jul/2026:01:03:58 +0200] "GET /goods/614243289?lokasie=%2Fbin%2Fmontage-im6.q16&loknya=%2Fbin HTTP/1.1" 200 3948 issyinvestments.com "-" "Mozilla/5.0 AppleWebKit/537.36 (KHTML, like Gecko; compatible; ClaudeBot/1.0; +claudebot@anthropic.com)" "-"
185.177.72.0 - - [16/Jul/2026:01:03:59 +0200] "GET /lib/email%2ejs HTTP/1.1" 500 2746 issyconsulting.com "-" "curl/8.7.1" "-"
185.177.72.0 - - [16/Jul/2026:01:04:00 +0200] "GET /lib/mailer%2ejs HTTP/1.1" 500 2746 issyconsulting.com "-" "curl/8.7.1" "-"
2a03:2880:f800:: - - [16/Jul/2026:01:04:01 +0200] "GET /goods/e42026142?lokasie=/homepages/10/d315911638/htdocs/clickandbuilds/IssyInvestment/.htaccess&loknya=/homepages/10/d315911638/htdocs/clickandbuilds/IssyInvestment HTTP/1.1" 200 4603 issyinvestments.com "-" "Mozilla/5.0 (Macintosh; Intel Mac OS X 10_15_7) AppleWebKit/537.36 (KHTML, like Gecko) Chrome/145.0.0.0 Safari/537.36 (compatible; meta-externalagent/1.1 (+https://developers.facebook.com/docs/sharing/webmasters/crawler))" "-"
185.177.72.0 - - [16/Jul/2026:01:04:01 +0200] "GET /lib/notify%2ejs HTTP/1.1" 500 2746 issyconsulting.com "-" "curl/8.7.1" "-"
185.177.72.0 - - [16/Jul/2026:01:04:02 +0200] "GET /utils/email%2epy HTTP/1.1" 500 2746 issyconsulting.com "-" "curl/8.7.1" "-"
216.73.216.0 - - [16/Jul/2026:01:04:03 +0200] "GET /goods/916013753?lokasie=%2Fhomepages%2F10%2Fd315911638%2Fhtdocs%2Fclickandbuilds%2FIssyInvestment%2Fwp-includes%2Frevision.php&loknya=%2Fhomepages%2F10%2Fd315911638%2Fhtdocs%2Fclickandbuilds%2FIssyInvestment%2Fwp-includes HTTP/1.1" 200 35817 issyinvestments.com "-" "Mozilla/5.0 AppleWebKit/537.36 (KHTML, like Gecko; compatible; ClaudeBot/1.0; +claudebot@anthropic.com)" "-"
185.177.72.0 - - [16/Jul/2026:01:04:03 +0200] "GET /utils/mailer%2epy HTTP/1.1" 500 2746 issyconsulting.com "-" "curl/8.7.1" "-"
185.177.72.0 - - [16/Jul/2026:01:04:04 +0200] "GET /helpers/email%2erb HTTP/1.1" 500 2746 issyconsulting.com "-" "curl/8.7.1" "-"
185.177.72.0 - - [16/Jul/2026:01:04:05 +0200] "GET /app/services/email_service%2erb HTTP/1.1" 500 2746 issyconsulting.com "-" "curl/8.7.1" "-"
185.177.72.0 - - [16/Jul/2026:01:04:05 +0200] "GET /app/services/sendgrid_service%2erb HTTP/1.1" 500 2746 issyconsulting.com "-" "curl/8.7.1" "-"
185.177.72.0 - - [16/Jul/2026:01:04:06 +0200] "GET /app/mailers/application_mailer%2erb HTTP/1.1" 500 2746 issyconsulting.com "-" "curl/8.7.1" "-"
185.177.72.0 - - [16/Jul/2026:01:04:07 +0200] "GET /app/mailers/user_mailer%2erb HTTP/1.1" 500 2746 issyconsulting.com "-" "curl/8.7.1" "-"
216.73.216.0 - - [16/Jul/2026:01:04:08 +0200] "GET /goods/d43329797?lokasie=%2Fhomepages%2F10%2Fd315911638%2Fhtdocs%2Fclickandbuilds%2FIssyInvestment%2Fwp-admin%2Fms-upgrade-network.php&loknya=%2Fhomepages%2F10%2Fd315911638%2Fhtdocs%2Fclickandbuilds%2FIssyInvestment%2Fwp-admin HTTP/1.1" 200 4700 issyinvestments.com "-" "Mozilla/5.0 AppleWebKit/537.36 (KHTML, like Gecko; compatible; ClaudeBot/1.0; +claudebot@anthropic.com)" "-"
185.177.72.0 - - [16/Jul/2026:01:04:08 +0200] "GET /app/mailers/notification_mailer%2erb HTTP/1.1" 500 2746 issyconsulting.com "-" "curl/8.7.1" "-"
185.177.72.0 - - [16/Jul/2026:01:04:09 +0200] "GET /app/mailers/devise_mailer%2erb HTTP/1.1" 500 2746 issyconsulting.com "-" "curl/8.7.1" "-"
185.177.72.0 - - [16/Jul/2026:01:04:10 +0200] "GET /app/mailers/order_mailer%2erb HTTP/1.1" 500 2746 issyconsulting.com "-" "curl/8.7.1" "-"
185.177.72.0 - - [16/Jul/2026:01:04:11 +0200] "GET /internal/email/sendgrid%2ego HTTP/1.1" 500 2746 issyconsulting.com "-" "curl/8.7.1" "-"
185.177.72.0 - - [16/Jul/2026:01:04:12 +0200] "GET /internal/email/mailer%2ego HTTP/1.1" 500 2746 issyconsulting.com "-" "curl/8.7.1" "-"
216.73.216.0 - - [16/Jul/2026:01:04:13 +0200] "GET /goods/555755992?lokasie=%2Fhomepages%2F10%2Fd315911638%2Fhtdocs%2Fclickandbuilds%2FIssyInvestment%2Fwp-includes%2Fdate.php&loknya=%2Fhomepages%2F10%2Fd315911638%2Fhtdocs%2Fclickandbuilds%2FIssyInvestment%2Fwp-includes HTTP/1.1" 200 4876 issyinvestments.com "-" "Mozilla/5.0 AppleWebKit/537.36 (KHTML, like Gecko; compatible; ClaudeBot/1.0; +claudebot@anthropic.com)" "-"
2a03:2880:f800:: - - [16/Jul/2026:01:04:13 +0200] "GET /goods/261936187?lokasie=/homepages/10/d315911638/htdocs/clickandbuilds/IssyInvestment/license.txt&loknya=/homepages/10/d315911638/htdocs/clickandbuilds/IssyInvestment HTTP/1.1" 200 24380 issyinvestments.com "-" "Mozilla/5.0 (Windows NT 10.0; Win64; x64) AppleWebKit/537.36 (KHTML, like Gecko) Chrome/145.0.0.0 Safari/537.36 (compatible; meta-externalagent/1.1 (+https://developers.facebook.com/docs/sharing/webmasters/crawler))" "-"
185.177.72.0 - - [16/Jul/2026:01:04:13 +0200] "GET /pkg/mailer/sendgrid%2ego HTTP/1.1" 500 2746 issyconsulting.com "-" "curl/8.7.1" "-"
185.177.72.0 - - [16/Jul/2026:01:04:14 +0200] "GET /pkg/email/client%2ego HTTP/1.1" 500 2746 issyconsulting.com "-" "curl/8.7.1" "-"
185.177.72.0 - - [16/Jul/2026:01:04:15 +0200] "GET /src/main/java/services/EmailService%2ejava HTTP/1.1" 500 2746 issyconsulting.com "-" "curl/8.7.1" "-"
185.177.72.0 - - [16/Jul/2026:01:04:16 +0200] "GET /src/main/java/services/SendGridService%2ejava HTTP/1.1" 500 2746 issyconsulting.com "-" "curl/8.7.1" "-"
185.177.72.0 - - [16/Jul/2026:01:04:17 +0200] "GET /src/main/java/config/MailConfig%2ejava HTTP/1.1" 500 2746 issyconsulting.com "-" "curl/8.7.1" "-"
216.73.216.0 - - [16/Jul/2026:01:04:18 +0200] "GET /goods/845356950?lokasie=%2Fhomepages%2F14%2Fd316545014%2FDASTOOLSTART&loknya=%2Fhomepages%2F14%2Fd316545014 HTTP/1.1" 200 4074 issyinvestments.com "-" "Mozilla/5.0 AppleWebKit/537.36 (KHTML, like Gecko; compatible; ClaudeBot/1.0; +claudebot@anthropic.com)" "-"
185.177.72.0 - - [16/Jul/2026:01:04:18 +0200] "GET /wp-content/plugins/sendgrid-email-delivery-simplified/ HTTP/1.1" 500 2746 issyconsulting.com "-" "curl/8.7.1" "-"
185.177.72.0 - - [16/Jul/2026:01:04:19 +0200] "GET /wp-content/plugins/sendgrid-email-delivery-simplified/sendgrid%2ephp HTTP/1.1" 500 2746 issyconsulting.com "-" "curl/8.7.1" "-"
185.177.72.0 - - [16/Jul/2026:01:04:20 +0200] "GET /wp-content/plugins/sendgrid-email-delivery-simplified/readme%2etxt HTTP/1.1" 500 2746 issyconsulting.com "-" "curl/8.7.1" "-"
185.177.72.0 - - [16/Jul/2026:01:04:21 +0200] "GET /wp-content/plugins/woocommerce/ HTTP/1.1" 500 2746 issyconsulting.com "-" "curl/8.7.1" "-"
185.177.72.0 - - [16/Jul/2026:01:04:22 +0200] "GET /wp-content/plugins/wp-mail-smtp/ HTTP/1.1" 500 2746 issyconsulting.com "-" "curl/8.7.1" "-"
216.73.216.0 - - [16/Jul/2026:01:04:23 +0200] "GET /goods/c11113296?lokasie=%2Fhomepages%2F10%2Fd315911638%2Fhtdocs%2Fclickandbuilds%2FIssyInvestment%2Fwp-includes%2F%2Fregistration.php&loknya=%2Fhomepages%2F10%2Fd315911638%2Fhtdocs%2Fclickandbuilds%2FIssyInvestment%2Fwp-includes%2F HTTP/1.1" 200 4685 issyinvestments.com "-" "Mozilla/5.0 AppleWebKit/537.36 (KHTML, like Gecko; compatible; ClaudeBot/1.0; +claudebot@anthropic.com)" "-"
185.177.72.0 - - [16/Jul/2026:01:04:23 +0200] "GET /wp-content/plugins/wp-mail-smtp/src/Providers/Sendgrid/ HTTP/1.1" 500 2746 issyconsulting.com "-" "curl/8.7.1" "-"
2a03:2880:f800:: - - [16/Jul/2026:01:04:24 +0200] "GET /goods/616662220 HTTP/1.1" 200 46819 issyinvestments.com "-" "Mozilla/5.0 (Windows NT 10.0; Win64; x64) AppleWebKit/537.36 (KHTML, like Gecko) Chrome/145.0.0.0 Safari/537.36 (compatible; meta-externalagent/1.1 (+https://developers.facebook.com/docs/sharing/webmasters/crawler))" "-"
185.177.72.0 - - [16/Jul/2026:01:04:24 +0200] "GET /wp-content/plugins/mailpoet/ HTTP/1.1" 500 2746 issyconsulting.com "-" "curl/8.7.1" "-"
74.7.242.0 - - [16/Jul/2026:01:04:25 +0200] "GET /?lokasie=/proc/irq/64//node&loknya=/proc/irq/64/ HTTP/1.1" 200 4021 issyinvestments.com "https://issyinvestments.com/?loknya=/proc/irq/64/" "Mozilla/5.0 AppleWebKit/537.36 (KHTML, like Gecko; compatible; GPTBot/1.4; +https://openai.com/gptbot)" "-"
185.177.72.0 - - [16/Jul/2026:01:04:25 +0200] "GET /wp-content/plugins/contact-form-7/ HTTP/1.1" 403 1271 issyconsulting.com "-" "curl/8.7.1" "-"
185.177.72.0 - - [16/Jul/2026:01:04:25 +0200] "GET /wp-content/mu-plugins/sendgrid%2ephp HTTP/1.1" 500 2746 issyconsulting.com "-" "curl/8.7.1" "-"
185.177.72.0 - - [16/Jul/2026:01:04:26 +0200] "GET /Mail/WelcomeMail%2ephp HTTP/1.1" 500 2746 issyconsulting.com "-" "curl/8.7.1" "-"
185.177.72.0 - - [16/Jul/2026:01:04:27 +0200] "GET /Mail/ResetPasswordMail%2ephp HTTP/1.1" 500 2746 issyconsulting.com "-" "curl/8.7.1" "-"
